(26642,'Ticket',480,'',0,'Matheus Mancio (6)','2023-03-24 12:49:45',21,'&lt;div dir=\"ltr\"&gt;Prezados, boa noite.&lt;div&gt;&lt;br /&gt;&lt;/div&gt;&lt;div&gt;Por favor, preciso de manutenção na minha impressora, conforme tratado com o Mateus.&lt;/div&','&lt;div dir=\"ltr\"&gt;Prezados, boa noite.&lt;div&gt; &lt;/div&gt;&lt;div&gt;Por favor, preciso de manutenção na minha impressora, conforme tratado com o Mateus.&lt;/div&gt;&lt;div&'),(26643,'Ticket',480,'',0,'Matheus Mancio (6)','2023-03-24 12:49:45',64,'&nbsp; (0)','matheus.mancio (6)'),(26644,'Ticket',480,'',0,'Matheus Mancio (6)','2023-03-24 12:50:00',150,'0','49020'),(26645,'Ticket',480,'User',15,'Matheus Mancio (6)','2023-03-24 12:50:00',5,'','Matheus Mancio (6)'),(26646,'Ticket',480,'',0,'Matheus Mancio (6)','2023-03-24 12:50:00',12,'1','2'),(26647,'Ticket',476,'',0,'cron_closeticket','2023-03-24 17:16:01',12,'5','6'),(26648,'Ticket',476,'',0,'cron_closeticket','2023-03-24 17:16:01',16,'','2023-03-24 14:16:01'),(26649,'Ticket',481,'',0,'Gabriel Santos Silva (89)','2023-03-24 19:18:24',12,'2','5'),(26650,'Ticket',481,'',0,'Gabriel Santos Silva (89)','2023-03-24 19:18:24',64,'matheus.mancio (6)','gabriel.silva (89)'),(26651,'Ticket',481,'',0,'Gabriel Santos Silva (89)','2023-03-24 19:18:24',17,'','2023-03-24 16:18:24'),(26652,'Ticket',481,'ITILSolution',17,'Gabriel Santos Silva (89)','2023-03-24 19:18:24',0,'','446 (446)'),(26653,'ITILSolution',446,'0',20,'Gabriel Santos Silva (89)','2023-03-24 19:18:24',0,'',''),(26654,'Ticket',479,'',0,'cron_closeticket','2023-03-25 17:16:01',12,'5','6'),(26655,'Ticket',479,'',0,'cron_closeticket','2023-03-25 17:16:01',16,'','2023-03-25 14:16:01'),(26656,'MailCollector',3,'',0,'cron_mailgate','2023-03-25 19:13:02',22,'0','1'),(26657,'MailCollector',3,'',0,'cron_mailgate','2023-03-25 19:14:02',22,'1','0'),(26658,'MailCollector',3,'',0,'cron_mailgate','2023-03-26 00:22:02',22,'0','1'),(26659,'MailCollector',3,'',0,'cron_mailgate','2023-03-26 00:23:02',22,'1','0'),(26660,'MailCollector',3,'',0,'cron_mailgate','2023-03-26 04:32:01',22,'0','1'),(26661,'MailCollector',3,'',0,'cron_mailgate','2023-03-26 04:33:01',22,'1','0'),(26662,'Ticket',481,'',0,'cron_closeticket','2023-03-27 05:16:01',12,'5','6'),(26663,'Ticket',481,'',0,'cron_closeticket','2023-03-27 05:16:01',16,'','2023-03-27 02:16:01'),(26664,'Ticket',480,'ITILFollowup',17,'Matheus Mancio (6)','2023-03-27 13:50:22',0,'','252'),(26665,'Ticket',482,'User',15,'cron_mailgate','2023-03-27 16:46:01',4,'','Patricia Aparecida D. da Silva Ribeiro (32)'),(26666,'Ticket',482,'0',20,'cron_mailgate','2023-03-27 16:46:01',0,'',''),(26667,'Ticket',482,'',0,'Matheus Mancio (6)','2023-03-27 18:42:04',150,'0','6963'),(26668,'Ticket',482,'',0,'Matheus Mancio (6)','2023-03-27 18:42:04',64,'&nbsp; (0)','matheus.mancio (6)'),(26669,'Ticket',482,'User',15,'Matheus Mancio (6)','2023-03-27 18:42:04',5,'','Matheus Mancio (6)'),(26670,'Ticket',482,'',0,'Matheus Mancio (6)','2023-03-27 18:42:04',7,'&nbsp; (0)','INFORMÁTICA &gt; INFRAESTRUTURA &gt; REDE &gt; INTERNET &gt; WIFI (116)'),(26671,'Ticket',482,'',0,'Matheus Mancio (6)','2023-03-27 18:42:04',12,'1','2'),(26672,'Ticket',482,'',0,'Matheus Mancio (6)','2023-03-27 18:42:04',9,'WhatsApp (6)','Via Sistema (1)'),(26673,'Ticket',482,'',0,'Matheus Mancio (6)','2023-03-27 18:42:04',52,'1','3'),(26674,'Ticket',482,'',0,'Matheus Mancio (6)','2023-03-27 18:42:04',83,'&nbsp; (0)','Diretoria &gt; Secretaria &gt; Atend. ao Aluno (7)'),(26675,'Ticket',482,'',0,'Matheus Mancio (6)','2023-03-27 18:42:04',21,'&lt;div dir=\"ltr\"&gt;Prezados, boa tarde!&lt;div&gt;&lt;br /&gt;&lt;/div&gt;&lt;div&gt;&lt;br /&gt;&lt;/div&gt;&lt;div&gt;Segue matrícula do aluno para verificação:&lt;/div&gt;&lt;','&lt;div dir=\"ltr\"&gt;Prezados, boa tarde!&lt;div&gt; &lt;/div&gt;&lt;div&gt; &lt;/div&gt;&lt;div&gt;Segue matrícula do aluno para verificação:&lt;/div&gt;&lt;div&gt; &lt;/div&gt;&l'),(26676,'MailCollector',3,'',0,'cron_mailgate','2023-03-27 18:46:01',22,'0','1'),(26677,'Config',1,'',0,'Matheus Mancio (6)','2023-03-27 18:46:46',1,'from_email ','suporte@direitofranca.br'),(26678,'Config',1,'',0,'Matheus Mancio (6)','2023-03-27 18:46:46',1,'from_email_name ','Suporte TI'),(26679,'Config',1,'',0,'Matheus Mancio (6)','2023-03-27 18:46:46',1,'smtp_passwd ********','********'),(26680,'MailCollector',3,'',0,'cron_mailgate','2023-03-27 18:47:01',22,'1','2'),(26681,'MailCollector',3,'',0,'cron_mailgate','2023-03-27 18:48:01',22,'2','3'),(26682,'MailCollector',3,'',0,'cron_mailgate','2023-03-27 18:49:01',22,'3','4'),(26683,'MailCollector',3,'',0,'cron_mailgate','2023-03-27 18:50:01',22,'4','5'),(26684,'Config',1,'',0,'Matheus Mancio (6)','2023-03-27 18:50:14',1,'smtp_mode 3','2'),(26685,'Config',1,'',0,'Matheus Mancio (6)','2023-03-27 18:50:14',1,'smtp_host smtp.gmail.com','pop.gmail.com'),(26686,'Config',1,'',0,'Matheus Mancio (6)','2023-03-27 18:50:14',1,'smtp_port 587','995'),(26687,'Config',1,'',0,'Matheus Mancio (6)','2023-03-27 18:50:14',1,'smtp_passwd ********','********'),(26688,'MailCollector',3,'',0,'cron_mailgate','2023-03-27 18:51:01',22,'5','6'),(26689,'Config',1,'',0,'Matheus Mancio (6)','2023-03-27 18:51:45',1,'smtp_host pop.gmail.com','smtp.gmail.com'),(26690,'Config',1,'',0,'Matheus Mancio (6)','2023-03-27 18:51:45',1,'smtp_port 995','465'),(26691,'MailCollector',3,'',0,'cron_mailgate','2023-03-27 18:52:01',22,'6','7'),(26692,'MailCollector',3,'',0,'Matheus Mancio (6)','2023-03-27 18:52:52',3,'{imap.gmail.com:993/imap/ssl/novalidate-cert/notls/debug}','{pop.gmail.com:995/pop/ssl}'),(26693,'MailCollector',3,'',0,'Matheus Mancio (6)','2023-03-27 18:53:00',22,'7','8'),(26694,'MailCollector',3,'',0,'cron_mailgate','2023-03-27 18:53:01',22,'8','9'),(26695,'MailCollector',3,'',0,'cron_mailgate','2023-03-27 18:54:01',22,'9','10'),(26696,'MailCollector',3,'',0,'cron_mailgate','2023-03-27 18:55:01',22,'10','11'),(26697,'MailCollector',3,'',0,'cron_mailgate','2023-03-27 18:56:01',22,'11','12'),(26698,'MailCollector',3,'',0,'Matheus Mancio (6)','2023-03-27 18:56:11',3,'{pop.gmail.com:995/pop/ssl}','{imap.gmail.com:993/imap/ssl/novalidate-cert/notls/debug}'),(26699,'MailCollector',3,'',0,'cron_mailgate','2023-03-27 18:57:01',22,'12','13'),(26700,'Config',1,'',0,'Matheus Mancio (6)','2023-03-27 18:57:07',1,'smtp_mode 2','3'),(26701,'Config',1,'',0,'Matheus Mancio (6)','2023-03-27 18:57:21',1,'admin_reply ','suporte@direitofranca.br'),(26702,'Config',1,'',0,'Matheus Mancio (6)','2023-03-27 18:57:21',1,'admin_reply_name ','Suporte TI'),(26703,'Config',1,'',0,'Matheus Mancio (6)','2023-03-27 18:57:21',1,'admin_email_noreply ','suporte@direitofranca.br'),(26704,'Config',1,'',0,'Matheus Mancio (6)','2023-03-27 18:57:21',1,'admin_email_noreply_name ','Suporte TI'),(26705,'MailCollector',3,'',0,'cron_mailgate','2023-03-27 18:58:01',22,'13','14'),(26706,'MailCollector',3,'',0,'cron_mailgate','2023-03-27 18:59:01',22,'14','15'),(26707,'MailCollector',3,'',0,'cron_mailgate','2023-03-27 19:00:01',22,'15','16'),(26708,'MailCollector',3,'',0,'cron_mailgate','2023-03-27 19:01:01',22,'16','17'),(26709,'MailCollector',3,'',0,'cron_mailgate','2023-03-27 19:02:01',22,'17','18'),(26710,'MailCollector',3,'',0,'cron_mailgate','2023-03-27 19:03:01',22,'18','19'),(26711,'MailCollector',3,'',0,'cron_mailgate','2023-03-27 19:04:01',22,'19','20'),(26712,'Config',1,'',0,'Matheus Mancio (6)','2023-03-27 19:04:25',1,'smtp_port 465','587'),(26713,'Config',1,'',0,'Matheus Mancio (6)','2023-03-27 19:04:25',1,'smtp_passwd ********','********'),(26714,'MailCollector',3,'',0,'cron_mailgate','2023-03-27 19:05:01',22,'20','21'),(26715,'MailCollector',3,'',0,'cron_mailgate','2023-03-27 19:06:01',22,'21','22'),(26716,'MailCollector',3,'',0,'cron_mailgate','2023-03-27 19:07:01',22,'22','23'),(26717,'Config',1,'',0,'Matheus Mancio (6)','2023-03-27 19:08:00',1,'smtp_passwd ********','********'),(26718,'MailCollector',3,'',0,'cron_mailgate','2023-03-27 19:08:01',22,'23','0'),(26719,'Ticket',482,'',0,'Matheus Mancio (6)','2023-03-27 19:09:19',12,'2','5'),(26720,'Ticket',482,'',0,'Matheus Mancio (6)','2023-03-27 19:09:19',17,'','2023-03-27 16:09:19'),(26721,'Ticket',482,'ITILSolution',17,'Matheus Mancio (6)','2023-03-27 19:09:19',0,'','447 (447)'),(26722,'ITILSolution',447,'0',20,'Matheus Mancio (6)','2023-03-27 19:09:19',0,'',''),(26723,'MailCollector',3,'',0,'Matheus Mancio (6)','2023-03-27 19:10:09',5,'2097152','4194304'),(26724,'Notification',3,'',0,'Matheus Mancio (6)','2023-03-27 19:21:01',6,'0','1'),(26725,'MailCollector',3,'',0,'cron_mailgate','2023-03-28 09:07:02',22,'0','1'),(26726,'MailCollector',3,'',0,'cron_mailgate','2023-03-28 09:08:02',22,'1','0'),(26727,'MailCollector',3,'',0,'cron_mailgate','2023-03-28 09:49:02',22,'0','1'),(26728,'MailCollector',3,'',0,'cron_mailgate','2023-03-28 09:50:02',22,'1','0'),(26729,'PurgeLogs',0,'',12,'cron_PurgeLogs','2023-03-28 18:31:01',0,'22604','22604'),(26730,'MailCollector',3,'',0,'cron_mailgate','2023-03-28 23:43:01',22,'0','1'),(26731,'MailCollector',3,'',0,'cron_mailgate','2023-03-28 23:44:01',22,'1','0'),(26732,'MailCollector',3,'',0,'cron_mailgate','2023-03-29 02:04:02',22,'0','1'),(26733,'MailCollector',3,'',0,'cron_mailgate','2023-03-29 02:05:02',22,'1','0'),(26734,'Document',40,'Ticket',15,'cron_mailgate','2023-03-29 16:21:01',0,'','Fwd: Acesso Wifi (483)'),(26735,'Ticket',483,'Document',15,'cron_mailgate','2023-03-29 16:21:01',0,'','Documento do Chamado 238 (40)'),(26736,'Document',90,'0',20,'cron_mailgate','2023-03-29 16:21:01',0,'',''),(26737,'Document',90,'Ticket',15,'cron_mailgate','2023-03-29 16:21:01',0,'','Fwd: Acesso Wifi (483)'),(26738,'Ticket',483,'Document',15,'cron_mailgate','2023-03-29 16:21:01',0,'','Documento do Chamado 483 (90)'),(26739,'Ticket',483,'User',15,'cron_mailgate','2023-03-29 16:21:05',4,'','gustavo giovanella (7)'),(26740,'Ticket',483,'0',20,'cron_mailgate','2023-03-29 16:21:05',0,'',''),(26741,'Ticket',483,'Ticket_User#use_notification',21,'Matheus Mancio (6)','2023-03-29 16:21:53',0,'1','0'),(26742,'Ticket',483,'',0,'Matheus Mancio (6)','2023-03-29 16:22:13',7,'&nbsp; (0)','INFORMÁTICA &gt; INFRAESTRUTURA &gt; REDE &gt; INTERNET &gt; WIFI (116)'),(26743,'Ticket',483,'',0,'Matheus Mancio (6)','2023-03-29 16:22:13',9,'WhatsApp (6)','E-Mail (2)'),(26744,'Ticket',483,'',0,'Matheus Mancio (6)','2023-03-29 16:22:13',52,'1','3'),(26745,'Ticket',483,'',0,'Matheus Mancio (6)','2023-03-29 16:22:13',83,'&nbsp; (0)','Diretoria &gt; Coordenação Pedagógica &gt; Pós Graduação (59)'),(26746,'Ticket',483,'',0,'Matheus Mancio (6)','2023-03-29 16:22:13',21,'&lt;div dir=&quot;ltr&quot;&gt;&lt;br /&gt;&lt;br /&gt;&lt;div class=&quot;gmail_quote&quot;&gt;&lt;div dir=&quot;ltr&quot; class=&quot;gmail_attr&quot;&gt;---------- Forwarded mes','&lt;div dir=\"ltr\"&gt;&lt;br /&gt;&lt;br /&gt;&lt;div class=\"gmail_quote\"&gt;&lt;div class=\"gmail_attr\" dir=\"ltr\"&gt;---------- Forwarded message ---------&lt;br /&gt;De: &lt;strong'),(26747,'Ticket',483,'',0,'Matheus Mancio (6)','2023-03-29 16:22:13',64,'&nbsp; (0)','matheus.mancio (6)'),(26748,'Ticket',483,'User',15,'Matheus Mancio (6)','2023-03-29 16:22:59',4,'','Karen Cristina Souza Rezende David (21)'),(26749,'Ticket',483,'',0,'Matheus Mancio (6)','2023-03-29 16:23:10',150,'0','129'),(26750,'Ticket',483,'User',15,'Matheus Mancio (6)','2023-03-29 16:23:10',5,'','Matheus Mancio (6)'),(26751,'Ticket',483,'',0,'Matheus Mancio (6)','2023-03-29 16:23:10',12,'1','2'),(26752,'Ticket',483,'',0,'Matheus Mancio (6)','2023-03-29 18:00:16',12,'2','5'),(26753,'Ticket',483,'',0,'Matheus Mancio (6)','2023-03-29 18:00:16',17,'','2023-03-29 15:00:16'),(26754,'Ticket',483,'ITILSolution',17,'Matheus Mancio (6)','2023-03-29 18:00:16',0,'','448 (448)'),(26755,'ITILSolution',448,'0',20,'Matheus Mancio (6)','2023-03-29 18:00:16',0,'',''),(26756,'MailCollector',3,'',0,'cron_mailgate','2023-03-29 23:31:02',22,'0','1'),(26757,'MailCollector',3,'',0,'cron_mailgate','2023-03-29 23:32:02',22,'1','0'),(26758,'MailCollector',3,'',0,'cron_mailgate','2023-03-30 01:38:01',22,'0','1'),(26759,'MailCollector',3,'',0,'cron_mailgate','2023-03-30 01:39:01',22,'1','0'),(26760,'Ticket',482,'',0,'cron_closeticket','2023-03-30 05:16:02',12,'5','6'),(26761,'Ticket',482,'',0,'cron_closeticket','2023-03-30 05:16:02',16,'','2023-03-30 02:16:02'),(26762,'Ticket',462,'Ticket_User#use_notification',21,'Matheus Mancio (6)','2023-03-30 12:08:36',0,'1','0'),(26763,'Ticket',462,'Ticket_User#use_notification',21,'Matheus Mancio (6)','2023-03-30 12:08:46',0,'1','0'),(26764,'Ticket',462,'',0,'Matheus Mancio (6)','2023-03-30 12:09:30',12,'2','5'),(26765,'Ticket',462,'',0,'Matheus Mancio (6)','2023-03-30 12:09:30',17,'','2023-03-30 09:09:30'),(26766,'Ticket',462,'ITILSolution',17,'Matheus Mancio (6)','2023-03-30 12:09:30',0,'','449 (449)'),(26767,'ITILSolution',449,'0',20,'Matheus Mancio (6)','2023-03-30 12:09:30',0,'',''),(26768,'Ticket',480,'ITILFollowup',17,'Matheus Mancio (6)','2023-03-30 13:24:27',0,'','253'),(26769,'Ticket',480,'ITILFollowup',18,'Matheus Mancio (6)','2023-03-30 13:24:38',0,'','253'),(26770,'Ticket',484,'User',15,'cron_mailgate','2023-03-30 19:57:02',4,'','LAIS FALEIROS FURUYA (90)'),(26771,'Ticket',484,'0',20,'cron_mailgate','2023-03-30 19:57:02',0,'',''),(26772,'Ticket',484,'',0,'Gabriel Santos Silva (89)','2023-03-30 23:12:04',150,'0','11702'),(26773,'Ticket',484,'',0,'Gabriel Santos Silva (89)','2023-03-30 23:12:04',64,'&nbsp; (0)','gabriel.silva (89)'),(26774,'Ticket',484,'User',15,'Gabriel Santos Silva (89)','2023-03-30 23:12:04',5,'','Gabriel Santos Silva (89)'),(26775,'Ticket',484,'',0,'Gabriel Santos Silva (89)','2023-03-30 23:12:04',7,'&nbsp; (0)','INFORMÁTICA &gt; INFRAESTRUTURA &gt; HARDWARE (74)'),(26776,'Ticket',484,'',0,'Gabriel Santos Silva (89)','2023-03-30 23:12:04',12,'1','5'),(26777,'Ticket',484,'',0,'Gabriel Santos Silva (89)','2023-03-30 23:12:04',9,'WhatsApp (6)','Via Sistema (1)'),(26778,'Ticket',484,'',0,'Gabriel Santos Silva (89)','2023-03-30 23:12:04',83,'&nbsp; (0)','Diretoria &gt; Secretaria &gt; Atend. ao Aluno (7)'),(26779,'Ticket',484,'',0,'Gabriel Santos Silva (89)','2023-03-30 23:12:04',21,'&lt;div dir=\"ltr\"&gt;Prezado Matheus, tudo bem?&lt;div&gt;Espero que sim. &lt;/div&gt;&lt;div&gt;&lt;br /&gt;&lt;/div&gt;&lt;div&gt;Estou com problemas no meu teclado, e gostaria d','&lt;div dir=\"ltr\"&gt;Prezado Matheus, tudo bem?&lt;div&gt;Espero que sim. &lt;/div&gt;&lt;div&gt; &lt;/div&gt;&lt;div&gt;Estou com problemas no meu teclado, e gostaria de saber se '),(26780,'Ticket',484,'',0,'Gabriel Santos Silva (89)','2023-03-30 23:12:04',17,'','2023-03-30 20:12:04'),(26781,'Ticket',484,'',0,'Gabriel Santos Silva (89)','2023-03-30 23:12:13',17,'2023-03-30 20:12:04',NULL),(26782,'Ticket',484,'',0,'Gabriel Santos Silva (89)','2023-03-30 23:12:13',12,'5','2'),(26783,'Ticket',484,'',0,'Gabriel Santos Silva (89)','2023-03-30 23:14:32',12,'2','5'),(26784,'Ticket',484,'',0,'Gabriel Santos Silva (89)','2023-03-30 23:14:32',17,'','2023-03-30 20:14:32'),(26785,'Ticket',484,'ITILSolution',17,'Gabriel Santos Silva (89)','2023-03-30 23:14:32',0,'','450 (450)'),(26786,'ITILSolution',450,'0',20,'Gabriel Santos Silva (89)','2023-03-30 23:14:32',0,'',''),(26787,'MailCollector',3,'',0,'cron_mailgate','2023-03-31 03:51:01',22,'0','1'),(26788,'MailCollector',3,'',0,'cron_mailgate','2023-03-31 03:52:01',22,'1','0'),(26789,'Ticket',485,'User',15,'cron_mailgate','2023-03-31 13:44:01',4,'','Patricia Aparecida D. da Silva Ribeiro (32)'),(26790,'Ticket',485,'0',20,'cron_mailgate','2023-03-31 13:44:01',0,'',''),(26791,'Ticket',485,'',0,'Matheus Mancio (6)','2023-03-31 13:59:27',150,'0','926'),(26792,'Ticket',485,'',0,'Matheus Mancio (6)','2023-03-31 13:59:27',64,'&nbsp; (0)','matheus.mancio (6)'),(26793,'Ticket',485,'User',15,'Matheus Mancio (6)','2023-03-31 13:59:27',5,'','Matheus Mancio (6)'),(26794,'Ticket',485,'',0,'Matheus Mancio (6)','2023-03-31 13:59:27',7,'&nbsp; (0)','INFORMÁTICA &gt; INFRAESTRUTURA &gt; REDE &gt; INTERNET &gt; WIFI (116)'),(26795,'Ticket',485,'',0,'Matheus Mancio (6)','2023-03-31 13:59:27',12,'1','2'),(26796,'Ticket',485,'',0,'Matheus Mancio (6)','2023-03-31 13:59:27',9,'WhatsApp (6)','Via Sistema (1)'),(26797,'Ticket',485,'',0,'Matheus Mancio (6)','2023-03-31 13:59:27',52,'1','3'),(26798,'Ticket',485,'',0,'Matheus Mancio (6)','2023-03-31 13:59:27',83,'&nbsp; (0)','Diretoria &gt; Secretaria &gt; Atend. ao Aluno (7)'),(26799,'Ticket',485,'',0,'Matheus Mancio (6)','2023-03-31 13:59:27',21,'&lt;div dir=\"ltr\"&gt;Prezados, bom dia!&lt;div&gt;&lt;br /&gt;&lt;div&gt;&lt;br /&gt;&lt;/div&gt;&lt;div&gt;Segue matrícula do aluno (a)  para verificação:&lt;/div&gt;&lt;div&gt;&l','&lt;div dir=\"ltr\"&gt;Prezados, bom dia!&lt;div&gt;&lt;br /&gt;&lt;div&gt; &lt;/div&gt;&lt;div&gt;Segue matrícula do aluno (a)  para verificação:&lt;/div&gt;&lt;div&gt;&lt;strong&gt'),(26800,'Ticket',485,'',0,'Matheus Mancio (6)','2023-03-31 14:04:31',12,'2','5'),(26801,'Ticket',485,'',0,'Matheus Mancio (6)','2023-03-31 14:04:31',17,'','2023-03-31 11:04:31'),(26802,'Ticket',485,'ITILSolution',17,'Matheus Mancio (6)','2023-03-31 14:04:31',0,'','451 (451)'),(26803,'ITILSolution',451,'0',20,'Matheus Mancio (6)','2023-03-31 14:04:31',0,'',''),(26804,'Ticket',480,'ITILFollowup',17,'Matheus Mancio (6)','2023-03-31 14:05:39',0,'','254'),(26805,'Ticket',480,'ITILFollowup',17,'Matheus Mancio (6)','2023-03-31 17:05:33',0,'','255'),(26806,'Ticket',483,'',0,'cron_closeticket','2023-04-01 05:16:01',12,'5','6'),(26807,'Ticket',483,'',0,'cron_closeticket','2023-04-01 05:16:01',16,'','2023-04-01 02:16:01'),(26808,'MailCollector',3,'',0,'cron_mailgate','2023-04-01 14:40:02',22,'0','1'),(26809,'MailCollector',3,'',0,'cron_mailgate','2023-04-01 14:41:02',22,'1','0'),(26810,'Ticket',462,'',0,'cron_closeticket','2023-04-01 17:16:02',12,'5','6'),(26811,'Ticket',462,'',0,'cron_closeticket','2023-04-01 17:16:02',16,'','2023-04-01 14:16:02'),(26812,'MailCollector',3,'',0,'cron_mailgate','2023-04-01 19:25:01',22,'0','1'),(26813,'MailCollector',3,'',0,'cron_mailgate','2023-04-01 19:26:01',22,'1','0'),(26814,'MailCollector',3,'',0,'cron_mailgate','2023-04-02 04:32:01',22,'0','1'),(26815,'MailCollector',3,'',0,'cron_mailgate','2023-04-02 04:33:01',22,'1','0'),(26816,'MailCollector',3,'',0,'cron_mailgate','2023-04-02 04:38:01',22,'0','1'),(26817,'MailCollector',3,'',0,'cron_mailgate','2023-04-02 04:39:01',22,'1','0'),(26818,'Ticket',484,'',0,'cron_closeticket','2023-04-02 05:16:01',12,'5','6'),(26819,'Ticket',484,'',0,'cron_closeticket','2023-04-02 05:16:01',16,'','2023-04-02 02:16:01'),(26820,'MailCollector',3,'',0,'cron_mailgate','2023-04-02 10:51:01',22,'0','1'),(26821,'MailCollector',3,'',0,'cron_mailgate','2023-04-02 10:52:01',22,'1','0'),(26822,'MailCollector',3,'',0,'cron_mailgate','2023-04-02 14:10:01',22,'0','1'),(26823,'MailCollector',3,'',0,'cron_mailgate','2023-04-02 14:11:01',22,'1','0'),(26824,'MailCollector',3,'',0,'cron_mailgate','2023-04-02 16:07:02',22,'0','1'),(26825,'MailCollector',3,'',0,'cron_mailgate','2023-04-02 16:08:02',22,'1','0'),(26826,'Ticket',485,'',0,'cron_closeticket','2023-04-02 17:16:01',12,'5','6'),(26827,'Ticket',485,'',0,'cron_closeticket','2023-04-02 17:16:01',16,'','2023-04-02 14:16:01'),(26828,'Ticket',486,'User',15,'Matheus Mancio (6)','2023-04-04 14:13:07',4,'','LAURO MENDE DE MELLO (80)'),(26829,'Ticket',486,'',0,'Matheus Mancio (6)','2023-04-04 14:13:07',150,'0','127'),(26830,'Ticket',486,'User',15,'Matheus Mancio (6)','2023-04-04 14:13:07',5,'','Matheus Mancio (6)'),(26831,'Ticket',486,'0',20,'Matheus Mancio (6)','2023-04-04 14:13:07',0,'',''),(26832,'Ticket',486,'',0,'Matheus Mancio (6)','2023-04-04 14:13:26',52,'1','3'),(26833,'PurgeLogs',0,'',12,'cron_PurgeLogs','2023-04-04 18:31:01',0,'22708','22708'),(26834,'Ticket',486,'ITILFollowup',17,'Gabriel Santos Silva (89)','2023-04-05 00:40:18',0,'','256'),(26835,'Ticket',486,'ITILFollowup',18,'Gabriel Santos Silva (89)','2023-04-05 00:40:40',0,'','256'),(26836,'Ticket',486,'ITILFollowup',18,'Gabriel Santos Silva (89)','2023-04-05 00:41:09',0,'','256'),(26837,'MailCollector',3,'',0,'cron_mailgate','2023-04-05 02:12:01',22,'0','1'),(26838,'MailCollector',3,'',0,'cron_mailgate','2023-04-05 02:13:01',22,'1','0'),(26839,'MailCollector',3,'',0,'cron_mailgate','2023-04-05 04:17:01',22,'0','1'),(26840,'MailCollector',3,'',0,'cron_mailgate','2023-04-05 04:18:01',22,'1','0'),(26841,'Ticket',480,'',0,'gustavo giovanella (7)','2023-04-05 13:58:31',12,'2','5'),(26842,'Ticket',480,'',0,'gustavo giovanella (7)','2023-04-05 13:58:31',64,'matheus.mancio (6)','gustavogiovanella (7)'),(26843,'Ticket',480,'',0,'gustavo giovanella (7)','2023-04-05 13:58:31',17,'','2023-04-05 10:58:31'),(26844,'Ticket',480,'ITILSolution',17,'gustavo giovanella (7)','2023-04-05 13:58:31',0,'','452 (452)'),(26845,'ITILSolution',452,'0',20,'gustavo giovanella (7)','2023-04-05 13:58:31',0,'',''),(26846,'Ticket',486,'',0,'Matheus Mancio (6)','2023-04-05 16:05:40',12,'2','5'),(26847,'Ticket',486,'',0,'Matheus Mancio (6)','2023-04-05 16:05:40',64,'gabriel.silva (89)','matheus.mancio (6)'),(26848,'Ticket',486,'',0,'Matheus Mancio (6)','2023-04-05 16:05:40',17,'','2023-04-05 13:05:40'),(26849,'Ticket',486,'ITILSolution',17,'Matheus Mancio (6)','2023-04-05 16:05:40',0,'','453 (453)'),(26850,'ITILSolution',453,'0',20,'Matheus Mancio (6)','2023-04-05 16:05:40',0,'',''),(26851,'Ticket',487,'User',15,'Gabriel Santos Silva (89)','2023-04-05 19:25:12',4,'','Ana Amelia Rubio Cruz (83)'),(26852,'Ticket',487,'',0,'Gabriel Santos Silva (89)','2023-04-05 19:25:12',150,'0','312'),(26853,'Ticket',487,'User',15,'Gabriel Santos Silva (89)','2023-04-05 19:25:12',5,'','Gabriel Santos Silva (89)'),(26854,'Ticket',487,'0',20,'Gabriel Santos Silva (89)','2023-04-05 19:25:12',0,'',''),(26855,'Ticket',487,'User',15,'Gabriel Santos Silva (89)','2023-04-05 19:26:01',5,'','Matheus Mancio (6)'),(26856,'Ticket',487,'User',15,'Gabriel Santos Silva (89)','2023-04-05 19:26:09',5,'','Heitor Silva Saqueto (76)'),(26857,'Ticket',487,'ITILFollowup',17,'Gabriel Santos Silva (89)','2023-04-05 19:30:17',0,'','257'),(26858,'MailCollector',3,'',0,'cron_mailgate','2023-04-06 05:05:02',22,'0','1'),(26859,'MailCollector',3,'',0,'cron_mailgate','2023-04-06 05:06:02',22,'1','0'),(26860,'MailCollector',3,'',0,'cron_mailgate','2023-04-06 05:11:02',22,'0','1'),(26861,'MailCollector',3,'',0,'cron_mailgate','2023-04-06 05:12:02',22,'1','0'),(26862,'MailCollector',3,'',0,'cron_mailgate','2023-04-06 06:33:01',22,'0','1'),(26863,'MailCollector',3,'',0,'cron_mailgate','2023-04-06 06:34:01',22,'1','0'),(26864,'MailCollector',3,'',0,'cron_mailgate','2023-04-06 08:28:02',22,'0','1'),(26865,'MailCollector',3,'',0,'cron_mailgate','2023-04-06 08:29:02',22,'1','0'),(26866,'Ticket',487,'',0,'Matheus Mancio (6)','2023-04-06 12:35:03',52,'1','3'),(26867,'Ticket',487,'',0,'Matheus Mancio (6)','2023-04-06 12:35:03',64,'gabriel.silva (89)','matheus.mancio (6)'),(26868,'MailCollector',3,'',0,'cron_mailgate','2023-04-06 19:10:01',22,'0','1'),(26869,'MailCollector',3,'',0,'cron_mailgate','2023-04-06 19:11:01',22,'1','0'),(26870,'MailCollector',3,'',0,'cron_mailgate','2023-04-06 23:52:02',22,'0','1'),(26871,'MailCollector',3,'',0,'cron_mailgate','2023-04-06 23:53:02',22,'1','0'),(26872,'MailCollector',3,'',0,'cron_mailgate','2023-04-07 00:16:02',22,'0','1'),(26873,'MailCollector',3,'',0,'cron_mailgate','2023-04-07 00:17:02',22,'1','0'),(26874,'MailCollector',3,'',0,'cron_mailgate','2023-04-07 09:22:02',22,'0','1'),(26875,'MailCollector',3,'',0,'cron_mailgate','2023-04-07 09:23:02',22,'1','0'),(26876,'MailCollector',3,'',0,'cron_mailgate','2023-04-07 13:40:01',22,'0','1'),(26877,'MailCollector',3,'',0,'cron_mailgate','2023-04-07 13:41:01',22,'1','0'),(26878,'Ticket',480,'',0,'cron_closeticket','2023-04-07 17:16:01',12,'5','6'),(26879,'Ticket',480,'',0,'cron_closeticket','2023-04-07 17:16:01',16,'','2023-04-07 14:16:01'),(26880,'Ticket',486,'',0,'cron_closeticket','2023-04-07 17:16:01',12,'5','6'),(26881,'Ticket',486,'',0,'cron_closeticket','2023-04-07 17:16:01',16,'','2023-04-07 14:16:01'),(26882,'MailCollector',3,'',0,'cron_mailgate','2023-04-08 06:50:02',22,'0','1'),(26883,'MailCollector',3,'',0,'cron_mailgate','2023-04-08 06:51:02',22,'1','0'),(26884,'MailCollector',3,'',0,'cron_mailgate','2023-04-08 14:13:01',22,'0','1'),(26885,'MailCollector',3,'',0,'cron_mailgate','2023-04-08 14:14:01',22,'1','0'),(26886,'MailCollector',3,'',0,'cron_mailgate','2023-04-08 14:19:01',22,'0','1'),(26887,'MailCollector',3,'',0,'cron_mailgate','2023-04-08 14:20:01',22,'1','0'),(26888,'MailCollector',3,'',0,'cron_mailgate','2023-04-08 16:21:01',22,'0','1'),(26889,'MailCollector',3,'',0,'cron_mailgate','2023-04-08 16:22:01',22,'1','0'),(26890,'MailCollector',3,'',0,'cron_mailgate','2023-04-08 18:37:01',22,'0','1'),(26891,'MailCollector',3,'',0,'cron_mailgate','2023-04-08 18:38:01',22,'1','0'),(26892,'MailCollector',3,'',0,'cron_mailgate','2023-04-08 21:07:02',22,'0','1'),(26893,'MailCollector',3,'',0,'cron_mailgate','2023-04-08 21:08:02',22,'1','0'),(26894,'MailCollector',3,'',0,'cron_mailgate','2023-04-08 23:28:02',22,'0','1'),(26895,'MailCollector',3,'',0,'cron_mailgate','2023-04-08 23:29:02',22,'1','0'),(26896,'MailCollector',3,'',0,'cron_mailgate','2023-04-09 03:17:02',22,'0','1'),(26897,'MailCollector',3,'',0,'cron_mailgate','2023-04-09 03:18:02',22,'1','0'),(26898,'MailCollector',3,'',0,'cron_mailgate','2023-04-09 03:47:01',22,'0','1'),(26899,'MailCollector',3,'',0,'cron_mailgate','2023-04-09 03:48:02',22,'1','0'),(26900,'MailCollector',3,'',0,'cron_mailgate','2023-04-09 07:39:01',22,'0','1'),(26901,'MailCollector',3,'',0,'cron_mailgate','2023-04-09 07:40:01',22,'1','0'),(26902,'MailCollector',3,'',0,'cron_mailgate','2023-04-09 15:23:02',22,'0','1'),(26903,'MailCollector',3,'',0,'cron_mailgate','2023-04-09 15:24:02',22,'1','0'),(26904,'MailCollector',3,'',0,'cron_mailgate','2023-04-10 01:33:02',22,'0','1'),(26905,'MailCollector',3,'',0,'cron_mailgate','2023-04-10 01:34:02',22,'1','0'),(26906,'Config',1,'',0,'cron_checkupdate','2023-04-10 13:27:01',1,'founded_new_version 10.0.6','10.0.7'),(26907,'Ticket',488,'User',15,'Matheus Mancio (6)','2023-04-10 14:15:22',4,'','Jose Donizete Ferreira (11)'),(26908,'Ticket',488,'',0,'Matheus Mancio (6)','2023-04-10 14:15:22',150,'0','1942'),(26909,'Ticket',488,'User',15,'Matheus Mancio (6)','2023-04-10 14:15:22',5,'','Matheus Mancio (6)'),(26910,'Ticket',488,'0',20,'Matheus Mancio (6)','2023-04-10 14:15:23',0,'',''),(26911,'Ticket',488,'',0,'Matheus Mancio (6)','2023-04-10 14:15:53',7,'&nbsp; (0)','INFORMÁTICA &gt; INFRAESTRUTURA &gt; SOFTWARE &gt; TRANSMISSÃO (107)'),(26912,'Ticket',488,'',0,'Matheus Mancio (6)','2023-04-10 14:15:53',52,'1','3'),(26913,'Ticket',488,'ITILFollowup',17,'Matheus Mancio (6)','2023-04-10 16:30:28',0,'','258'),(26914,'MailCollector',3,'',0,'cron_mailgate','2023-04-11 06:29:01',22,'0','1'),(26915,'MailCollector',3,'',0,'cron_mailgate','2023-04-11 06:30:01',22,'1','0'),(26916,'Ticket',488,'ITILFollowup',17,'Matheus Mancio (6)','2023-04-11 12:11:45',0,'','259'),(26917,'Ticket',487,'',0,'Matheus Mancio (6)','2023-04-11 12:13:40',12,'2','5'),(26918,'Ticket',487,'',0,'Matheus Mancio (6)','2023-04-11 12:13:40',17,'','2023-04-11 09:13:40'),(26919,'Ticket',487,'ITILSolution',17,'Matheus Mancio (6)','2023-04-11 12:13:40',0,'','454 (454)'),(26920,'ITILSolution',454,'0',20,'Matheus Mancio (6)','2023-04-11 12:13:40',0,'',''),(26921,'Ticket',489,'User',15,'Matheus Mancio (6)','2023-04-11 13:26:19',4,'','Karen Cristina Souza Rezende David (21)'),(26922,'Ticket',489,'',0,'Matheus Mancio (6)','2023-04-11 13:26:19',150,'0','619'),(26923,'Ticket',489,'User',15,'Matheus Mancio (6)','2023-04-11 13:26:19',5,'','Matheus Mancio (6)'),(26924,'Ticket',489,'0',20,'Matheus Mancio (6)','2023-04-11 13:26:19',0,'',''),(26925,'Ticket',489,'',0,'Matheus Mancio (6)','2023-04-11 13:27:07',52,'1','3'),(26926,'Ticket',489,'',0,'Matheus Mancio (6)','2023-04-11 13:27:07',21,'&lt;div class=\"adn ads\" data-message-id=\"#msg-f:1762885875737750666\" data-legacy-message-id=\"1877075d22e6ec8a\"&gt;&lt;div class=\"gs\"&gt;&lt;div class=\"\"&gt;&lt;div id=\":1av\" class=','&lt;div class=\"adn ads\" data-message-id=\"#msg-f:1762885875737750666\" data-legacy-message-id=\"1877075d22e6ec8a\"&gt;&lt;div class=\"gs\"&gt;&lt;div class=\"\"&gt;&lt;div id=\":1av\" class='),(26927,'Ticket',489,'',0,'Matheus Mancio (6)','2023-04-11 13:28:47',12,'2','5'),(26928,'Ticket',489,'',0,'Matheus Mancio (6)','2023-04-11 13:28:47',17,'','2023-04-11 10:28:47'),(26929,'Ticket',489,'ITILSolution',17,'Matheus Mancio (6)','2023-04-11 13:28:47',0,'','455 (455)'),(26930,'ITILSolution',455,'0',20,'Matheus Mancio (6)','2023-04-11 13:28:47',0,'',''),(26931,'Ticket',490,'User',15,'cron_mailgate','2023-04-11 16:55:01',4,'','Cristiane Giovanella (70)'),(26932,'Ticket',490,'0',20,'cron_mailgate','2023-04-11 16:55:01',0,'',''),(26933,'Ticket',490,'',0,'Matheus Mancio (6)','2023-04-11 16:58:16',150,'0','195'),(26934,'Ticket',490,'',0,'Matheus Mancio (6)','2023-04-11 16:58:16',64,'&nbsp; (0)','matheus.mancio (6)'),(26935,'Ticket',490,'User',15,'Matheus Mancio (6)','2023-04-11 16:58:17',5,'','Matheus Mancio (6)'),(26936,'Ticket',490,'',0,'Matheus Mancio (6)','2023-04-11 16:58:17',7,'&nbsp; (0)','INFORMÁTICA &gt; INFRAESTRUTURA &gt; IMPRESSORA (75)'),(26937,'Ticket',490,'',0,'Matheus Mancio (6)','2023-04-11 16:58:17',12,'1','2'),(26938,'Ticket',490,'',0,'Matheus Mancio (6)','2023-04-11 16:58:17',9,'WhatsApp (6)','Via Sistema (1)'),(26939,'Ticket',490,'',0,'Matheus Mancio (6)','2023-04-11 16:58:17',52,'1','3'),(26940,'Ticket',490,'',0,'Matheus Mancio (6)','2023-04-11 16:58:17',83,'&nbsp; (0)','Diretoria &gt; NAJ - Núcleo de Atendimento Juridico (16)'),(26941,'Ticket',490,'',0,'Matheus Mancio (6)','2023-04-11 16:58:17',21,'&lt;div dir=\"ltr\"&gt;&lt;br /&gt;&lt;/div&gt;','&lt;div dir=\"ltr\"&gt; &lt;/div&gt;'),(26942,'PurgeLogs',0,'',12,'cron_PurgeLogs','2023-04-11 18:31:02',0,'22817','22817'),(26943,'Ticket',491,'User',15,'cron_mailgate','2023-04-12 10:42:02',4,'','Patricia Aparecida D. da Silva Ribeiro (32)'),(26944,'Ticket',491,'0',20,'cron_mailgate','2023-04-12 10:42:02',0,'',''),(26945,'Ticket',491,'',0,'Matheus Mancio (6)','2023-04-12 11:19:19',150,'0','2237'),(26946,'Ticket',491,'',0,'Matheus Mancio (6)','2023-04-12 11:19:19',64,'&nbsp; (0)','matheus.mancio (6)'),(26947,'Ticket',491,'User',15,'Matheus Mancio (6)','2023-04-12 11:19:19',5,'','Matheus Mancio (6)'),(26948,'Ticket',491,'',0,'Matheus Mancio (6)','2023-04-12 11:19:19',7,'&nbsp; (0)','INFORMÁTICA &gt; INFRAESTRUTURA &gt; REDE &gt; INTERNET &gt; WIFI (116)'),(26949,'Ticket',491,'',0,'Matheus Mancio (6)','2023-04-12 11:19:19',12,'1','2'),(26950,'Ticket',491,'',0,'Matheus Mancio (6)','2023-04-12 11:19:19',9,'WhatsApp (6)','Via Sistema (1)'),(26951,'Ticket',491,'',0,'Matheus Mancio (6)','2023-04-12 11:19:19',52,'1','3'),(26952,'Ticket',491,'',0,'Matheus Mancio (6)','2023-04-12 11:19:19',83,'&nbsp; (0)','Diretoria &gt; Secretaria &gt; Atend. ao Aluno (7)'),(26953,'Ticket',491,'',0,'Matheus Mancio (6)','2023-04-12 11:19:19',21,'&lt;div dir=\"ltr\"&gt;Prezados, bom dia!&lt;div&gt;&lt;br /&gt;&lt;/div&gt;&lt;div&gt;Segue matrícula da aluna para verificação:&lt;/div&gt;&lt;div&gt;&lt;br /&gt;&lt;/div&gt;&lt;di','&lt;div dir=\"ltr\"&gt;Prezados, bom dia!&lt;div&gt; &lt;/div&gt;&lt;div&gt;Segue matrícula da aluna para verificação:&lt;/div&gt;&lt;div&gt; &lt;/div&gt;&lt;div&gt;&lt;strong&gt;229'),(26954,'Ticket',491,'',0,'Matheus Mancio (6)','2023-04-12 11:25:14',12,'2','5'),(26955,'Ticket',491,'',0,'Matheus Mancio (6)','2023-04-12 11:25:14',17,'','2023-04-12 08:25:14'),(26956,'Ticket',491,'ITILSolution',17,'Matheus Mancio (6)','2023-04-12 11:25:14',0,'','456 (456)'),(26957,'ITILSolution',456,'0',20,'Matheus Mancio (6)','2023-04-12 11:25:14',0,'',''),(26958,'Ticket',490,'',0,'Matheus Mancio (6)','2023-04-12 11:43:17',12,'2','5'),(26959,'Ticket',490,'',0,'Matheus Mancio (6)','2023-04-12 11:43:17',17,'','2023-04-12 08:43:17'),(26960,'Ticket',490,'ITILSolution',17,'Matheus Mancio (6)','2023-04-12 11:43:17',0,'','457 (457)'),(26961,'ITILSolution',457,'0',20,'Matheus Mancio (6)','2023-04-12 11:43:17',0,'',''),(26962,'Ticket',487,'',0,'cron_closeticket','2023-04-13 17:16:01',12,'5','6'),(26963,'Ticket',487,'',0,'cron_closeticket','2023-04-13 17:16:01',16,'','2023-04-13 14:16:01'),(26964,'Ticket',489,'',0,'cron_closeticket','2023-04-13 17:16:01',12,'5','6'),(26965,'Ticket',489,'',0,'cron_closeticket','2023-04-13 17:16:01',16,'','2023-04-13 14:16:01'),(26966,'MailCollector',3,'',0,'cron_mailgate','2023-04-13 19:15:01',22,'0','1'),(26967,'MailCollector',3,'',0,'cron_mailgate','2023-04-13 19:16:01',22,'1','0'),(26968,'Ticket',492,'User',15,'cron_mailgate','2023-04-13 20:58:05',4,'','Evelise Mendonça Cintra (13)'),(26969,'Ticket',492,'0',20,'cron_mailgate','2023-04-13 20:58:05',0,'',''),(26970,'Ticket',492,'',0,'Gabriel Santos Silva (89)','2023-04-13 23:35:16',150,'0','9434'),(26971,'Ticket',492,'',0,'Gabriel Santos Silva (89)','2023-04-13 23:35:16',64,'&nbsp; (0)','gabriel.silva (89)'),(26972,'Ticket',492,'User',15,'Gabriel Santos Silva (89)','2023-04-13 23:35:16',5,'','Matheus Mancio (6)'),(26973,'Ticket',492,'',0,'Gabriel Santos Silva (89)','2023-04-13 23:35:16',7,'&nbsp; (0)','INFORMÁTICA &gt; INFRAESTRUTURA &gt; SOFTWARE (76)'),(26974,'Ticket',492,'',0,'Gabriel Santos Silva (89)','2023-04-13 23:35:16',12,'1','2'),(26975,'Ticket',492,'',0,'Gabriel Santos Silva (89)','2023-04-13 23:35:16',9,'WhatsApp (6)','Via Sistema (1)'),(26976,'Ticket',492,'',0,'Gabriel Santos Silva (89)','2023-04-13 23:35:16',83,'&nbsp; (0)','Diretoria &gt; Coordenação Pedagógica &gt; Cartório (10)'),(26977,'Ticket',492,'',0,'Gabriel Santos Silva (89)','2023-04-13 23:35:16',21,'&lt;div dir=\"ltr\"&gt;Prezados, boa noite.&lt;div&gt;&lt;br /&gt;&lt;/div&gt;&lt;div&gt;Peço a gentileza de instalar um programa no computador do Dr. Cildo na sala da Coordenação do','&lt;div dir=\"ltr\"&gt;Prezados, boa noite.&lt;div&gt; &lt;/div&gt;&lt;div&gt;Peço a gentileza de instalar um programa no computador do Dr. Cildo na sala da Coordenação do Núcleo de '),(26978,'Ticket',492,'',0,'Gabriel Santos Silva (89)','2023-04-13 23:36:34',12,'2','5'),(26979,'Ticket',492,'',0,'Gabriel Santos Silva (89)','2023-04-13 23:36:34',17,'','2023-04-13 20:36:34'),(26980,'Ticket',492,'ITILSolution',17,'Gabriel Santos Silva (89)','2023-04-13 23:36:34',0,'','458 (458)'),(26981,'ITILSolution',458,'0',20,'Gabriel Santos Silva (89)','2023-04-13 23:36:34',0,'',''),(26982,'Ticket',493,'User',15,'cron_mailgate','2023-04-13 23:41:02',4,'','Ana Amelia Rubio Cruz (83)'),(26983,'Ticket',493,'0',20,'cron_mailgate','2023-04-13 23:41:02',0,'',''),(26984,'Ticket',494,'User',15,'Gabriel Santos Silva (89)','2023-04-13 23:47:03',4,'','JOSE  ROBERTO MARQUES (47)'),(26985,'Ticket',494,'',0,'Gabriel Santos Silva (89)','2023-04-13 23:47:03',150,'0','1'),(26986,'Ticket',494,'User',15,'Gabriel Santos Silva (89)','2023-04-13 23:47:03',5,'','Gabriel Santos Silva (89)'),(26987,'Ticket',494,'0',20,'Gabriel Santos Silva (89)','2023-04-13 23:47:03',0,'',''),(26988,'Ticket',494,'',0,'Gabriel Santos Silva (89)','2023-04-13 23:48:23',12,'2','1'),(26989,'Ticket',494,'User',16,'Gabriel Santos Silva (89)','2023-04-13 23:48:23',0,'Gabriel Santos Silva (89)',''),(26990,'MailCollector',3,'',0,'cron_mailgate','2023-04-14 07:11:01',22,'0','1'),(26991,'MailCollector',3,'',0,'cron_mailgate','2023-04-14 07:12:01',22,'1','0'),(26992,'Ticket',494,'',0,'gustavo giovanella (7)','2023-04-14 12:49:17',12,'1','5'),(26993,'Ticket',494,'',0,'gustavo giovanella (7)','2023-04-14 12:49:17',64,'gabriel.silva (89)','gustavogiovanella (7)'),(26994,'Ticket',494,'',0,'gustavo giovanella (7)','2023-04-14 12:49:17',17,'','2023-04-14 09:49:17'),(26995,'Ticket',494,'ITILSolution',17,'gustavo giovanella (7)','2023-04-14 12:49:17',0,'','459 (459)'),(26996,'ITILSolution',459,'0',20,'gustavo giovanella (7)','2023-04-14 12:49:17',0,'',''),(26997,'Ticket',490,'',0,'cron_closeticket','2023-04-14 17:16:01',12,'5','6'),(26998,'Ticket',490,'',0,'cron_closeticket','2023-04-14 17:16:01',16,'','2023-04-14 14:16:01'),(26999,'Ticket',491,'',0,'cron_closeticket','2023-04-14 17:16:01',12,'5','6'),(27000,'Ticket',491,'',0,'cron_closeticket','2023-04-14 17:16:01',16,'','2023-04-14 14:16:01'),(27001,'Document',91,'0',20,'cron_mailgate','2023-04-14 19:17:01',0,'',''),(27002,'Document',91,'Ticket',15,'cron_mailgate','2023-04-14 19:17:01',0,'','Fwd: Usuário e senha (495)'),(27003,'Ticket',495,'Document',15,'cron_mailgate','2023-04-14 19:17:01',0,'','Documento do Chamado 495 (91)'),(27004,'Ticket',495,'User',15,'cron_mailgate','2023-04-14 19:17:04',4,'','gustavo giovanella (7)'),(27005,'Ticket',495,'0',20,'cron_mailgate','2023-04-14 19:17:05',0,'',''),(27006,'Ticket',495,'',0,'gustavo giovanella (7)','2023-04-14 19:22:02',12,'1','5'),(27007,'Ticket',495,'',0,'gustavo giovanella (7)','2023-04-14 19:22:02',64,'&nbsp; (0)','gustavogiovanella (7)'),(27008,'Ticket',495,'',0,'gustavo giovanella (7)','2023-04-14 19:22:02',17,'','2023-04-14 16:22:02'),(27009,'Ticket',495,'ITILSolution',17,'gustavo giovanella (7)','2023-04-14 19:22:03',0,'','460 (460)'),(27010,'ITILSolution',460,'0',20,'gustavo giovanella (7)','2023-04-14 19:22:03',0,'',''),(27011,'Ticket',495,'',0,'gustavo giovanella (7)','2023-04-14 19:22:05',12,'5','6'),(27012,'Ticket',495,'ITILFollowup',17,'gustavo giovanella (7)','2023-04-14 19:22:05',0,'','260'),(27013,'Ticket',496,'User',15,'Gabriel Santos Silva (89)','2023-04-15 00:45:38',4,'','Gabriel Santos Silva (89)'),(27014,'Ticket',496,'User',15,'Gabriel Santos Silva (89)','2023-04-15 00:45:38',66,'','Heitor Silva Saqueto (76)'),(27015,'Ticket',496,'',0,'Gabriel Santos Silva (89)','2023-04-15 00:45:38',150,'0','938'),(27016,'Ticket',496,'User',15,'Gabriel Santos Silva (89)','2023-04-15 00:45:38',5,'','Gabriel Santos Silva (89)'),(27017,'Ticket',496,'0',20,'Gabriel Santos Silva (89)','2023-04-15 00:45:38',0,'',''),(27018,'Ticket',496,'',0,'Gabriel Santos Silva (89)','2023-04-15 00:49:05',12,'2','5'),(27019,'Ticket',496,'',0,'Gabriel Santos Silva (89)','2023-04-15 00:49:05',17,'','2023-04-14 21:49:05'),(27020,'Ticket',496,'ITILSolution',17,'Gabriel Santos Silva (89)','2023-04-15 00:49:05',0,'','461 (461)'),(27021,'ITILSolution',461,'0',20,'Gabriel Santos Silva (89)','2023-04-15 00:49:05',0,'',''),(27022,'MailCollector',3,'',0,'cron_mailgate','2023-04-15 01:32:02',22,'0','1'),(27023,'MailCollector',3,'',0,'cron_mailgate','2023-04-15 01:33:02',22,'1','0'),(27024,'Ticket',497,'User',15,'gustavo giovanella (7)','2023-04-15 11:39:42',4,'','Bruna Carla Santos (15)'),(27025,'Ticket',497,'',0,'gustavo giovanella (7)','2023-04-15 11:39:42',150,'0','2382'),(27026,'Ticket',497,'User',15,'gustavo giovanella (7)','2023-04-15 11:39:42',5,'','gustavo giovanella (7)'),(27027,'Ticket',497,'0',20,'gustavo giovanella (7)','2023-04-15 11:39:42',0,'',''),(27028,'MailCollector',3,'',0,'cron_mailgate','2023-04-15 15:53:02',22,'0','1'),(27029,'MailCollector',3,'',0,'cron_mailgate','2023-04-15 15:54:02',22,'1','0'),(27030,'MailCollector',3,'',0,'cron_mailgate','2023-04-15 22:36:01',22,'0','1'),(27031,'MailCollector',3,'',0,'cron_mailgate','2023-04-15 22:37:01',22,'1','0'),(27032,'MailCollector',3,'',0,'cron_mailgate','2023-04-16 03:55:02',22,'0','1'),(27033,'MailCollector',3,'',0,'cron_mailgate','2023-04-16 03:56:02',22,'1','0'),(27034,'Ticket',492,'',0,'cron_closeticket','2023-04-16 05:16:01',12,'5','6'),(27035,'Ticket',492,'',0,'cron_closeticket','2023-04-16 05:16:01',16,'','2023-04-16 02:16:01'),(27036,'MailCollector',3,'',0,'cron_mailgate','2023-04-16 08:08:01',22,'0','1'),(27037,'MailCollector',3,'',0,'cron_mailgate','2023-04-16 08:09:01',22,'1','0'),(27038,'Ticket',494,'',0,'cron_closeticket','2023-04-16 17:16:01',12,'5','6'),(27039,'Ticket',494,'',0,'cron_closeticket','2023-04-16 17:16:01',16,'','2023-04-16 14:16:01'),(27040,'MailCollector',3,'',0,'cron_mailgate','2023-04-17 02:19:01',22,'0','1'),(27041,'MailCollector',3,'',0,'cron_mailgate','2023-04-17 02:20:01',22,'1','0'),(27042,'Ticket',496,'',0,'cron_closeticket','2023-04-17 05:16:01',12,'5','6'),(27043,'Ticket',496,'',0,'cron_closeticket','2023-04-17 05:16:01',16,'','2023-04-17 02:16:01'),(27044,'MailCollector',3,'',0,'cron_mailgate','2023-04-17 08:28:02',22,'0','1'),(27045,'MailCollector',3,'',0,'cron_mailgate','2023-04-17 08:29:02',22,'1','0'),(27046,'Ticket',493,'',0,'Matheus Mancio (6)','2023-04-17 10:36:30',150,'0','298528'),(27047,'Ticket',493,'',0,'Matheus Mancio (6)','2023-04-17 10:36:30',64,'&nbsp; (0)','matheus.mancio (6)'),(27048,'Ticket',493,'',0,'Matheus Mancio (6)','2023-04-17 10:36:59',7,'&nbsp; (0)','INFORMÁTICA &gt; INFRAESTRUTURA &gt; IMPRESSORA &gt; CHAMADO TECNICO EXTERNO (91)'),(27049,'Ticket',493,'',0,'Matheus Mancio (6)','2023-04-17 10:36:59',9,'WhatsApp (6)','Via Sistema (1)'),(27050,'Ticket',493,'',0,'Matheus Mancio (6)','2023-04-17 10:36:59',52,'1','3'),(27051,'Ticket',493,'',0,'Matheus Mancio (6)','2023-04-17 10:36:59',83,'&nbsp; (0)','Diretoria &gt; Coordenação Pedagógica &gt; Cartório (10)'),(27052,'Ticket',493,'',0,'Matheus Mancio (6)','2023-04-17 10:36:59',21,'&lt;div dir=\"ltr\"&gt;Prezados, boa noite. &lt;div&gt;A impressora do cartório segue com o mesmo problema do qual foi solicitado anteriormente suporte. &lt;/div&gt;&lt;div&gt;Ela pu','&lt;div dir=\"ltr\"&gt;Prezados, boa noite. &lt;div&gt;A impressora do cartório segue com o mesmo problema do qual foi solicitado anteriormente suporte. &lt;/div&gt;&lt;div&gt;Ela pu'),(27053,'Ticket',493,'',0,'Matheus Mancio (6)','2023-04-17 10:37:19',12,'1','2'),(27054,'ITILCategory',107,'ITILCategory',17,'Matheus Mancio (6)','2023-04-17 10:39:31',0,'','GRAVAÇÕES/AULAS'),(27055,'ITILCategory',137,'0',20,'Matheus Mancio (6)','2023-04-17 10:39:31',0,'',''),(27056,'Ticket',497,'',0,'Matheus Mancio (6)','2023-04-17 10:39:50',7,'&nbsp; (0)','INFORMÁTICA &gt; INFRAESTRUTURA &gt; SOFTWARE &gt; TRANSMISSÃO &gt; GRAVAÇÕES/AULAS (137)'),(27057,'Ticket',497,'',0,'Matheus Mancio (6)','2023-04-17 10:39:50',9,'E-Mail (2)','Via Sistema (1)'),(27058,'Ticket',497,'',0,'Matheus Mancio (6)','2023-04-17 10:39:50',52,'1','3'),(27059,'Ticket',497,'',0,'Matheus Mancio (6)','2023-04-17 10:39:50',83,'&nbsp; (0)','Diretoria &gt; Coordenação Pedagógica &gt; Atend. Coord. Pedagógica (5)'),(27060,'Ticket',497,'',0,'Matheus Mancio (6)','2023-04-17 10:39:50',64,'gustavogiovanella (7)','matheus.mancio (6)'),(27061,'Ticket',497,'',0,'gustavo giovanella (7)','2023-04-17 11:15:09',12,'2','5'),(27062,'Ticket',497,'',0,'gustavo giovanella (7)','2023-04-17 11:15:09',64,'matheus.mancio (6)','gustavogiovanella (7)'),(27063,'Ticket',497,'',0,'gustavo giovanella (7)','2023-04-17 11:15:09',17,'','2023-04-17 08:15:09'),(27064,'MailCollector',3,'',0,'cron_mailgate','2023-04-18 07:26:01',22,'0','1'),(27065,'MailCollector',3,'',0,'cron_mailgate','2023-04-18 07:27:01',22,'1','0'),(27066,'Ticket',498,'User',15,'Matheus Mancio (6)','2023-04-18 11:06:01',4,'','Patricia Aparecida D. da Silva Ribeiro (32)'),(27067,'Ticket',498,'',0,'Matheus Mancio (6)','2023-04-18 11:06:01',150,'0','841'),(27068,'Ticket',498,'User',15,'Matheus Mancio (6)','2023-04-18 11:06:01',5,'','Matheus Mancio (6)'),(27069,'Ticket',498,'0',20,'Matheus Mancio (6)','2023-04-18 11:06:01',0,'',''),(27070,'Ticket',498,'',0,'Matheus Mancio (6)','2023-04-18 11:06:13',52,'1','3'),(27071,'Ticket',498,'',0,'Matheus Mancio (6)','2023-04-18 11:07:19',12,'2','5'),(27072,'Ticket',498,'',0,'Matheus Mancio (6)','2023-04-18 11:07:19',17,'','2023-04-18 08:07:19'),(27073,'Ticket',498,'ITILSolution',17,'Matheus Mancio (6)','2023-04-18 11:07:19',0,'','463 (463)'),(27074,'ITILSolution',463,'0',20,'Matheus Mancio (6)','2023-04-18 11:07:19',0,'',''),(27075,'Ticket',499,'User',15,'Matheus Mancio (6)','2023-04-18 11:16:51',4,'','MARIA  GORETI CINTRA CASTRO (36)'),(27076,'Ticket',499,'',0,'Matheus Mancio (6)','2023-04-18 11:16:51',150,'0','231'),(27077,'Ticket',499,'User',15,'Matheus Mancio (6)','2023-04-18 11:16:51',5,'','Matheus Mancio (6)'),(27078,'Ticket',499,'0',20,'Matheus Mancio (6)','2023-04-18 11:16:51',0,'',''),(27079,'Ticket',499,'',0,'Matheus Mancio (6)','2023-04-18 11:17:04',52,'1','3'),(27080,'Ticket',499,'',0,'Matheus Mancio (6)','2023-04-18 11:17:56',12,'2','5'),(27081,'Ticket',499,'',0,'Matheus Mancio (6)','2023-04-18 11:17:56',17,'','2023-04-18 08:17:56'),(27082,'Ticket',499,'ITILSolution',17,'Matheus Mancio (6)','2023-04-18 11:17:56',0,'','464 (464)'),(27083,'ITILSolution',464,'0',20,'Matheus Mancio (6)','2023-04-18 11:17:56',0,'',''),(27084,'MailCollector',3,'',0,'cron_mailgate','2023-04-18 14:46:01',22,'0','1'),(27085,'MailCollector',3,'',0,'cron_mailgate','2023-04-18 14:47:01',22,'1','0'),(27086,'MailCollector',3,'',0,'cron_mailgate','2023-04-18 14:55:01',22,'0','1'),(27087,'MailCollector',3,'',0,'cron_mailgate','2023-04-18 14:56:01',22,'1','0'),(27088,'PurgeLogs',0,'',12,'cron_PurgeLogs','2023-04-18 18:31:02',0,'22963','22963'),(27089,'Ticket',500,'User',15,'Gabriel Santos Silva (89)','2023-04-18 19:18:27',4,'','Pedro Henrique Batista Siva (31)'),(27090,'Ticket',500,'',0,'Gabriel Santos Silva (89)','2023-04-18 19:18:27',150,'0','71607'),(27091,'Ticket',500,'User',15,'Gabriel Santos Silva (89)','2023-04-18 19:18:27',5,'','Gabriel Santos Silva (89)'),(27092,'Ticket',500,'0',20,'Gabriel Santos Silva (89)','2023-04-18 19:18:27',0,'',''),(27093,'Ticket',500,'User',15,'Gabriel Santos Silva (89)','2023-04-18 19:18:46',5,'','Heitor Silva Saqueto (76)'),(27094,'Document',92,'0',20,'Gabriel Santos Silva (89)','2023-04-18 19:20:06',0,'',''),(27095,'Document',92,'ITILFollowup',15,'Gabriel Santos Silva (89)','2023-04-18 19:20:06',0,'','WhatsApp (261)'),(27096,'Ticket',500,'ITILFollowup',17,'Gabriel Santos Silva (89)','2023-04-18 19:20:06',0,'','261'),(27097,'Ticket',500,'ITILFollowup',18,'Gabriel Santos Silva (89)','2023-04-18 19:20:14',0,'','261'),(27098,'Ticket',500,'User',16,'Gabriel Santos Silva (89)','2023-04-18 19:43:14',0,'Heitor Silva Saqueto (76)',''),(27099,'Ticket',500,'',0,'Gabriel Santos Silva (89)','2023-04-18 19:43:16',12,'2','1'),(27100,'Ticket',500,'User',16,'Gabriel Santos Silva (89)','2023-04-18 19:43:16',0,'Gabriel Santos Silva (89)',''),(27101,'Ticket',500,'User',15,'Gabriel Santos Silva (89)','2023-04-18 19:44:10',5,'','Gabriel Santos Silva (89)'),(27102,'Ticket',500,'',0,'Gabriel Santos Silva (89)','2023-04-18 19:44:10',12,'1','2'),(27103,'Ticket',500,'User',15,'Gabriel Santos Silva (89)','2023-04-18 19:44:21',5,'','Heitor Silva Saqueto (76)'),(27104,'Ticket',500,'ITILFollowup',17,'Matheus Mancio (6)','2023-04-19 16:25:30',0,'','262'),(27105,'Ticket',497,'',0,'cron_closeticket','2023-04-19 17:16:01',12,'5','6'),(27106,'Ticket',497,'',0,'cron_closeticket','2023-04-19 17:16:01',16,'','2023-04-19 14:16:01'),(27107,'Document',93,'Ticket',15,'Matheus Mancio (6)','2023-04-19 19:58:27',0,'','Trocar toner da impressora. (500)'),(27108,'Ticket',500,'Document',15,'Matheus Mancio (6)','2023-04-19 19:58:27',0,'','Documento: Chamado - Trocar toner da impressora. (93)'),(27109,'Document',93,'0',20,'Matheus Mancio (6)','2023-04-19 19:58:27',0,'',''),(27110,'Ticket',498,'',0,'cron_closeticket','2023-04-20 17:16:01',12,'5','6'),(27111,'Ticket',498,'',0,'cron_closeticket','2023-04-20 17:16:01',16,'','2023-04-20 14:16:01'),(27112,'Ticket',499,'',0,'cron_closeticket','2023-04-20 17:16:01',12,'5','6'),(27113,'Ticket',499,'',0,'cron_closeticket','2023-04-20 17:16:01',16,'','2023-04-20 14:16:01'),(27114,'MailCollector',3,'',0,'cron_mailgate','2023-04-21 05:55:01',22,'0','1'),(27115,'MailCollector',3,'',0,'cron_mailgate','2023-04-21 05:56:01',22,'1','0'),(27116,'MailCollector',3,'',0,'cron_mailgate','2023-04-21 11:00:01',22,'0','1'),(27117,'MailCollector',3,'',0,'cron_mailgate','2023-04-21 11:01:01',22,'1','0'),(27118,'MailCollector',3,'',0,'cron_mailgate','2023-04-22 08:32:01',22,'0','1'),(27119,'MailCollector',3,'',0,'cron_mailgate','2023-04-22 08:33:01',22,'1','0'),(27120,'MailCollector',3,'',0,'cron_mailgate','2023-04-22 14:03:01',22,'0','1'),(27121,'MailCollector',3,'',0,'cron_mailgate','2023-04-22 14:04:01',22,'1','0'),(27122,'MailCollector',3,'',0,'cron_mailgate','2023-04-22 21:23:01',22,'0','1'),(27123,'MailCollector',3,'',0,'cron_mailgate','2023-04-22 21:24:01',22,'1','0'),(27124,'MailCollector',3,'',0,'cron_mailgate','2023-04-22 23:59:01',22,'0','1'),(27125,'MailCollector',3,'',0,'cron_mailgate','2023-04-23 00:00:01',22,'1','0'),(27126,'MailCollector',3,'',0,'cron_mailgate','2023-04-23 00:05:01',22,'0','1'),(27127,'MailCollector',3,'',0,'cron_mailgate','2023-04-23 00:06:01',22,'1','0'),(27128,'MailCollector',3,'',0,'cron_mailgate','2023-04-23 11:37:01',22,'0','1'),(27129,'MailCollector',3,'',0,'cron_mailgate','2023-04-23 11:38:01',22,'1','0'),(27130,'MailCollector',3,'',0,'cron_mailgate','2023-04-23 12:01:02',22,'0','1'),(27131,'MailCollector',3,'',0,'cron_mailgate','2023-04-23 12:02:02',22,'1','0'),(27132,'MailCollector',3,'',0,'cron_mailgate','2023-04-23 12:19:02',22,'0','1'),(27133,'MailCollector',3,'',0,'cron_mailgate','2023-04-23 12:20:02',22,'1','0'),(27134,'MailCollector',3,'',0,'cron_mailgate','2023-04-23 14:28:02',22,'0','1'),(27135,'MailCollector',3,'',0,'cron_mailgate','2023-04-23 14:29:02',22,'1','0'),(27136,'MailCollector',3,'',0,'cron_mailgate','2023-04-23 17:08:02',22,'0','1'),(27137,'MailCollector',3,'',0,'cron_mailgate','2023-04-23 17:09:02',22,'1','0'),(27138,'MailCollector',3,'',0,'cron_mailgate','2023-04-23 23:42:01',22,'0','1'),(27139,'MailCollector',3,'',0,'cron_mailgate','2023-04-23 23:43:01',22,'1','0'),(27140,'MailCollector',3,'',0,'cron_mailgate','2023-04-24 05:11:02',22,'0','1'),(27141,'MailCollector',3,'',0,'cron_mailgate','2023-04-24 05:12:02',22,'1','0'),(27142,'Document',94,'0',20,'Matheus Mancio (6)','2023-04-24 18:56:08',0,'',''),(27143,'Document',94,'Ticket',15,'Matheus Mancio (6)','2023-04-24 18:56:08',0,'','Troca de Toner (501)'),(27144,'Ticket',501,'Document',15,'Matheus Mancio (6)','2023-04-24 18:56:08',0,'','Documento do Chamado 501 (94)'),(27145,'Ticket',501,'User',15,'Matheus Mancio (6)','2023-04-24 18:56:08',4,'','LISLENE  LEDIER AYLON (43)'),(27146,'Ticket',501,'',0,'Matheus Mancio (6)','2023-04-24 18:56:08',150,'0','1688'),(27147,'Ticket',501,'User',15,'Matheus Mancio (6)','2023-04-24 18:56:08',5,'','Matheus Mancio (6)'),(27148,'Ticket',501,'0',20,'Matheus Mancio (6)','2023-04-24 18:56:08',0,'',''),(27149,'Ticket',501,'',0,'Matheus Mancio (6)','2023-04-24 18:56:15',12,'2','1'),(27150,'Ticket',501,'User',16,'Matheus Mancio (6)','2023-04-24 18:56:15',0,'Matheus Mancio (6)',''),(27151,'Ticket',501,'',0,'Matheus Mancio (6)','2023-04-24 18:56:26',7,'&nbsp; (0)','INFORMÁTICA &gt; INFRAESTRUTURA &gt; IMPRESSORA &gt; TROCA DE TONNER / TINTA (90)'),(27152,'Ticket',501,'',0,'Matheus Mancio (6)','2023-04-24 18:56:26',52,'1','3'),(27153,'Ticket',501,'',0,'Matheus Mancio (6)','2023-04-24 18:56:26',21,'&lt;p&gt;Trocar o toner.&lt;/p&gt;&lt;p&gt;&lt;a href=&quot;/glpi/front/document.send.php?docid=94&amp;tickets_id=501&quot; target=&quot;_blank&quot; &gt;&lt;img alt=&quot;35b10894','&lt;p&gt;Trocar o toner.&lt;/p&gt;&lt;p&gt;&lt;a href=\"https://suporte.direitofranca.br/glpi/front/document.send.php?docid=94&amp;tickets_id=501\" target=\"_blank\" rel=\"noopener\"&gt;'),(27154,'Ticket',501,'',0,'Matheus Mancio (6)','2023-04-24 19:15:30',12,'1','5'),(27155,'Ticket',501,'',0,'Matheus Mancio (6)','2023-04-24 19:15:30',17,'','2023-04-24 16:15:30'),(27156,'Ticket',501,'ITILSolution',17,'Matheus Mancio (6)','2023-04-24 19:15:30',0,'','465 (465)'),(27157,'ITILSolution',465,'0',20,'Matheus Mancio (6)','2023-04-24 19:15:30',0,'',''),(27158,'Ticket',500,'ITILFollowup',17,'Matheus Mancio (6)','2023-04-25 18:29:15',0,'','263'),(27159,'PurgeLogs',0,'',12,'cron_PurgeLogs','2023-04-25 18:31:01',0,'23034','23034'),(27160,'Document',95,'0',20,'cron_mailgate','2023-04-25 18:43:01',0,'',''),(27161,'Document',95,'Ticket',15,'cron_mailgate','2023-04-25 18:43:01',0,'','Fwd: QR CODE SALAS DE AULA (502)'),(27162,'Ticket',502,'Document',15,'cron_mailgate','2023-04-25 18:43:01',0,'','Documento do Chamado 502 (95)'),(27163,'Ticket',502,'User',15,'cron_mailgate','2023-04-25 18:43:01',4,'','Pedro Henrique Batista Siva (31)'),(27164,'Ticket',502,'0',20,'cron_mailgate','2023-04-25 18:43:01',0,'',''),(27165,'Document',96,'0',20,'gustavo giovanella (7)','2023-04-25 19:28:52',0,'',''),(27166,'Document',96,'TicketTask',15,'gustavo giovanella (7)','2023-04-25 19:28:52',0,'','Tarefa de chamado (150)'),(27167,'Ticket',502,'',0,'gustavo giovanella (7)','2023-04-25 19:28:52',150,'0','2751'),(27168,'Ticket',502,'',0,'gustavo giovanella (7)','2023-04-25 19:28:52',64,'&nbsp; (0)','gustavogiovanella (7)'),(27169,'Ticket',502,'TicketTask',17,'gustavo giovanella (7)','2023-04-25 19:28:52',0,'','150'),(27170,'Ticket',502,'User',15,'Matheus Mancio (6)','2023-04-25 19:28:56',5,'','Gabriel Santos Silva (89)'),(27171,'Ticket',502,'',0,'Matheus Mancio (6)','2023-04-25 19:28:56',7,'&nbsp; (0)','INFORMÁTICA &gt; INFRAESTRUTURA &gt; HARDWARE &gt; DESKTOP COMPLETO (122)'),(27172,'Ticket',502,'',0,'Matheus Mancio (6)','2023-04-25 19:28:56',12,'1','2'),(27173,'Ticket',502,'',0,'Matheus Mancio (6)','2023-04-25 19:28:56',9,'WhatsApp (6)','E-Mail (2)'),(27174,'Ticket',502,'',0,'Matheus Mancio (6)','2023-04-25 19:28:56',52,'1','3'),(27175,'Ticket',502,'',0,'Matheus Mancio (6)','2023-04-25 19:28:56',83,'&nbsp; (0)','Diretoria &gt; Secretaria (6)'),(27176,'Ticket',502,'',0,'Matheus Mancio (6)','2023-04-25 19:28:56',21,'&lt;div dir=&quot;ltr&quot;&gt;&lt;br style=&quot;clear: both;&quot; /&gt;&lt;div&gt;&lt;div dir=&quot;ltr&quot; class=&quot;gmail_signature&quot; data-smartmail=&quot;gmail_signat','&lt;div dir=\"ltr\"&gt;&lt;br style=\"clear: both;\" /&gt;&lt;div&gt;&lt;div class=\"gmail_signature\" dir=\"ltr\" data-smartmail=\"gmail_signature\"&gt;&lt;div dir=\"ltr\"&gt;Atenciosamente,&'),(27177,'Ticket',502,'TicketTask',18,'Gabriel Santos Silva (89)','2023-04-25 19:43:55',0,'','150'),(27178,'Ticket',502,'',0,'Gabriel Santos Silva (89)','2023-04-25 19:45:43',12,'2','5'),(27179,'Ticket',502,'',0,'Gabriel Santos Silva (89)','2023-04-25 19:45:43',17,'','2023-04-25 16:45:43'),(27180,'Ticket',502,'ITILSolution',17,'Gabriel Santos Silva (89)','2023-04-25 19:45:43',0,'','466 (466)'),(27181,'ITILSolution',466,'0',20,'Gabriel Santos Silva (89)','2023-04-25 19:45:43',0,'',''),(27182,'Ticket',488,'ITILFollowup',17,'Matheus Mancio (6)','2023-04-26 17:34:45',0,'','264'),(27183,'Ticket',458,'',0,'Matheus Mancio (6)','2023-04-26 17:36:05',12,'2','5'),(27184,'Ticket',458,'',0,'Matheus Mancio (6)','2023-04-26 17:36:05',17,'','2023-04-26 14:36:05'),(27185,'Ticket',458,'ITILSolution',17,'Matheus Mancio (6)','2023-04-26 17:36:05',0,'','467 (467)'),(27186,'ITILSolution',467,'0',20,'Matheus Mancio (6)','2023-04-26 17:36:05',0,'',''),(27187,'Ticket',501,'',0,'cron_closeticket','2023-04-27 05:16:02',12,'5','6'),(27188,'Ticket',501,'',0,'cron_closeticket','2023-04-27 05:16:02',16,'','2023-04-27 02:16:02'),(27189,'Ticket',503,'User',15,'cron_mailgate','2023-04-27 11:38:02',4,'','Patricia Aparecida D. da Silva Ribeiro (32)'),(27190,'Ticket',503,'0',20,'cron_mailgate','2023-04-27 11:38:02',0,'',''),(27191,'Ticket',503,'',0,'Matheus Mancio (6)','2023-04-27 11:45:31',150,'0','449'),(27192,'Ticket',503,'',0,'Matheus Mancio (6)','2023-04-27 11:45:31',64,'&nbsp; (0)','matheus.mancio (6)'),(27193,'Ticket',503,'User',15,'Matheus Mancio (6)','2023-04-27 11:45:31',5,'','Matheus Mancio (6)'),(27194,'Ticket',503,'',0,'Matheus Mancio (6)','2023-04-27 11:45:31',7,'&nbsp; (0)','INFORMÁTICA &gt; INFRAESTRUTURA &gt; REDE &gt; INTERNET &gt; WIFI (116)'),(27195,'Ticket',503,'',0,'Matheus Mancio (6)','2023-04-27 11:45:31',12,'1','2'),(27196,'Ticket',503,'',0,'Matheus Mancio (6)','2023-04-27 11:45:31',9,'WhatsApp (6)','Via Sistema (1)'),(27197,'Ticket',503,'',0,'Matheus Mancio (6)','2023-04-27 11:45:31',52,'1','3'),(27198,'Ticket',503,'',0,'Matheus Mancio (6)','2023-04-27 11:45:31',83,'&nbsp; (0)','Diretoria &gt; Secretaria &gt; Atend. ao Aluno (7)'),(27199,'Ticket',503,'',0,'Matheus Mancio (6)','2023-04-27 11:45:31',21,'&lt;div dir=\"ltr\"&gt;Prezados, bom dia!&lt;div&gt;&lt;br /&gt;&lt;/div&gt;&lt;div&gt;&lt;br /&gt;&lt;/div&gt;&lt;div&gt;Segue nº de matrículas dos alunos para verificação:&lt;/div&','&lt;div dir=\"ltr\"&gt;Prezados, bom dia!&lt;div&gt; &lt;/div&gt;&lt;div&gt; &lt;/div&gt;&lt;div&gt;Segue nº de matrículas dos alunos para verificação:&lt;/div&gt;&lt;div&gt; &lt;/di'),(27200,'Ticket',503,'',0,'Matheus Mancio (6)','2023-04-27 11:50:10',12,'2','5'),(27201,'Ticket',503,'',0,'Matheus Mancio (6)','2023-04-27 11:50:10',17,'','2023-04-27 08:50:10'),(27202,'Ticket',503,'ITILSolution',17,'Matheus Mancio (6)','2023-04-27 11:50:10',0,'','468 (468)'),(27203,'ITILSolution',468,'0',20,'Matheus Mancio (6)','2023-04-27 11:50:10',0,'',''),(27204,'Ticket',488,'',0,'Matheus Mancio (6)','2023-04-27 11:50:30',12,'2','5'),(27205,'Ticket',488,'',0,'Matheus Mancio (6)','2023-04-27 11:50:30',17,'','2023-04-27 08:50:30'),(27206,'Ticket',488,'ITILSolution',17,'Matheus Mancio (6)','2023-04-27 11:50:30',0,'','469 (469)'),(27207,'ITILSolution',469,'0',20,'Matheus Mancio (6)','2023-04-27 11:50:30',0,'',''),(27208,'Ticket',493,'ITILFollowup',17,'Matheus Mancio (6)','2023-04-27 16:48:07',0,'','265'),(27209,'Ticket',502,'',0,'cron_closeticket','2023-04-28 05:16:02',12,'5','6'),(27210,'Ticket',502,'',0,'cron_closeticket','2023-04-28 05:16:02',16,'','2023-04-28 02:16:02'),(27211,'MailCollector',3,'',0,'cron_mailgate','2023-04-28 08:43:01',22,'0','1'),(27212,'MailCollector',3,'',0,'cron_mailgate','2023-04-28 08:44:01',22,'1','0'),(27213,'Ticket',504,'User',15,'cron_mailgate','2023-04-28 11:16:02',4,'','Patricia Aparecida D. da Silva Ribeiro (32)'),(27214,'Ticket',504,'0',20,'cron_mailgate','2023-04-28 11:16:02',0,'',''),(27215,'Ticket',505,'User',15,'Matheus Mancio (6)','2023-04-28 11:38:55',4,'','Jose Donizete Ferreira (11)'),(27216,'Ticket',505,'',0,'Matheus Mancio (6)','2023-04-28 11:38:55',150,'0','775'),(27217,'Ticket',505,'User',15,'Matheus Mancio (6)','2023-04-28 11:38:55',5,'','Matheus Mancio (6)'),(27218,'Ticket',505,'0',20,'Matheus Mancio (6)','2023-04-28 11:38:55',0,'',''),(27219,'Ticket',505,'ITILFollowup',17,'Matheus Mancio (6)','2023-04-28 11:42:06',0,'','266'),(27220,'Ticket',504,'',0,'Matheus Mancio (6)','2023-04-28 11:47:04',150,'0','1862'),(27221,'Ticket',504,'',0,'Matheus Mancio (6)','2023-04-28 11:47:04',64,'&nbsp; (0)','matheus.mancio (6)'),(27222,'Ticket',504,'User',15,'Matheus Mancio (6)','2023-04-28 11:47:04',5,'','Matheus Mancio (6)'),(27223,'Ticket',504,'',0,'Matheus Mancio (6)','2023-04-28 11:47:04',7,'&nbsp; (0)','INFORMÁTICA &gt; INFRAESTRUTURA &gt; REDE &gt; INTERNET &gt; WIFI (116)'),(27224,'Ticket',504,'',0,'Matheus Mancio (6)','2023-04-28 11:47:04',12,'1','2'),(27225,'Ticket',504,'',0,'Matheus Mancio (6)','2023-04-28 11:47:04',9,'WhatsApp (6)','Via Sistema (1)'),(27226,'Ticket',504,'',0,'Matheus Mancio (6)','2023-04-28 11:47:04',52,'1','3'),(27227,'Ticket',504,'',0,'Matheus Mancio (6)','2023-04-28 11:47:04',83,'&nbsp; (0)','Diretoria &gt; Secretaria &gt; Atend. ao Aluno (7)'),(27228,'Ticket',504,'',0,'Matheus Mancio (6)','2023-04-28 11:47:04',21,'&lt;div dir=\"ltr\"&gt;Prezados, bom dia!&lt;div&gt;&lt;br /&gt;&lt;/div&gt;&lt;div&gt;&lt;br /&gt;&lt;/div&gt;&lt;div&gt;Segue nome de matrícula do aluno:&lt;/div&gt;&lt;div&gt;&lt;','&lt;div dir=\"ltr\"&gt;Prezados, bom dia!&lt;div&gt; &lt;/div&gt;&lt;div&gt; &lt;/div&gt;&lt;div&gt;Segue nome de matrícula do aluno:&lt;/div&gt;&lt;div&gt; &lt;/div&gt;&lt;div&gt;&l'),(27229,'Ticket',504,'',0,'Matheus Mancio (6)','2023-04-28 11:47:40',12,'2','5'),(27230,'Ticket',504,'',0,'Matheus Mancio (6)','2023-04-28 11:47:40',17,'','2023-04-28 08:47:40'),(27231,'Ticket',504,'ITILSolution',17,'Matheus Mancio (6)','2023-04-28 11:47:40',0,'','470 (470)'),(27232,'ITILSolution',470,'0',20,'Matheus Mancio (6)','2023-04-28 11:47:40',0,'',''),(27233,'Ticket',458,'',0,'cron_closeticket','2023-04-29 05:16:01',12,'5','6'),(27234,'Ticket',458,'',0,'cron_closeticket','2023-04-29 05:16:01',16,'','2023-04-29 02:16:01'),(27235,'MailCollector',3,'',0,'cron_mailgate','2023-04-29 12:25:01',22,'0','1'),(27236,'MailCollector',3,'',0,'cron_mailgate','2023-04-29 12:26:01',22,'1','0'),(27237,'MailCollector',3,'',0,'cron_mailgate','2023-04-29 15:14:02',22,'0','1'),(27238,'MailCollector',3,'',0,'cron_mailgate','2023-04-29 15:15:02',22,'1','0'),(27239,'Ticket',488,'',0,'cron_closeticket','2023-04-29 17:16:01',12,'5','6'),(27240,'Ticket',488,'',0,'cron_closeticket','2023-04-29 17:16:01',16,'','2023-04-29 14:16:01'),(27241,'Ticket',503,'',0,'cron_closeticket','2023-04-29 17:16:03',12,'5','6'),(27242,'Ticket',503,'',0,'cron_closeticket','2023-04-29 17:16:03',16,'','2023-04-29 14:16:03'),(27243,'MailCollector',3,'',0,'cron_mailgate','2023-04-29 17:49:02',22,'0','1'),(27244,'MailCollector',3,'',0,'cron_mailgate','2023-04-29 17:50:02',22,'1','0'),(27245,'MailCollector',3,'',0,'cron_mailgate','2023-04-30 01:32:02',22,'0','1'),(27246,'MailCollector',3,'',0,'cron_mailgate','2023-04-30 01:33:02',22,'1','0'),(27247,'Ticket',504,'',0,'cron_closeticket','2023-04-30 17:16:01',12,'5','6'),(27248,'Ticket',504,'',0,'cron_closeticket','2023-04-30 17:16:01',16,'','2023-04-30 14:16:01'),(27249,'MailCollector',3,'',0,'cron_mailgate','2023-05-01 03:28:02',22,'0','1'),(27250,'MailCollector',3,'',0,'cron_mailgate','2023-05-01 03:29:02',22,'1','0'),(27251,'Ticket',493,'ITILFollowup',17,'Matheus Mancio (6)','2023-05-02 11:50:08',0,'','267'),(27252,'PurgeLogs',0,'',12,'cron_PurgeLogs','2023-05-02 18:31:01',0,'23127','23127'),(27253,'Ticket',506,'User',15,'cron_mailgate','2023-05-03 09:13:04',4,'','gustavo giovanella (7)'),(27254,'Ticket',506,'0',20,'cron_mailgate','2023-05-03 09:13:04',0,'',''),(27255,'Ticket',506,'',0,'Matheus Mancio (6)','2023-05-03 11:33:53',150,'0','8452'),(27256,'Ticket',506,'',0,'Matheus Mancio (6)','2023-05-03 11:33:53',64,'&nbsp; (0)','matheus.mancio (6)'),(27257,'Ticket',506,'User',15,'Matheus Mancio (6)','2023-05-03 11:33:54',5,'','Matheus Mancio (6)'),(27258,'Ticket',506,'',0,'Matheus Mancio (6)','2023-05-03 11:33:54',7,'&nbsp; (0)','INFORMÁTICA &gt; INFRAESTRUTURA &gt; SOFTWARE &gt; TRANSMISSÃO (107)'),(27259,'Ticket',506,'',0,'Matheus Mancio (6)','2023-05-03 11:33:54',12,'1','2'),(27260,'Ticket',506,'',0,'Matheus Mancio (6)','2023-05-03 11:33:54',9,'WhatsApp (6)','Via Sistema (1)'),(27261,'Ticket',506,'',0,'Matheus Mancio (6)','2023-05-03 11:33:54',52,'1','3'),(27262,'Ticket',506,'',0,'Matheus Mancio (6)','2023-05-03 11:33:54',83,'&nbsp; (0)','Diretoria &gt; Coordenação Pedagógica &gt; Pós Graduação (59)'),(27263,'Ticket',506,'',0,'Matheus Mancio (6)','2023-05-03 11:33:54',21,'&lt;div dir=\"auto\"&gt;&lt;div dir=\"auto\"&gt;Bom dia Matheus, recebi essa solicitação do Rafael, como estou ausente está semana, por favor providencie a montagem da estrutura nos mo','&lt;div dir=\"auto\"&gt;&lt;div dir=\"auto\"&gt;Bom dia Matheus, recebi essa solicitação do Rafael, como estou ausente está semana, por favor providencie a montagem da estrutura nos mo'),(27264,'Ticket',493,'ITILFollowup',17,'Matheus Mancio (6)','2023-05-03 11:34:54',0,'','268'),(27265,'Ticket',506,'ITILFollowup',17,'Matheus Mancio (6)','2023-05-03 11:41:40',0,'','269'),(27266,'Ticket',493,'User',15,'Gabriel Santos Silva (89)','2023-05-03 19:25:55',5,'','Gabriel Santos Silva (89)'),(27267,'Ticket',493,'User',15,'Gabriel Santos Silva (89)','2023-05-03 19:26:07',5,'','Heitor Silva Saqueto (76)'),(27268,'Ticket',493,'',0,'Gabriel Santos Silva (89)','2023-05-03 19:30:49',12,'2','5'),(27269,'Ticket',493,'',0,'Gabriel Santos Silva (89)','2023-05-03 19:30:49',17,'','2023-05-03 16:30:49'),(27270,'Ticket',493,'ITILSolution',17,'Gabriel Santos Silva (89)','2023-05-03 19:30:49',0,'','471 (471)'),(27271,'ITILSolution',471,'0',20,'Gabriel Santos Silva (89)','2023-05-03 19:30:49',0,'',''),(27272,'Ticket',507,'User',15,'cron_mailgate','2023-05-03 21:32:02',4,'','Rafael Bachur Moura (75)'),(27273,'Ticket',507,'User',15,'cron_mailgate','2023-05-03 21:32:02',66,'','LISLENE  LEDIER AYLON (43)'),(27274,'Ticket',507,'User',15,'cron_mailgate','2023-05-03 21:32:02',66,'','Rafael Barros Pustrelo (18)'),(27275,'Ticket',507,'0',20,'cron_mailgate','2023-05-03 21:32:02',0,'',''),(27276,'Ticket',507,'',0,'Matheus Mancio (6)','2023-05-04 11:17:10',7,'&nbsp; (0)','INFORMÁTICA &gt; INFRAESTRUTURA &gt; SOFTWARE &gt; TRANSMISSÃO (107)'),(27277,'Ticket',507,'',0,'Matheus Mancio (6)','2023-05-04 11:17:10',9,'WhatsApp (6)','Via Sistema (1)'),(27278,'Ticket',507,'',0,'Matheus Mancio (6)','2023-05-04 11:17:10',52,'1','2'),(27279,'Ticket',507,'',0,'Matheus Mancio (6)','2023-05-04 11:17:10',83,'&nbsp; (0)','Diretoria &gt; Secretaria &gt; Salas de Aulas &gt; AUDITÓRIO 1 (31)'),(27280,'Ticket',507,'',0,'Matheus Mancio (6)','2023-05-04 11:17:10',21,'Boa tarde, pessoal.&lt;div&gt;&lt;br /&gt;&lt;/div&gt;&lt;div dir=\"auto\"&gt;Precisamos preparar a sala, no auditório I, para transmissão de Live. A Live é sobre a PL de regulamenta','&lt;p&gt;Boa tarde, pessoal.&lt;/p&gt;&lt;div&gt; &lt;/div&gt;&lt;div dir=\"auto\"&gt;Precisamos preparar a sala, no auditório I, para transmissão de Live. A Live é sobre a PL de reg'),(27281,'Ticket',507,'',0,'Matheus Mancio (6)','2023-05-04 11:17:10',64,'&nbsp; (0)','matheus.mancio (6)'),(27282,'Ticket',505,'',0,'Matheus Mancio (6)','2023-05-04 11:18:58',12,'2','5'),(27283,'Ticket',505,'',0,'Matheus Mancio (6)','2023-05-04 11:18:58',17,'','2023-05-04 08:18:58'),(27284,'Ticket',505,'ITILSolution',17,'Matheus Mancio (6)','2023-05-04 11:18:58',0,'','472 (472)'),(27285,'ITILSolution',472,'0',20,'Matheus Mancio (6)','2023-05-04 11:18:58',0,'',''),(27286,'Ticket',398,'',0,'Matheus Mancio (6)','2023-05-04 11:19:28',12,'2','4'),(27287,'Ticket',506,'ITILFollowup',17,'Matheus Mancio (6)','2023-05-04 20:04:09',0,'','270'),(27288,'Ticket',506,'User',15,'Matheus Mancio (6)','2023-05-04 20:04:23',66,'','Rafael Barros Pustrelo (18)'),(27289,'Document',97,'0',20,'Matheus Mancio (6)','2023-05-04 20:05:10',0,'',''),(27290,'Document',97,'ITILFollowup',15,'Matheus Mancio (6)','2023-05-04 20:05:10',0,'','WhatsApp (271)'),(27291,'Ticket',506,'ITILFollowup',17,'Matheus Mancio (6)','2023-05-04 20:05:10',0,'','271'),(27292,'Ticket',506,'ITILFollowup',17,'Matheus Mancio (6)','2023-05-05 12:17:18',0,'','272'),(27293,'Ticket',508,'User',15,'Matheus Mancio (6)','2023-05-05 13:34:32',4,'','Luis Gustavo Lourenco Gomes (17)'),(27294,'Ticket',508,'',0,'Matheus Mancio (6)','2023-05-05 13:34:32',150,'0','92'),(27295,'Ticket',508,'User',15,'Matheus Mancio (6)','2023-05-05 13:34:32',5,'','Matheus Mancio (6)'),(27296,'Ticket',508,'0',20,'Matheus Mancio (6)','2023-05-05 13:34:32',0,'',''),(27297,'Ticket',508,'',0,'Matheus Mancio (6)','2023-05-05 13:34:50',7,'&nbsp; (0)','INFORMÁTICA &gt; INFRAESTRUTURA &gt; SOFTWARE &gt; E-MAIL INSTITUCIONAL (89)'),(27298,'Ticket',508,'',0,'Matheus Mancio (6)','2023-05-05 13:34:50',52,'1','3'),(27299,'Ticket',508,'',0,'Matheus Mancio (6)','2023-05-05 13:35:45',12,'2','5'),(27300,'Ticket',508,'',0,'Matheus Mancio (6)','2023-05-05 13:35:45',17,'','2023-05-05 10:35:45'),(27301,'Ticket',508,'ITILSolution',17,'Matheus Mancio (6)','2023-05-05 13:35:45',0,'','473 (473)'),(27302,'ITILSolution',473,'0',20,'Matheus Mancio (6)','2023-05-05 13:35:45',0,'',''),(27303,'Ticket',506,'',0,'Matheus Mancio (6)','2023-05-05 16:57:19',12,'2','5'),(27304,'Ticket',506,'',0,'Matheus Mancio (6)','2023-05-05 16:57:19',17,'','2023-05-05 13:57:19'),(27305,'Ticket',506,'ITILSolution',17,'Matheus Mancio (6)','2023-05-05 16:57:20',0,'','474 (474)'),(27306,'ITILSolution',474,'0',20,'Matheus Mancio (6)','2023-05-05 16:57:20',0,'',''),(27307,'Ticket',493,'',0,'cron_closeticket','2023-05-06 05:16:02',12,'5','6'),(27308,'Ticket',493,'',0,'cron_closeticket','2023-05-06 05:16:02',16,'','2023-05-06 02:16:02'),(27309,'MailCollector',3,'',0,'cron_mailgate','2023-05-06 10:11:01',22,'0','1'),(27310,'MailCollector',3,'',0,'cron_mailgate','2023-05-06 10:12:01',22,'1','0'),(27311,'Ticket',505,'',0,'cron_closeticket','2023-05-06 17:16:01',12,'5','6'),(27312,'Ticket',505,'',0,'cron_closeticket','2023-05-06 17:16:01',16,'','2023-05-06 14:16:01'),(27313,'Ticket',506,'',0,'cron_closeticket','2023-05-07 17:16:02',12,'5','6'),(27314,'Ticket',506,'',0,'cron_closeticket','2023-05-07 17:16:02',16,'','2023-05-07 14:16:02'),(27315,'Ticket',508,'',0,'cron_closeticket','2023-05-07 17:16:04',12,'5','6'),(27316,'Ticket',508,'',0,'cron_closeticket','2023-05-07 17:16:04',16,'','2023-05-07 14:16:04'),(27317,'Ticket',509,'User',15,'cron_mailgate','2023-05-08 11:45:02',4,'','Arthur Henrique Almeida Simões (77)'),(27318,'Ticket',509,'0',20,'cron_mailgate','2023-05-08 11:45:02',0,'',''),(27319,'Ticket',398,'',0,'gustavo giovanella (7)','2023-05-08 11:51:10',12,'4','5'),(27320,'Ticket',398,'',0,'gustavo giovanella (7)','2023-05-08 11:51:10',64,'matheus.mancio (6)','gustavogiovanella (7)'),(27321,'Ticket',398,'',0,'gustavo giovanella (7)','2023-05-08 11:51:10',17,'','2023-05-08 08:51:10'),(27322,'Ticket',398,'ITILSolution',17,'gustavo giovanella (7)','2023-05-08 11:51:10',0,'','475 (475)'),(27323,'ITILSolution',475,'0',20,'gustavo giovanella (7)','2023-05-08 11:51:10',0,'',''),(27324,'Ticket',507,'',0,'gustavo giovanella (7)','2023-05-08 16:27:13',12,'1','5'),(27325,'Ticket',507,'',0,'gustavo giovanella (7)','2023-05-08 16:27:13',64,'matheus.mancio (6)','gustavogiovanella (7)'),(27326,'Ticket',507,'',0,'gustavo giovanella (7)','2023-05-08 16:27:13',17,'','2023-05-08 13:27:13'),(27327,'Ticket',507,'ITILSolution',17,'gustavo giovanella (7)','2023-05-08 16:27:13',0,'','476 (476)'),(27328,'ITILSolution',476,'0',20,'gustavo giovanella (7)','2023-05-08 16:27:13',0,'',''),(27329,'Ticket',509,'',0,'Matheus Mancio (6)','2023-05-08 16:33:24',150,'0','17302'),(27330,'Ticket',509,'',0,'Matheus Mancio (6)','2023-05-08 16:33:24',64,'&nbsp; (0)','matheus.mancio (6)'),(27331,'Ticket',509,'User',15,'Matheus Mancio (6)','2023-05-08 16:33:25',5,'','Heitor Silva Saqueto (76)'),(27332,'Ticket',509,'',0,'Matheus Mancio (6)','2023-05-08 16:33:25',7,'&nbsp; (0)','INFORMÁTICA &gt; INFRAESTRUTURA &gt; TELEFONE (77)'),(27333,'Ticket',509,'',0,'Matheus Mancio (6)','2023-05-08 16:33:25',12,'1','2'),(27334,'Ticket',509,'',0,'Matheus Mancio (6)','2023-05-08 16:33:25',9,'WhatsApp (6)','Via Sistema (1)'),(27335,'Ticket',509,'',0,'Matheus Mancio (6)','2023-05-08 16:33:25',52,'1','3'),(27336,'Ticket',509,'',0,'Matheus Mancio (6)','2023-05-08 16:33:25',83,'&nbsp; (0)','Diretoria &gt; Diretoria Administrativa &gt; Marketing (54)'),(27337,'Ticket',509,'',0,'Matheus Mancio (6)','2023-05-08 16:33:25',21,'&lt;div dir=\"ltr\"&gt;&lt;br /&gt;&lt;/div&gt;','&lt;div dir=\"ltr\"&gt; &lt;/div&gt;'),(27338,'Ticket',510,'User',15,'Matheus Mancio (6)','2023-05-08 18:47:51',4,'','LAURO MENDE DE MELLO (80)'),(27339,'Ticket',510,'',0,'Matheus Mancio (6)','2023-05-08 18:47:51',150,'0','171'),(27340,'Ticket',510,'User',15,'Matheus Mancio (6)','2023-05-08 18:47:51',5,'','Heitor Silva Saqueto (76)'),(27341,'Ticket',510,'0',20,'Matheus Mancio (6)','2023-05-08 18:47:51',0,'',''),(27342,'Ticket',510,'',0,'Matheus Mancio (6)','2023-05-08 18:48:27',7,'&nbsp; (0)','INFORMÁTICA &gt; INFRAESTRUTURA &gt; SOFTWARE (76)'),(27343,'Ticket',510,'',0,'Matheus Mancio (6)','2023-05-08 18:48:27',52,'1','3'),(27344,'Ticket',510,'User',15,'Gabriel Santos Silva (89)','2023-05-09 00:30:33',66,'','Gabriel Santos Silva (89)'),(27345,'Ticket',510,'',0,'Gabriel Santos Silva (89)','2023-05-09 00:32:50',12,'2','5'),(27346,'Ticket',510,'',0,'Gabriel Santos Silva (89)','2023-05-09 00:32:50',17,'','2023-05-08 21:32:50'),(27347,'Ticket',510,'ITILSolution',17,'Gabriel Santos Silva (89)','2023-05-09 00:32:50',0,'','477 (477)'),(27348,'ITILSolution',477,'0',20,'Gabriel Santos Silva (89)','2023-05-09 00:32:50',0,'',''),(27349,'Ticket',509,'User',15,'Gabriel Santos Silva (89)','2023-05-09 00:35:29',66,'','Gabriel Santos Silva (89)'),(27350,'Ticket',509,'',0,'Gabriel Santos Silva (89)','2023-05-09 00:38:26',12,'2','5'),(27351,'Ticket',509,'',0,'Gabriel Santos Silva (89)','2023-05-09 00:38:26',17,'','2023-05-08 21:38:26'),(27352,'Ticket',509,'ITILSolution',17,'Gabriel Santos Silva (89)','2023-05-09 00:38:26',0,'','478 (478)'),(27353,'ITILSolution',478,'0',20,'Gabriel Santos Silva (89)','2023-05-09 00:38:26',0,'',''),(27354,'Document',98,'0',20,'Matheus Mancio (6)','2023-05-09 14:09:35',0,'',''),(27355,'Document',98,'ITILFollowup',15,'Matheus Mancio (6)','2023-05-09 14:09:35',0,'','WhatsApp (273)'),(27356,'Ticket',500,'ITILFollowup',17,'Matheus Mancio (6)','2023-05-09 14:09:35',0,'','273'),(27357,'PurgeLogs',0,'',12,'cron_PurgeLogs','2023-05-09 18:31:02',0,'23232','23232'),(27358,'Ticket',398,'',0,'cron_closeticket','2023-05-10 17:16:02',12,'5','6'),(27359,'Ticket',398,'',0,'cron_closeticket','2023-05-10 17:16:02',16,'','2023-05-10 14:16:02'),(27360,'Ticket',507,'',0,'cron_closeticket','2023-05-10 17:16:02',12,'5','6'),(27361,'Ticket',507,'',0,'cron_closeticket','2023-05-10 17:16:02',16,'','2023-05-10 14:16:02'),(27362,'Ticket',509,'',0,'cron_closeticket','2023-05-11 05:16:02',12,'5','6'),(27363,'Ticket',509,'',0,'cron_closeticket','2023-05-11 05:16:02',16,'','2023-05-11 02:16:02'),(27364,'Ticket',510,'',0,'cron_closeticket','2023-05-11 05:16:02',12,'5','6'),(27365,'Ticket',510,'',0,'cron_closeticket','2023-05-11 05:16:02',16,'','2023-05-11 02:16:02'),(27366,'MailCollector',3,'',0,'cron_mailgate','2023-05-11 05:36:02',22,'0','1'),(27367,'MailCollector',3,'',0,'cron_mailgate','2023-05-11 05:37:02',22,'1','0'),(27368,'MailCollector',3,'',0,'cron_mailgate','2023-05-11 08:01:02',22,'0','1'),(27369,'MailCollector',3,'',0,'cron_mailgate','2023-05-11 08:02:02',22,'1','0'),(27370,'Ticket',511,'User',15,'cron_mailgate','2023-05-11 13:57:01',4,'','MARIA  GORETI CINTRA CASTRO (36)'),(27371,'Ticket',511,'0',20,'cron_mailgate','2023-05-11 13:57:01',0,'',''),(27372,'Ticket',511,'',0,'gustavo giovanella (7)','2023-05-11 16:28:20',12,'1','5'),(27373,'Ticket',511,'',0,'gustavo giovanella (7)','2023-05-11 16:28:20',64,'&nbsp; (0)','gustavogiovanella (7)'),(27374,'Ticket',511,'',0,'gustavo giovanella (7)','2023-05-11 16:28:20',17,'','2023-05-11 13:28:20'),(27375,'Ticket',511,'ITILSolution',17,'gustavo giovanella (7)','2023-05-11 16:28:20',0,'','479 (479)'),(27376,'ITILSolution',479,'0',20,'gustavo giovanella (7)','2023-05-11 16:28:20',0,'',''),(27377,'Ticket',512,'User',15,'Matheus Mancio (6)','2023-05-11 17:01:58',4,'','Vinicius Neves Piassa (24)'),(27378,'Ticket',512,'',0,'Matheus Mancio (6)','2023-05-11 17:01:58',150,'0','15118'),(27379,'Ticket',512,'User',15,'Matheus Mancio (6)','2023-05-11 17:01:58',5,'','Matheus Mancio (6)'),(27380,'Ticket',512,'0',20,'Matheus Mancio (6)','2023-05-11 17:01:58',0,'',''),(27381,'Ticket',512,'',0,'Matheus Mancio (6)','2023-05-11 17:02:10',52,'1','3'),(27382,'Document',99,'0',20,'Matheus Mancio (6)','2023-05-11 17:02:30',0,'',''),(27383,'Document',99,'ITILSolution',15,'Matheus Mancio (6)','2023-05-11 17:02:30',0,'','480 (480)'),(27384,'ITILSolution',480,'Document',15,'Matheus Mancio (6)','2023-05-11 17:02:30',0,'','645d1f9d3318b3.55544326image_paste5424526.png (99)'),(27385,'Ticket',512,'',0,'Matheus Mancio (6)','2023-05-11 17:02:30',12,'2','5'),(27386,'Ticket',512,'',0,'Matheus Mancio (6)','2023-05-11 17:02:30',17,'','2023-05-11 14:02:30'),(27387,'Ticket',512,'ITILSolution',17,'Matheus Mancio (6)','2023-05-11 17:02:30',0,'','480 (480)'),(27388,'ITILSolution',480,'0',20,'Matheus Mancio (6)','2023-05-11 17:02:30',0,'',''),(27389,'MailCollector',3,'',0,'cron_mailgate','2023-05-12 03:48:02',22,'0','1'),(27390,'MailCollector',3,'',0,'cron_mailgate','2023-05-12 03:49:02',22,'1','0'),(27391,'MailCollector',3,'',0,'cron_mailgate','2023-05-12 09:32:02',22,'0','1'),(27392,'MailCollector',3,'',0,'cron_mailgate','2023-05-12 09:33:02',22,'1','0'),(27393,'Ticket',506,'',0,'Matheus Mancio (6)','2023-05-12 11:54:15',12,'6','2'),(27394,'Ticket',506,'',0,'Matheus Mancio (6)','2023-05-12 11:54:15',17,'2023-05-05 13:57:19',NULL),(27395,'Ticket',506,'',0,'Matheus Mancio (6)','2023-05-12 11:54:15',16,'2023-05-07 14:16:02',NULL),(27396,'Ticket',506,'ITILFollowup',17,'Matheus Mancio (6)','2023-05-12 11:54:15',0,'','274'),(27397,'MailCollector',3,'',0,'cron_mailgate','2023-05-13 01:51:01',22,'0','1'),(27398,'MailCollector',3,'',0,'cron_mailgate','2023-05-13 01:52:01',22,'1','0'),(27399,'Ticket',511,'',0,'cron_closeticket','2023-05-13 17:16:02',12,'5','6'),(27400,'Ticket',511,'',0,'cron_closeticket','2023-05-13 17:16:02',16,'','2023-05-13 14:16:02'),(27401,'Ticket',512,'',0,'cron_closeticket','2023-05-13 17:16:02',12,'5','6'),(27402,'Ticket',512,'',0,'cron_closeticket','2023-05-13 17:16:02',16,'','2023-05-13 14:16:02'),(27403,'MailCollector',3,'',0,'cron_mailgate','2023-05-14 06:11:02',22,'0','1'),(27404,'MailCollector',3,'',0,'cron_mailgate','2023-05-14 06:12:02',22,'1','0'),(27405,'MailCollector',3,'',0,'cron_mailgate','2023-05-14 13:41:02',22,'0','1'),(27406,'MailCollector',3,'',0,'cron_mailgate','2023-05-14 13:42:02',22,'1','0'),(27407,'MailCollector',3,'',0,'cron_mailgate','2023-05-14 13:47:02',22,'0','1'),(27408,'MailCollector',3,'',0,'cron_mailgate','2023-05-14 13:48:01',22,'1','0'),(27409,'MailCollector',3,'',0,'cron_mailgate','2023-05-15 00:04:02',22,'0','1'),(27410,'MailCollector',3,'',0,'cron_mailgate','2023-05-15 00:05:02',22,'1','0'),(27411,'MailCollector',3,'',0,'cron_mailgate','2023-05-15 07:50:01',22,'0','1'),(27412,'MailCollector',3,'',0,'cron_mailgate','2023-05-15 07:51:01',22,'1','0'),(27413,'Document',100,'0',20,'cron_mailgate','2023-05-15 23:06:01',0,'',''),(27414,'Document',100,'Ticket',15,'cron_mailgate','2023-05-15 23:06:01',0,'','Scanner com erro (513)'),(27415,'Ticket',513,'Document',15,'cron_mailgate','2023-05-15 23:06:01',0,'','Documento do Chamado 513 (100)'),(27416,'Ticket',513,'User',15,'cron_mailgate','2023-05-15 23:06:01',4,'','Ana Amelia Rubio Cruz (83)'),(27417,'Ticket',513,'0',20,'cron_mailgate','2023-05-15 23:06:01',0,'',''),(27418,'MailCollector',3,'',0,'cron_mailgate','2023-05-16 01:33:02',22,'0','1'),(27419,'MailCollector',3,'',0,'cron_mailgate','2023-05-16 01:34:02',22,'1','0'),(27420,'MailCollector',3,'',0,'cron_mailgate','2023-05-16 03:36:01',22,'0','1'),(27421,'MailCollector',3,'',0,'cron_mailgate','2023-05-16 03:37:01',22,'1','0'),(27422,'MailCollector',3,'',0,'cron_mailgate','2023-05-16 09:56:01',22,'0','1'),(27423,'MailCollector',3,'',0,'cron_mailgate','2023-05-16 09:57:01',22,'1','0'),(27424,'Ticket',513,'',0,'gustavo giovanella (7)','2023-05-16 10:27:24',12,'1','5'),(27425,'Ticket',513,'',0,'gustavo giovanella (7)','2023-05-16 10:27:24',64,'&nbsp; (0)','gustavogiovanella (7)'),(27426,'Ticket',513,'',0,'gustavo giovanella (7)','2023-05-16 10:27:24',17,'','2023-05-16 07:27:24'),(27427,'Ticket',513,'ITILSolution',17,'gustavo giovanella (7)','2023-05-16 10:27:24',0,'','481 (481)'),(27428,'ITILSolution',481,'0',20,'gustavo giovanella (7)','2023-05-16 10:27:24',0,'',''),(27429,'Ticket',514,'User',15,'cron_mailgate','2023-05-16 14:50:01',4,'','Rafael Barros Pustrelo (18)'),(27430,'Ticket',514,'0',20,'cron_mailgate','2023-05-16 14:50:01',0,'',''),(27431,'PurgeLogs',0,'',12,'cron_PurgeLogs','2023-05-16 18:31:01',0,'23306','23306'),(27432,'Ticket',514,'',0,'gustavo giovanella (7)','2023-05-16 18:59:14',150,'0','14953'),(27433,'Ticket',514,'',0,'gustavo giovanella (7)','2023-05-16 18:59:14',64,'&nbsp; (0)','gustavogiovanella (7)'),(27434,'Ticket',514,'TicketTask',17,'gustavo giovanella (7)','2023-05-16 18:59:14',0,'','151'),(27435,'Ticket',514,'User',15,'gustavo giovanella (7)','2023-05-16 19:01:29',5,'','gustavo giovanella (7)'),(27436,'Ticket',514,'',0,'gustavo giovanella (7)','2023-05-16 19:01:29',12,'1','2'),(27437,'Ticket',514,'',0,'gustavo giovanella (7)','2023-05-16 19:01:29',21,'&lt;div dir=\"auto\"&gt;Prezados,&lt;div dir=\"auto\"&gt;Preciso com urgência as filmagens da casa em torno da 1h da manhã, nessa madrugada. Os professores Dr. Lauro e dr. José Roberto','&lt;div dir=\"auto\"&gt;Prezados,&lt;div dir=\"auto\"&gt;Preciso com urgência as filmagens da casa em torno da 1h da manhã, nessa madrugada. Os professores Dr. Lauro e dr. José Roberto'),(27438,'Ticket',515,'User',15,'cron_mailgate','2023-05-16 21:53:01',4,'','Rafael Barros Pustrelo (18)'),(27439,'Ticket',515,'0',20,'cron_mailgate','2023-05-16 21:53:01',0,'',''),(27440,'Ticket',515,'',0,'Matheus Mancio (6)','2023-05-17 11:41:17',7,'&nbsp; (0)','INFORMÁTICA &gt; INFRAESTRUTURA &gt; SEGURANÇA &gt; CAMERAS IP (106)'),(27441,'Ticket',515,'',0,'Matheus Mancio (6)','2023-05-17 11:41:17',9,'WhatsApp (6)','Via Sistema (1)'),(27442,'Ticket',515,'',0,'Matheus Mancio (6)','2023-05-17 11:41:17',52,'1','3'),(27443,'Ticket',515,'',0,'Matheus Mancio (6)','2023-05-17 11:41:17',83,'&nbsp; (0)','Diretoria &gt; Diretoria Administrativa (15)'),(27444,'Ticket',515,'',0,'Matheus Mancio (6)','2023-05-17 11:41:17',21,'&lt;div dir=\"auto\"&gt;Olá!&lt;div dir=\"auto\"&gt;Acabei de topar com 2 sujeitos estranhos no estacionamento em frente a casa. Um deles estava de carro, cor prata. Puxem nas câmeras ','&lt;div dir=\"auto\"&gt;Olá!&lt;div dir=\"auto\"&gt;Acabei de topar com 2 sujeitos estranhos no estacionamento em frente a casa. Um deles estava de carro, cor prata. Puxem nas câmeras '),(27445,'Ticket',515,'',0,'Matheus Mancio (6)','2023-05-17 11:41:17',64,'&nbsp; (0)','matheus.mancio (6)'),(27446,'Ticket',514,'',0,'Matheus Mancio (6)','2023-05-17 11:42:49',7,'&nbsp; (0)','INFORMÁTICA &gt; INFRAESTRUTURA &gt; SEGURANÇA &gt; CAMERAS IP (106)'),(27447,'Ticket',514,'',0,'Matheus Mancio (6)','2023-05-17 11:42:49',9,'WhatsApp (6)','Via Sistema (1)'),(27448,'Ticket',514,'',0,'Matheus Mancio (6)','2023-05-17 11:42:49',52,'1','3'),(27449,'Ticket',514,'',0,'Matheus Mancio (6)','2023-05-17 11:42:49',83,'&nbsp; (0)','Diretoria &gt; Diretoria Administrativa (15)'),(27450,'Ticket',514,'',0,'Matheus Mancio (6)','2023-05-17 11:42:49',64,'gustavogiovanella (7)','matheus.mancio (6)'),(27451,'Ticket',515,'',0,'Matheus Mancio (6)','2023-05-17 11:43:11',150,'0','49810'),(27452,'Ticket',515,'User',15,'Matheus Mancio (6)','2023-05-17 11:43:11',5,'','gustavo giovanella (7)'),(27453,'Ticket',515,'',0,'Matheus Mancio (6)','2023-05-17 11:43:11',12,'1','2'),(27454,'Ticket',515,'',0,'gustavo giovanella (7)','2023-05-17 12:05:51',12,'2','5'),(27455,'Ticket',515,'',0,'gustavo giovanella (7)','2023-05-17 12:05:51',64,'matheus.mancio (6)','gustavogiovanella (7)'),(27456,'Ticket',515,'',0,'gustavo giovanella (7)','2023-05-17 12:05:51',17,'','2023-05-17 09:05:51'),(27457,'Ticket',515,'ITILSolution',17,'gustavo giovanella (7)','2023-05-17 12:05:51',0,'','482 (482)'),(27458,'ITILSolution',482,'0',20,'gustavo giovanella (7)','2023-05-17 12:05:51',0,'',''),(27459,'Ticket',514,'',0,'gustavo giovanella (7)','2023-05-17 16:44:59',12,'2','5'),(27460,'Ticket',514,'',0,'gustavo giovanella (7)','2023-05-17 16:44:59',64,'matheus.mancio (6)','gustavogiovanella (7)'),(27461,'Ticket',514,'',0,'gustavo giovanella (7)','2023-05-17 16:44:59',17,'','2023-05-17 13:44:59'),(27462,'Ticket',514,'ITILSolution',17,'gustavo giovanella (7)','2023-05-17 16:44:59',0,'','483 (483)'),(27463,'ITILSolution',483,'0',20,'gustavo giovanella (7)','2023-05-17 16:44:59',0,'',''),(27464,'Ticket',516,'User',15,'cron_mailgate','2023-05-17 18:29:01',4,'','Rafael Barros Pustrelo (18)'),(27465,'Ticket',516,'0',20,'cron_mailgate','2023-05-17 18:29:01',0,'',''),(27466,'Ticket',516,'',0,'Matheus Mancio (6)','2023-05-17 19:11:23',150,'0','2542'),(27467,'Ticket',516,'',0,'Matheus Mancio (6)','2023-05-17 19:11:23',64,'&nbsp; (0)','matheus.mancio (6)'),(27468,'Ticket',516,'User',15,'Matheus Mancio (6)','2023-05-17 19:11:23',5,'','Matheus Mancio (6)'),(27469,'Ticket',516,'',0,'Matheus Mancio (6)','2023-05-17 19:11:23',7,'&nbsp; (0)','INFORMÁTICA &gt; INFRAESTRUTURA &gt; REDE &gt; INTERNET &gt; WIFI (116)'),(27470,'Ticket',516,'',0,'Matheus Mancio (6)','2023-05-17 19:11:23',12,'1','2'),(27471,'Ticket',516,'',0,'Matheus Mancio (6)','2023-05-17 19:11:23',9,'WhatsApp (6)','Via Sistema (1)'),(27472,'Ticket',516,'',0,'Matheus Mancio (6)','2023-05-17 19:11:23',52,'1','3'),(27473,'Ticket',516,'',0,'Matheus Mancio (6)','2023-05-17 19:11:23',83,'&nbsp; (0)','Diretoria &gt; Diretoria Administrativa (15)'),(27474,'Ticket',516,'',0,'Matheus Mancio (6)','2023-05-17 19:11:23',21,'&lt;div dir=\"ltr\"&gt;Prezados,&lt;div&gt;Recebemos um contato de aluna que relatou problemas em acessar o Wifi. Disse que não funciona.&lt;/div&gt;&lt;div&gt;&lt;br /&gt;&lt;/div&g','&lt;div dir=\"ltr\"&gt;Prezados,&lt;div&gt;Recebemos um contato de aluna que relatou problemas em acessar o Wifi. Disse que não funciona.&lt;/div&gt;&lt;div&gt; &lt;/div&gt;&lt;div&g'),(27475,'Ticket',516,'',0,'Matheus Mancio (6)','2023-05-17 19:17:24',12,'2','5'),(27476,'Ticket',516,'',0,'Matheus Mancio (6)','2023-05-17 19:17:24',17,'','2023-05-17 16:17:24'),(27477,'Ticket',516,'ITILSolution',17,'Matheus Mancio (6)','2023-05-17 19:17:24',0,'','484 (484)'),(27478,'ITILSolution',484,'0',20,'Matheus Mancio (6)','2023-05-17 19:17:24',0,'',''),(27479,'MailCollector',3,'',0,'cron_mailgate','2023-05-18 05:07:01',22,'0','1'),(27480,'MailCollector',3,'',0,'cron_mailgate','2023-05-18 05:08:01',22,'1','0'),(27481,'Ticket',513,'',0,'cron_closeticket','2023-05-18 17:16:01',12,'5','6'),(27482,'Ticket',513,'',0,'cron_closeticket','2023-05-18 17:16:01',16,'','2023-05-18 14:16:01'),(27483,'MailCollector',3,'',0,'cron_mailgate','2023-05-19 09:22:01',22,'0','1'),(27484,'MailCollector',3,'',0,'cron_mailgate','2023-05-19 09:23:01',22,'1','0'),(27485,'Document',101,'0',20,'Matheus Mancio (6)','2023-05-19 11:23:58',0,'',''),(27486,'Document',101,'Ticket',15,'Matheus Mancio (6)','2023-05-19 11:23:58',0,'','Ativação pacote office (517)'),(27487,'Ticket',517,'Document',15,'Matheus Mancio (6)','2023-05-19 11:23:58',0,'','Documento do Chamado 517 (101)'),(27488,'Ticket',517,'User',15,'Matheus Mancio (6)','2023-05-19 11:23:58',4,'','CILDO  GIOLO JUNIOR (63)'),(27489,'Ticket',517,'',0,'Matheus Mancio (6)','2023-05-19 11:23:58',150,'0','538'),(27490,'Ticket',517,'User',15,'Matheus Mancio (6)','2023-05-19 11:23:58',5,'','Matheus Mancio (6)'),(27491,'Ticket',517,'0',20,'Matheus Mancio (6)','2023-05-19 11:23:58',0,'',''),(27492,'Ticket',517,'',0,'Matheus Mancio (6)','2023-05-19 11:24:13',7,'&nbsp; (0)','INFORMÁTICA &gt; INFRAESTRUTURA &gt; SOFTWARE &gt; PACOTE OFFICE (99)'),(27493,'Ticket',517,'',0,'Matheus Mancio (6)','2023-05-19 11:24:13',52,'1','3'),(27494,'Ticket',517,'',0,'Matheus Mancio (6)','2023-05-19 11:24:13',21,'&lt;p&gt;Pacote office est&aacute; pedindo ativa&ccedil;&atilde;o no 1&ordm; A&lt;/p&gt;&lt;p&gt;&lt;a href=&quot;/glpi/front/document.send.php?docid=101&amp;tickets_id=517&quot; t','&lt;p&gt;Pacote office está pedindo ativação no 1º A&lt;/p&gt;&lt;p&gt;&lt;a href=\"https://suporte.direitofranca.br/glpi/front/document.send.php?docid=101&amp;tickets_id=517\" targe'),(27495,'Ticket',517,'ITILFollowup',17,'Matheus Mancio (6)','2023-05-19 11:24:50',0,'','275'),(27496,'Ticket',514,'',0,'cron_closeticket','2023-05-19 17:16:01',12,'5','6'),(27497,'Ticket',514,'',0,'cron_closeticket','2023-05-19 17:16:01',16,'','2023-05-19 14:16:01'),(27498,'Ticket',515,'',0,'cron_closeticket','2023-05-19 17:16:01',12,'5','6'),(27499,'Ticket',515,'',0,'cron_closeticket','2023-05-19 17:16:01',16,'','2023-05-19 14:16:01'),(27500,'Ticket',518,'User',15,'cron_mailgate','2023-05-19 22:23:01',4,'','MARIA  GORETI CINTRA CASTRO (36)'),(27501,'Ticket',518,'0',20,'cron_mailgate','2023-05-19 22:23:01',0,'',''),(27502,'MailCollector',3,'',0,'cron_mailgate','2023-05-20 04:07:01',22,'0','1'),(27503,'MailCollector',3,'',0,'cron_mailgate','2023-05-20 04:08:01',22,'1','0'),(27504,'Ticket',516,'',0,'cron_closeticket','2023-05-20 05:16:01',12,'5','6'),(27505,'Ticket',516,'',0,'cron_closeticket','2023-05-20 05:16:01',16,'','2023-05-20 02:16:01'),(27506,'Ticket',518,'',0,'Matheus Mancio (6)','2023-05-22 12:21:32',150,'0','223111'),(27507,'Ticket',518,'',0,'Matheus Mancio (6)','2023-05-22 12:21:32',64,'&nbsp; (0)','matheus.mancio (6)'),(27508,'Ticket',518,'User',15,'Matheus Mancio (6)','2023-05-22 12:21:32',5,'','Matheus Mancio (6)'),(27509,'Ticket',518,'',0,'Matheus Mancio (6)','2023-05-22 12:21:32',7,'&nbsp; (0)','INFORMÁTICA &gt; INFRAESTRUTURA &gt; IMPRESSORA &gt; TROCA DE TONNER / TINTA (90)'),(27510,'Ticket',518,'',0,'Matheus Mancio (6)','2023-05-22 12:21:32',12,'1','2'),(27511,'Ticket',518,'',0,'Matheus Mancio (6)','2023-05-22 12:21:32',9,'WhatsApp (6)','Via Sistema (1)'),(27512,'Ticket',518,'',0,'Matheus Mancio (6)','2023-05-22 12:21:32',52,'1','3'),(27513,'Ticket',518,'',0,'Matheus Mancio (6)','2023-05-22 12:21:32',83,'&nbsp; (0)','Diretoria &gt; Coordenação Pedagógica &gt; Docentes &gt; Sala dos Professores Unid 1 (11)'),(27514,'Ticket',518,'',0,'Matheus Mancio (6)','2023-05-22 12:21:32',21,'&lt;div dir=\"ltr\"&gt;Prezados, boa noite!&lt;div&gt;&lt;br /&gt;&lt;/div&gt;&lt;div&gt;A impressora da sala dos professores precisa trocar o cartucho.&lt;/div&gt;&lt;div&gt;&lt;br ','&lt;div dir=\"ltr\"&gt;Prezados, boa noite!&lt;div&gt; &lt;/div&gt;&lt;div&gt;A impressora da sala dos professores precisa trocar o cartucho.&lt;/div&gt;&lt;div&gt; &lt;/div&gt;&lt;d'),(27515,'Ticket',517,'',0,'Matheus Mancio (6)','2023-05-22 13:06:19',12,'2','5'),(27516,'Ticket',517,'',0,'Matheus Mancio (6)','2023-05-22 13:06:19',17,'','2023-05-22 10:06:19'),(27517,'Ticket',517,'ITILSolution',17,'Matheus Mancio (6)','2023-05-22 13:06:19',0,'','485 (485)'),(27518,'ITILSolution',485,'0',20,'Matheus Mancio (6)','2023-05-22 13:06:19',0,'',''),(27519,'Ticket',518,'',0,'Matheus Mancio (6)','2023-05-22 13:06:53',12,'2','5'),(27520,'Ticket',518,'',0,'Matheus Mancio (6)','2023-05-22 13:06:53',17,'','2023-05-22 10:06:53'),(27521,'Ticket',518,'ITILSolution',17,'Matheus Mancio (6)','2023-05-22 13:06:53',0,'','486 (486)'),(27522,'ITILSolution',486,'0',20,'Matheus Mancio (6)','2023-05-22 13:06:53',0,'',''),(27523,'Ticket',506,'',0,'Matheus Mancio (6)','2023-05-22 13:07:10',12,'2','5'),(27524,'Ticket',506,'',0,'Matheus Mancio (6)','2023-05-22 13:07:10',17,'','2023-05-22 10:07:10'),(27525,'Ticket',506,'ITILSolution',17,'Matheus Mancio (6)','2023-05-22 13:07:10',0,'','487 (487)'),(27526,'ITILSolution',487,'0',20,'Matheus Mancio (6)','2023-05-22 13:07:10',0,'',''),(27527,'Document',102,'0',20,'cron_mailgate','2023-05-22 19:41:01',0,'',''),(27528,'Document',102,'Ticket',15,'cron_mailgate','2023-05-22 19:41:01',0,'','PROBLEMA CADASTRO E ALTERAÇÃO SISTEMA DE CERTIFICADOS (519)'),(27529,'Ticket',519,'Document',15,'cron_mailgate','2023-05-22 19:41:01',0,'','Documento do Chamado 519 (102)'),(27530,'Document',103,'0',20,'cron_mailgate','2023-05-22 19:41:01',0,'',''),(27531,'Document',103,'Ticket',15,'cron_mailgate','2023-05-22 19:41:01',0,'','PROBLEMA CADASTRO E ALTERAÇÃO SISTEMA DE CERTIFICADOS (519)'),(27532,'Ticket',519,'Document',15,'cron_mailgate','2023-05-22 19:41:01',0,'','Documento do Chamado 519 (103)'),(27533,'Document',40,'Ticket',15,'cron_mailgate','2023-05-22 19:41:01',0,'','PROBLEMA CADASTRO E ALTERAÇÃO SISTEMA DE CERTIFICADOS (519)'),(27534,'Ticket',519,'Document',15,'cron_mailgate','2023-05-22 19:41:01',0,'','Documento do Chamado 238 (40)'),(27535,'Ticket',519,'User',15,'cron_mailgate','2023-05-22 19:41:04',4,'','Felipe Carvalho Tardivo (16)'),(27536,'Ticket',519,'0',20,'cron_mailgate','2023-05-22 19:41:04',0,'',''),(27537,'Ticket',519,'',0,'Matheus Mancio (6)','2023-05-22 19:59:54',150,'0','1133'),(27538,'Ticket',519,'',0,'Matheus Mancio (6)','2023-05-22 19:59:54',64,'&nbsp; (0)','matheus.mancio (6)'),(27539,'Ticket',519,'User',15,'Matheus Mancio (6)','2023-05-22 19:59:54',5,'','Matheus Mancio (6)'),(27540,'Ticket',519,'',0,'Matheus Mancio (6)','2023-05-22 19:59:54',7,'&nbsp; (0)','INFORMÁTICA &gt; INFRAESTRUTURA &gt; SOFTWARE &gt; SITE INSTITUCIONAL (132)'),(27541,'Ticket',519,'',0,'Matheus Mancio (6)','2023-05-22 19:59:54',12,'1','2'),(27542,'Ticket',519,'',0,'Matheus Mancio (6)','2023-05-22 19:59:54',9,'WhatsApp (6)','Via Sistema (1)'),(27543,'Ticket',519,'',0,'Matheus Mancio (6)','2023-05-22 19:59:54',52,'1','3'),(27544,'Ticket',519,'',0,'Matheus Mancio (6)','2023-05-22 19:59:54',83,'&nbsp; (0)','Diretoria &gt; Coordenação Pedagógica &gt; Atend. Coord. Pedagógica (5)'),(27545,'Ticket',519,'',0,'Matheus Mancio (6)','2023-05-22 19:59:54',21,'&lt;div dir=&quot;ltr&quot;&gt;Prezados, boa tarde&lt;div&gt;&lt;br /&gt;&lt;/div&gt;&lt;div&gt;Sou respons&aacute;vel pela emiss&atilde;o dos certificados da faculdade.&lt;/div&gt','&lt;div dir=\"ltr\"&gt;Prezados, boa tarde&lt;div&gt; &lt;/div&gt;&lt;div&gt;Sou responsável pela emissão dos certificados da faculdade.&lt;/div&gt;&lt;div&gt; &lt;/div&gt;&lt;div&gt'),(27546,'Ticket',519,'ITILFollowup',17,'Matheus Mancio (6)','2023-05-22 20:05:33',0,'','276'),(27547,'Ticket',519,'ITILFollowup',18,'Matheus Mancio (6)','2023-05-22 20:06:10',0,'','276'),(27548,'Ticket',520,'User',15,'Matheus Mancio (6)','2023-05-23 16:28:58',4,'','Pedro Henrique Batista Siva (31)'),(27549,'Ticket',520,'',0,'Matheus Mancio (6)','2023-05-23 16:28:58',150,'0','2458'),(27550,'Ticket',520,'User',15,'Matheus Mancio (6)','2023-05-23 16:28:58',5,'','Matheus Mancio (6)'),(27551,'Ticket',520,'0',20,'Matheus Mancio (6)','2023-05-23 16:28:58',0,'',''),(27552,'Ticket',520,'',0,'Matheus Mancio (6)','2023-05-23 16:29:13',52,'1','3'),(27553,'Ticket',520,'',0,'Matheus Mancio (6)','2023-05-23 16:29:16',12,'2','1'),(27554,'Ticket',520,'User',16,'Matheus Mancio (6)','2023-05-23 16:29:16',0,'Matheus Mancio (6)',''),(27555,'Ticket',520,'User',15,'Matheus Mancio (6)','2023-05-23 16:29:47',5,'','Matheus Mancio (6)'),(27556,'Ticket',520,'',0,'Matheus Mancio (6)','2023-05-23 16:29:47',12,'1','2'),(27557,'Ticket',520,'',0,'Matheus Mancio (6)','2023-05-23 17:08:00',12,'2','5'),(27558,'Ticket',520,'',0,'Matheus Mancio (6)','2023-05-23 17:08:00',17,'','2023-05-23 14:08:00'),(27559,'Ticket',520,'ITILSolution',17,'Matheus Mancio (6)','2023-05-23 17:08:00',0,'','488 (488)'),(27560,'ITILSolution',488,'0',20,'Matheus Mancio (6)','2023-05-23 17:08:00',0,'',''),(27561,'MailCollector',3,'',0,'cron_mailgate','2023-05-23 17:41:01',22,'0','1'),(27562,'MailCollector',3,'',0,'cron_mailgate','2023-05-23 17:42:01',22,'1','0'),(27563,'Ticket',521,'',0,'Matheus Mancio (6)','2023-05-23 18:16:26',150,'0','6386'),(27564,'Ticket',521,'',0,'Matheus Mancio (6)','2023-05-23 18:16:45',7,'&nbsp; (0)','INFORMÁTICA &gt; INFRAESTRUTURA &gt; SOFTWARE &gt; TRANSMISSÃO (107)'),(27565,'Ticket',521,'',0,'Matheus Mancio (6)','2023-05-23 18:16:45',52,'1','3'),(27566,'PurgeLogs',0,'',12,'cron_PurgeLogs','2023-05-23 18:31:01',0,'23441','23441'),(27567,'Ticket',522,'User',15,'cron_mailgate','2023-05-24 12:06:01',4,'','MARIA  GORETI CINTRA CASTRO (36)'),(27568,'Ticket',522,'0',20,'cron_mailgate','2023-05-24 12:06:01',0,'',''),(27569,'Ticket',522,'',0,'gustavo giovanella (7)','2023-05-24 12:34:41',150,'0','1720'),(27570,'Ticket',522,'',0,'gustavo giovanella (7)','2023-05-24 12:34:41',64,'&nbsp; (0)','gustavogiovanella (7)'),(27571,'Ticket',522,'',0,'gustavo giovanella (7)','2023-05-24 12:34:50',21,'&lt;div dir=\"ltr\"&gt;Bom dia!&lt;div&gt;&lt;br /&gt;&lt;/div&gt;&lt;div&gt;Segue número de matrícula para liberar wi-fi: 22937&lt;/div&gt;&lt;div&gt;&lt;br /&gt;&lt;/div&gt;&lt;div','&lt;div dir=\"ltr\"&gt;Bom dia!&lt;div&gt; &lt;/div&gt;&lt;div&gt;Segue número de matrícula para liberar wi-fi: 22937&lt;/div&gt;&lt;div&gt; &lt;/div&gt;&lt;div&gt;Atenciosamente,&lt'),(27572,'Ticket',522,'',0,'gustavo giovanella (7)','2023-05-24 12:35:17',12,'1','2'),(27573,'Ticket',522,'',0,'gustavo giovanella (7)','2023-05-24 12:37:33',12,'2','5'),(27574,'Ticket',522,'',0,'gustavo giovanella (7)','2023-05-24 12:37:33',17,'','2023-05-24 09:37:33'),(27575,'Ticket',506,'',0,'cron_closeticket','2023-05-24 17:16:01',12,'5','6'),(27576,'Ticket',506,'',0,'cron_closeticket','2023-05-24 17:16:01',16,'','2023-05-24 14:16:01'),(27577,'Ticket',517,'',0,'cron_closeticket','2023-05-24 17:16:03',12,'5','6'),(27578,'Ticket',517,'',0,'cron_closeticket','2023-05-24 17:16:03',16,'','2023-05-24 14:16:03'),(27579,'Ticket',518,'',0,'cron_closeticket','2023-05-24 17:16:03',12,'5','6'),(27580,'Ticket',518,'',0,'cron_closeticket','2023-05-24 17:16:03',16,'','2023-05-24 14:16:03'),(27581,'Ticket',500,'',0,'Matheus Mancio (6)','2023-05-24 17:51:21',12,'2','5'),(27582,'Ticket',500,'',0,'Matheus Mancio (6)','2023-05-24 17:51:21',17,'','2023-05-24 14:51:21'),(27583,'Ticket',500,'ITILSolution',17,'Matheus Mancio (6)','2023-05-24 17:51:21',0,'','490 (490)'),(27584,'ITILSolution',490,'0',20,'Matheus Mancio (6)','2023-05-24 17:51:21',0,'',''),(27585,'Ticket',519,'',0,'Matheus Mancio (6)','2023-05-24 17:57:36',12,'2','5'),(27586,'Ticket',519,'',0,'Matheus Mancio (6)','2023-05-24 17:57:36',17,'','2023-05-24 14:57:36'),(27587,'Ticket',519,'ITILSolution',17,'Matheus Mancio (6)','2023-05-24 17:57:36',0,'','491 (491)'),(27588,'ITILSolution',491,'0',20,'Matheus Mancio (6)','2023-05-24 17:57:36',0,'',''),(27589,'Ticket',454,'',0,'Matheus Mancio (6)','2023-05-24 18:29:06',12,'2','4'),(27590,'Ticket',521,'ITILFollowup',17,'Matheus Mancio (6)','2023-05-24 18:29:53',0,'','278'),(27591,'User',91,'Profile',17,'Matheus Mancio (6)','2023-05-24 18:31:52',0,'','Self-Service (1)'),(27592,'User',91,'0',20,'Matheus Mancio (6)','2023-05-24 18:31:52',0,'',''),(27593,'User',25,'',0,'Matheus Mancio (6)','2023-05-24 18:32:25',8,'1','0'),(27594,'User',88,'Profile',17,'Matheus Mancio (6)','2023-05-24 18:33:49',0,'','Self-Service (1)'),(27595,'User',88,'',0,'Matheus Mancio (6)','2023-05-24 18:34:09',80,'FACULDADE DE DIREITO DE FRANCA (0)','FACULDADE DE DIREITO DE FRANCA &gt; INFORMATICA (3)'),(27596,'User',88,'',0,'Matheus Mancio (6)','2023-05-24 18:34:09',13,'&nbsp; (0)','CONGREGAÇÃO &gt; DIRETORIA &gt; DIRETORIA ADMINISTRATIVA &gt; MARKETING (36)'),(27597,'Ticket',523,'User',15,'cron_mailgate','2023-05-24 18:36:01',4,'','Pedro Henrique Silva Faria (88)'),(27598,'Ticket',523,'0',20,'cron_mailgate','2023-05-24 18:36:01',0,'',''),(27599,'Ticket',523,'',0,'Matheus Mancio (6)','2023-05-24 18:36:47',150,'0','46'),(27600,'Ticket',523,'',0,'Matheus Mancio (6)','2023-05-24 18:36:47',64,'&nbsp; (0)','matheus.mancio (6)'),(27601,'Ticket',523,'User',15,'Matheus Mancio (6)','2023-05-24 18:36:47',5,'','Matheus Mancio (6)'),(27602,'Ticket',523,'',0,'Matheus Mancio (6)','2023-05-24 18:36:47',7,'&nbsp; (0)','INFORMÁTICA &gt; INFRAESTRUTURA &gt; TELEFONE (77)'),(27603,'Ticket',523,'',0,'Matheus Mancio (6)','2023-05-24 18:36:47',12,'1','2'),(27604,'Ticket',523,'',0,'Matheus Mancio (6)','2023-05-24 18:36:47',9,'WhatsApp (6)','Via Sistema (1)'),(27605,'Ticket',523,'',0,'Matheus Mancio (6)','2023-05-24 18:36:47',52,'1','3'),(27606,'Ticket',523,'',0,'Matheus Mancio (6)','2023-05-24 18:36:47',83,'&nbsp; (0)','Diretoria &gt; Diretoria Administrativa &gt; Marketing (54)'),(27607,'Ticket',523,'',0,'Matheus Mancio (6)','2023-05-24 18:37:55',12,'2','5'),(27608,'Ticket',523,'',0,'Matheus Mancio (6)','2023-05-24 18:37:55',17,'','2023-05-24 15:37:55'),(27609,'Ticket',523,'ITILSolution',17,'Matheus Mancio (6)','2023-05-24 18:37:55',0,'','492 (492)'),(27610,'ITILSolution',492,'0',20,'Matheus Mancio (6)','2023-05-24 18:37:55',0,'',''),(27611,'Ticket',524,'User',15,'cron_mailgate','2023-05-25 00:01:01',4,'','MARIA  GORETI CINTRA CASTRO (36)'),(27612,'Ticket',524,'0',20,'cron_mailgate','2023-05-25 00:01:01',0,'',''),(27613,'Ticket',524,'',0,'Matheus Mancio (6)','2023-05-25 11:32:04',150,'0','41463'),(27614,'Ticket',524,'',0,'Matheus Mancio (6)','2023-05-25 11:32:04',64,'&nbsp; (0)','matheus.mancio (6)'),(27615,'Ticket',524,'User',15,'Matheus Mancio (6)','2023-05-25 11:32:04',5,'','Matheus Mancio (6)'),(27616,'Ticket',524,'',0,'Matheus Mancio (6)','2023-05-25 11:32:04',7,'&nbsp; (0)','INFORMÁTICA &gt; INFRAESTRUTURA &gt; REDE &gt; INTERNET &gt; WIFI (116)'),(27617,'Ticket',524,'',0,'Matheus Mancio (6)','2023-05-25 11:32:04',12,'1','2'),(27618,'Ticket',524,'',0,'Matheus Mancio (6)','2023-05-25 11:32:04',9,'WhatsApp (6)','Via Sistema (1)'),(27619,'Ticket',524,'',0,'Matheus Mancio (6)','2023-05-25 11:32:04',52,'1','3'),(27620,'Ticket',524,'',0,'Matheus Mancio (6)','2023-05-25 11:32:04',83,'&nbsp; (0)','Diretoria &gt; Secretaria (6)'),(27621,'Ticket',524,'',0,'Matheus Mancio (6)','2023-05-25 11:32:04',21,'&lt;div dir=\"ltr\"&gt;Boa noite!&lt;div&gt;&lt;br /&gt;&lt;/div&gt;&lt;div&gt;Segue número de matrícula de aluna que não está conseguindo acessar o Wi-fi da Faculdade: 24131 - Lívia','&lt;div dir=\"ltr\"&gt;Boa noite!&lt;div&gt; &lt;/div&gt;&lt;div&gt;Segue número de matrícula de aluna que não está conseguindo acessar o Wi-fi da Faculdade: 24131 - Lívia.&lt;/div&g'),(27622,'Ticket',524,'',0,'Matheus Mancio (6)','2023-05-25 11:34:34',12,'2','5'),(27623,'Ticket',524,'',0,'Matheus Mancio (6)','2023-05-25 11:34:34',17,'','2023-05-25 08:34:34'),(27624,'Ticket',524,'ITILSolution',17,'Matheus Mancio (6)','2023-05-25 11:34:34',0,'','493 (493)'),(27625,'ITILSolution',493,'0',20,'Matheus Mancio (6)','2023-05-25 11:34:34',0,'',''),(27626,'Ticket',525,'User',15,'gustavo giovanella (7)','2023-05-25 15:20:06',4,'','Rafael Barros Pustrelo (18)'),(27627,'Ticket',525,'',0,'gustavo giovanella (7)','2023-05-25 15:20:06',150,'0','4806'),(27628,'Ticket',525,'User',15,'gustavo giovanella (7)','2023-05-25 15:20:06',5,'','gustavo giovanella (7)'),(27629,'Ticket',525,'0',20,'gustavo giovanella (7)','2023-05-25 15:20:06',0,'',''),(27630,'Ticket',525,'TicketTask',17,'gustavo giovanella (7)','2023-05-25 15:20:47',0,'','153'),(27631,'Ticket',525,'TicketTask',17,'gustavo giovanella (7)','2023-05-25 15:22:40',0,'','154'),(27632,'Ticket',520,'',0,'cron_closeticket','2023-05-25 17:16:01',12,'5','6'),(27633,'Ticket',520,'',0,'cron_closeticket','2023-05-25 17:16:01',16,'','2023-05-25 14:16:01'),(27634,'Ticket',525,'',0,'Matheus Mancio (6)','2023-05-25 17:38:04',7,'&nbsp; (0)','INFORMÁTICA &gt; INFRAESTRUTURA &gt; SOFTWARE &gt; TRANSMISSÃO (107)'),(27635,'Ticket',525,'',0,'Matheus Mancio (6)','2023-05-25 17:38:04',52,'1','3'),(27636,'Ticket',525,'',0,'Matheus Mancio (6)','2023-05-25 17:38:04',83,'&nbsp; (0)','Diretoria &gt; Secretaria &gt; Salas de Aulas (18)'),(27637,'Ticket',525,'',0,'Matheus Mancio (6)','2023-05-25 17:38:04',64,'gustavogiovanella (7)','matheus.mancio (6)'),(27638,'Ticket',525,'TicketTask',17,'Matheus Mancio (6)','2023-05-25 17:52:13',0,'','155'),(27639,'Ticket',521,'',0,'Matheus Mancio (6)','2023-05-26 11:46:38',12,'2','5'),(27640,'Ticket',521,'',0,'Matheus Mancio (6)','2023-05-26 11:46:38',17,'','2023-05-26 08:46:38'),(27641,'Ticket',521,'ITILSolution',17,'Matheus Mancio (6)','2023-05-26 11:46:38',0,'','494 (494)'),(27642,'ITILSolution',494,'0',20,'Matheus Mancio (6)','2023-05-26 11:46:38',0,'',''),(27643,'Ticket',522,'',0,'cron_closeticket','2023-05-26 17:16:01',12,'5','6'),(27644,'Ticket',522,'',0,'cron_closeticket','2023-05-26 17:16:01',16,'','2023-05-26 14:16:01'),(27645,'Ticket',500,'',0,'cron_closeticket','2023-05-27 05:16:01',12,'5','6'),(27646,'Ticket',500,'',0,'cron_closeticket','2023-05-27 05:16:01',16,'','2023-05-27 02:16:01'),(27647,'Ticket',519,'',0,'cron_closeticket','2023-05-27 05:16:01',12,'5','6'),(27648,'Ticket',519,'',0,'cron_closeticket','2023-05-27 05:16:01',16,'','2023-05-27 02:16:01'),(27649,'Ticket',523,'',0,'cron_closeticket','2023-05-27 05:16:08',12,'5','6'),(27650,'Ticket',523,'',0,'cron_closeticket','2023-05-27 05:16:08',16,'','2023-05-27 02:16:08'),(27651,'Ticket',524,'',0,'cron_closeticket','2023-05-27 17:16:01',12,'5','6'),(27652,'Ticket',524,'',0,'cron_closeticket','2023-05-27 17:16:01',16,'','2023-05-27 14:16:01'),(27653,'MailCollector',3,'',0,'cron_mailgate','2023-05-27 19:37:02',22,'0','1'),(27654,'MailCollector',3,'',0,'cron_mailgate','2023-05-27 19:38:02',22,'1','0'),(27655,'Ticket',521,'',0,'cron_closeticket','2023-05-28 17:16:01',12,'5','6'),(27656,'Ticket',521,'',0,'cron_closeticket','2023-05-28 17:16:01',16,'','2023-05-28 14:16:01'),(27657,'Document',106,'0',20,'cron_mailgate','2023-05-29 13:04:02',0,'',''),(27658,'Document',106,'Ticket',15,'cron_mailgate','2023-05-29 13:04:02',0,'','Implantação Revista dos Tribunais Online (526)'),(27659,'Ticket',526,'Document',15,'cron_mailgate','2023-05-29 13:04:02',0,'','Documento do Chamado 526 (106)'),(27660,'Document',107,'0',20,'cron_mailgate','2023-05-29 13:04:02',0,'',''),(27661,'Document',107,'Ticket',15,'cron_mailgate','2023-05-29 13:04:02',0,'','Implantação Revista dos Tribunais Online (526)'),(27662,'Ticket',526,'Document',15,'cron_mailgate','2023-05-29 13:04:02',0,'','Documento do Chamado 526 (107)'),(27663,'Document',108,'0',20,'cron_mailgate','2023-05-29 13:04:02',0,'',''),(27664,'Document',108,'Ticket',15,'cron_mailgate','2023-05-29 13:04:02',0,'','Implantação Revista dos Tribunais Online (526)'),(27665,'Ticket',526,'Document',15,'cron_mailgate','2023-05-29 13:04:02',0,'','Documento do Chamado 526 (108)'),(27666,'Document',109,'0',20,'cron_mailgate','2023-05-29 13:04:02',0,'',''),(27667,'Document',109,'Ticket',15,'cron_mailgate','2023-05-29 13:04:02',0,'','Implantação Revista dos Tribunais Online (526)'),(27668,'Ticket',526,'Document',15,'cron_mailgate','2023-05-29 13:04:02',0,'','Documento do Chamado 526 (109)'),(27669,'Document',110,'0',20,'cron_mailgate','2023-05-29 13:04:02',0,'',''),(27670,'Document',110,'Ticket',15,'cron_mailgate','2023-05-29 13:04:02',0,'','Implantação Revista dos Tribunais Online (526)'),(27671,'Ticket',526,'Document',15,'cron_mailgate','2023-05-29 13:04:02',0,'','Documento do Chamado 526 (110)'),(27672,'Document',111,'0',20,'cron_mailgate','2023-05-29 13:04:02',0,'',''),(27673,'Document',111,'Ticket',15,'cron_mailgate','2023-05-29 13:04:02',0,'','Implantação Revista dos Tribunais Online (526)'),(27674,'Ticket',526,'Document',15,'cron_mailgate','2023-05-29 13:04:02',0,'','Documento do Chamado 526 (111)'),(27675,'Document',112,'0',20,'cron_mailgate','2023-05-29 13:04:02',0,'',''),(27676,'Document',112,'Ticket',15,'cron_mailgate','2023-05-29 13:04:02',0,'','Implantação Revista dos Tribunais Online (526)'),(27677,'Ticket',526,'Document',15,'cron_mailgate','2023-05-29 13:04:02',0,'','Documento do Chamado 526 (112)'),(27678,'Ticket',526,'User',15,'cron_mailgate','2023-05-29 13:04:02',4,'','Rafael Barros Pustrelo (18)'),(27679,'Ticket',526,'0',20,'cron_mailgate','2023-05-29 13:04:02',0,'',''),(27680,'Ticket',526,'',0,'Matheus Mancio (6)','2023-05-29 13:09:40',150,'0','338'),(27681,'Ticket',526,'',0,'Matheus Mancio (6)','2023-05-29 13:09:40',64,'&nbsp; (0)','matheus.mancio (6)'),(27682,'Ticket',526,'User',15,'Matheus Mancio (6)','2023-05-29 13:09:40',5,'','gustavo giovanella (7)'),(27683,'Ticket',526,'',0,'Matheus Mancio (6)','2023-05-29 13:09:40',7,'&nbsp; (0)','INFORMÁTICA &gt; INFRAESTRUTURA &gt; SOFTWARE &gt; EDDYDATA (83)'),(27684,'Ticket',526,'',0,'Matheus Mancio (6)','2023-05-29 13:09:40',12,'1','2'),(27685,'Ticket',526,'',0,'Matheus Mancio (6)','2023-05-29 13:09:40',9,'WhatsApp (6)','Via Sistema (1)'),(27686,'Ticket',526,'',0,'Matheus Mancio (6)','2023-05-29 13:09:40',52,'1','3'),(27687,'Ticket',526,'',0,'Matheus Mancio (6)','2023-05-29 13:09:40',83,'&nbsp; (0)','Diretoria &gt; Diretoria Administrativa (15)'),(27688,'Ticket',526,'',0,'Matheus Mancio (6)','2023-05-29 13:09:40',21,'&lt;div dir=&quot;ltr&quot;&gt;&lt;div&gt;Favor realizar a implementa&ccedil;&atilde;o da RT.&lt;/div&gt;&lt;div&gt;&lt;br /&gt;&lt;/div&gt;&lt;div&gt;Colocar no portal do aluno, c','&lt;div dir=\"ltr\"&gt;&lt;div&gt;Favor realizar a implementação da RT.&lt;/div&gt;&lt;div&gt; &lt;/div&gt;&lt;div&gt;Colocar no portal do aluno, como a Biblioteca Saraiva.&lt;/div&g'),(27689,'Ticket',526,'User',15,'Matheus Mancio (6)','2023-05-29 13:09:52',5,'','Matheus Mancio (6)'),(27690,'Ticket',526,'',0,'gustavo giovanella (7)','2023-05-29 13:16:33',12,'2','1'),(27691,'Ticket',526,'TicketTask',17,'gustavo giovanella (7)','2023-05-29 13:16:33',0,'','156'),(27692,'Ticket',526,'',0,'gustavo giovanella (7)','2023-05-29 13:16:46',12,'1','2'),(27693,'Ticket',527,'User',15,'Matheus Mancio (6)','2023-05-29 14:02:41',4,'','LISLENE  LEDIER AYLON (43)'),(27694,'Ticket',527,'',0,'Matheus Mancio (6)','2023-05-29 14:02:41',150,'0','2801'),(27695,'Ticket',527,'User',15,'Matheus Mancio (6)','2023-05-29 14:02:41',5,'','Matheus Mancio (6)'),(27696,'Ticket',527,'0',20,'Matheus Mancio (6)','2023-05-29 14:02:41',0,'',''),(27697,'Ticket',527,'',0,'Matheus Mancio (6)','2023-05-29 14:03:06',7,'&nbsp; (0)','INFORMÁTICA &gt; INFRAESTRUTURA &gt; IMPRESSORA &gt; INSTALAR / CONFIGURAR / NÃO IMPRIMI (93)'),(27698,'Ticket',527,'',0,'Matheus Mancio (6)','2023-05-29 14:03:06',52,'1','3'),(27699,'Ticket',527,'',0,'Matheus Mancio (6)','2023-05-29 14:04:54',12,'2','5'),(27700,'Ticket',527,'',0,'Matheus Mancio (6)','2023-05-29 14:04:54',17,'','2023-05-29 11:04:54'),(27701,'Ticket',527,'ITILSolution',17,'Matheus Mancio (6)','2023-05-29 14:04:54',0,'','495 (495)'),(27702,'ITILSolution',495,'0',20,'Matheus Mancio (6)','2023-05-29 14:04:54',0,'',''),(27703,'Ticket',528,'User',15,'cron_mailgate','2023-05-29 21:29:01',4,'','LAIS FALEIROS FURUYA (90)'),(27704,'Ticket',528,'0',20,'cron_mailgate','2023-05-29 21:29:01',0,'',''),(27705,'Ticket',528,'',0,'Gabriel Santos Silva (89)','2023-05-29 22:10:38',150,'0','2497'),(27706,'Ticket',528,'',0,'Gabriel Santos Silva (89)','2023-05-29 22:10:38',64,'&nbsp; (0)','gabriel.silva (89)'),(27707,'Ticket',528,'User',15,'Gabriel Santos Silva (89)','2023-05-29 22:10:38',5,'','Gabriel Santos Silva (89)'),(27708,'Ticket',528,'',0,'Gabriel Santos Silva (89)','2023-05-29 22:10:38',12,'1','2'),(27709,'Ticket',528,'',0,'Gabriel Santos Silva (89)','2023-05-29 22:10:38',21,'&lt;div dir=\"ltr\"&gt;Prezado Matheus, tudo bem?&lt;br /&gt;Espero que sim. &lt;div&gt;&lt;br /&gt;&lt;/div&gt;&lt;div&gt;Há um período do meu estágio em que fico na sala da Dra. Ro','&lt;div dir=\"ltr\"&gt;Prezado Matheus, tudo bem?&lt;br /&gt;Espero que sim. &lt;div&gt; &lt;/div&gt;&lt;div&gt;Há um período do meu estágio em que fico na sala da Dra. Rosangela e u'),(27710,'Ticket',528,'',0,'Gabriel Santos Silva (89)','2023-05-29 22:14:03',7,'&nbsp; (0)','INFORMÁTICA &gt; INFRAESTRUTURA &gt; SOFTWARE &gt; SISTEMAS GOOGLE (128)'),(27711,'Ticket',528,'',0,'Gabriel Santos Silva (89)','2023-05-29 22:14:03',9,'WhatsApp (6)','Via Sistema (1)'),(27712,'Ticket',528,'',0,'Gabriel Santos Silva (89)','2023-05-29 22:14:03',83,'&nbsp; (0)','Diretoria &gt; Coordenação Pedagógica (4)'),(27713,'Ticket',528,'',0,'Gabriel Santos Silva (89)','2023-05-29 22:14:52',12,'2','5'),(27714,'Ticket',528,'',0,'Gabriel Santos Silva (89)','2023-05-29 22:14:52',17,'','2023-05-29 19:14:52'),(27715,'Ticket',528,'ITILSolution',17,'Gabriel Santos Silva (89)','2023-05-29 22:14:52',0,'','496 (496)'),(27716,'ITILSolution',496,'0',20,'Gabriel Santos Silva (89)','2023-05-29 22:14:52',0,'',''),(27717,'PurgeLogs',0,'',12,'cron_PurgeLogs','2023-05-30 18:31:01',0,'23592','23592'),(27718,'Ticket',529,'User',15,'cron_mailgate','2023-05-30 19:17:01',4,'','LAIS FALEIROS FURUYA (90)'),(27719,'Ticket',529,'0',20,'cron_mailgate','2023-05-30 19:17:01',0,'',''),(27720,'Ticket',529,'',0,'Matheus Mancio (6)','2023-05-30 19:30:47',150,'0','826'),(27721,'Ticket',529,'',0,'Matheus Mancio (6)','2023-05-30 19:30:47',64,'&nbsp; (0)','matheus.mancio (6)'),(27722,'Ticket',529,'User',15,'Matheus Mancio (6)','2023-05-30 19:30:47',5,'','Gabriel Santos Silva (89)'),(27723,'Ticket',529,'',0,'Matheus Mancio (6)','2023-05-30 19:30:47',7,'&nbsp; (0)','INFORMÁTICA &gt; INFRAESTRUTURA &gt; SOFTWARE &gt; ADOBE (85)'),(27724,'Ticket',529,'',0,'Matheus Mancio (6)','2023-05-30 19:30:47',12,'1','2'),(27725,'Ticket',529,'',0,'Matheus Mancio (6)','2023-05-30 19:30:47',9,'WhatsApp (6)','Via Sistema (1)'),(27726,'Ticket',529,'',0,'Matheus Mancio (6)','2023-05-30 19:30:47',52,'1','3'),(27727,'Ticket',529,'',0,'Matheus Mancio (6)','2023-05-30 19:30:47',83,'&nbsp; (0)','Diretoria &gt; Coordenação Pedagógica (4)'),(27728,'Ticket',530,'User',15,'Matheus Mancio (6)','2023-05-30 19:31:47',4,'','Karen Cristina Souza Rezende David (21)'),(27729,'Ticket',530,'',0,'Matheus Mancio (6)','2023-05-30 19:31:47',150,'0','1307'),(27730,'Ticket',530,'User',15,'Matheus Mancio (6)','2023-05-30 19:31:47',5,'','Matheus Mancio (6)'),(27731,'Ticket',530,'0',20,'Matheus Mancio (6)','2023-05-30 19:31:47',0,'',''),(27732,'Ticket',530,'',0,'Matheus Mancio (6)','2023-05-30 19:32:11',7,'&nbsp; (0)','INFORMÁTICA &gt; INFRAESTRUTURA &gt; REDE &gt; INTERNET &gt; WIFI (116)'),(27733,'Ticket',530,'',0,'Matheus Mancio (6)','2023-05-30 19:32:11',52,'1','3'),(27734,'Ticket',530,'',0,'Matheus Mancio (6)','2023-05-30 19:32:11',83,'&nbsp; (0)','Diretoria &gt; Coordenação Pedagógica &gt; Pós Graduação (59)'),(27735,'Ticket',529,'',0,'Gabriel Santos Silva (89)','2023-05-30 19:33:51',12,'2','5'),(27736,'Ticket',529,'',0,'Gabriel Santos Silva (89)','2023-05-30 19:33:51',64,'matheus.mancio (6)','gabriel.silva (89)'),(27737,'Ticket',529,'',0,'Gabriel Santos Silva (89)','2023-05-30 19:33:51',17,'','2023-05-30 16:33:51'),(27738,'Ticket',529,'ITILSolution',17,'Gabriel Santos Silva (89)','2023-05-30 19:33:51',0,'','497 (497)'),(27739,'ITILSolution',497,'0',20,'Gabriel Santos Silva (89)','2023-05-30 19:33:51',0,'',''),(27740,'Ticket',530,'',0,'Matheus Mancio (6)','2023-05-30 19:35:11',12,'2','5'),(27741,'Ticket',530,'',0,'Matheus Mancio (6)','2023-05-30 19:35:11',17,'','2023-05-30 16:35:11'),(27742,'Ticket',530,'ITILSolution',17,'Matheus Mancio (6)','2023-05-30 19:35:11',0,'','498 (498)'),(27743,'ITILSolution',498,'0',20,'Matheus Mancio (6)','2023-05-30 19:35:11',0,'',''),(27744,'MailCollector',3,'',0,'cron_mailgate','2023-05-31 06:15:01',22,'0','1'),(27745,'MailCollector',3,'',0,'cron_mailgate','2023-05-31 06:16:01',22,'1','0'),(27746,'Document',113,'0',20,'cron_mailgate','2023-05-31 14:22:01',0,'',''),(27747,'Document',113,'Ticket',15,'cron_mailgate','2023-05-31 14:22:01',0,'','Erro de acesso ao sistema de Certificados (531)'),(27748,'Ticket',531,'Document',15,'cron_mailgate','2023-05-31 14:22:01',0,'','Documento do Chamado 531 (113)'),(27749,'Document',114,'0',20,'cron_mailgate','2023-05-31 14:22:01',0,'',''),(27750,'Document',114,'Ticket',15,'cron_mailgate','2023-05-31 14:22:01',0,'','Erro de acesso ao sistema de Certificados (531)'),(27751,'Ticket',531,'Document',15,'cron_mailgate','2023-05-31 14:22:01',0,'','Documento do Chamado 531 (114)'),(27752,'Document',115,'0',20,'cron_mailgate','2023-05-31 14:22:01',0,'',''),(27753,'Document',115,'Ticket',15,'cron_mailgate','2023-05-31 14:22:01',0,'','Erro de acesso ao sistema de Certificados (531)'),(27754,'Ticket',531,'Document',15,'cron_mailgate','2023-05-31 14:22:01',0,'','Documento do Chamado 531 (115)'),(27755,'Document',40,'Ticket',15,'cron_mailgate','2023-05-31 14:22:01',0,'','Erro de acesso ao sistema de Certificados (531)'),(27756,'Ticket',531,'Document',15,'cron_mailgate','2023-05-31 14:22:01',0,'','Documento do Chamado 238 (40)'),(27757,'Ticket',531,'User',15,'cron_mailgate','2023-05-31 14:22:04',4,'','Felipe Carvalho Tardivo (16)'),(27758,'Ticket',531,'0',20,'cron_mailgate','2023-05-31 14:22:04',0,'',''),(27759,'Ticket',527,'',0,'cron_closeticket','2023-05-31 17:16:01',12,'5','6'),(27760,'Ticket',527,'',0,'cron_closeticket','2023-05-31 17:16:01',16,'','2023-05-31 14:16:01'),(27761,'Ticket',531,'',0,'Matheus Mancio (6)','2023-05-31 17:46:14',150,'0','12253'),(27762,'Ticket',531,'',0,'Matheus Mancio (6)','2023-05-31 17:46:14',64,'&nbsp; (0)','matheus.mancio (6)'),(27763,'Ticket',531,'User',15,'Matheus Mancio (6)','2023-05-31 17:46:15',5,'','Matheus Mancio (6)'),(27764,'Ticket',531,'',0,'Matheus Mancio (6)','2023-05-31 17:46:15',7,'&nbsp; (0)','INFORMÁTICA &gt; INFRAESTRUTURA &gt; SOFTWARE &gt; SITE INSTITUCIONAL (132)'),(27765,'Ticket',531,'',0,'Matheus Mancio (6)','2023-05-31 17:46:15',12,'1','2'),(27766,'Ticket',531,'',0,'Matheus Mancio (6)','2023-05-31 17:46:15',9,'WhatsApp (6)','Via Sistema (1)'),(27767,'Ticket',531,'',0,'Matheus Mancio (6)','2023-05-31 17:46:15',52,'1','3'),(27768,'Ticket',531,'',0,'Matheus Mancio (6)','2023-05-31 17:46:15',83,'&nbsp; (0)','Diretoria &gt; Coordenação Pedagógica &gt; Atend. Coord. Pedagógica (5)'),(27769,'Ticket',531,'',0,'Matheus Mancio (6)','2023-05-31 17:46:15',21,'&lt;div dir=&quot;ltr&quot;&gt;&lt;div&gt;Bom dia&lt;/div&gt;&lt;div&gt;&lt;br /&gt;&lt;/div&gt;&lt;div&gt;Mais uma vez estou com problemas de acesso no sistema de certificados.&lt','&lt;div dir=\"ltr\"&gt;&lt;div&gt;Bom dia&lt;/div&gt;&lt;div&gt; &lt;/div&gt;&lt;div&gt;Mais uma vez estou com problemas de acesso no sistema de certificados.&lt;/div&gt;&lt;div&gt; '),(27770,'Ticket',531,'ITILFollowup',17,'Matheus Mancio (6)','2023-05-31 17:47:49',0,'','279'),(27771,'Ticket',532,'User',15,'cron_mailgate','2023-05-31 21:34:02',4,'','LAIS FALEIROS FURUYA (90)'),(27772,'Ticket',532,'0',20,'cron_mailgate','2023-05-31 21:34:02',0,'',''),(27773,'Ticket',532,'',0,'Gabriel Santos Silva (89)','2023-05-31 23:14:46',150,'0','6044'),(27774,'Ticket',532,'',0,'Gabriel Santos Silva (89)','2023-05-31 23:14:46',64,'&nbsp; (0)','gabriel.silva (89)'),(27775,'Ticket',532,'User',15,'Gabriel Santos Silva (89)','2023-05-31 23:14:46',5,'','Gabriel Santos Silva (89)'),(27776,'Ticket',532,'',0,'Gabriel Santos Silva (89)','2023-05-31 23:14:46',12,'1','2'),(27777,'Ticket',532,'',0,'Gabriel Santos Silva (89)','2023-05-31 23:14:46',9,'WhatsApp (6)','Via Sistema (1)'),(27778,'Ticket',532,'',0,'Gabriel Santos Silva (89)','2023-05-31 23:14:46',83,'&nbsp; (0)','Diretoria &gt; Coordenação Pedagógica (4)'),(27779,'Ticket',532,'',0,'Gabriel Santos Silva (89)','2023-05-31 23:14:46',21,'&lt;div dir=\"ltr\"&gt;Prezado Matheus, tudo bem?&lt;br /&gt;Espero que sim. &lt;div&gt; &lt;/div&gt;&lt;div&gt;Gostaria de pedir, se possível, que me ajude a instalar o Adobe Acroba','&lt;div dir=\"ltr\"&gt;Prezado Matheus, tudo bem?&lt;br /&gt;Espero que sim. &lt;div&gt; &lt;/div&gt;&lt;div&gt;Gostaria de pedir, se possível, que me ajude a instalar o Adobe Acroba'),(27780,'Ticket',532,'TicketTask',17,'Gabriel Santos Silva (89)','2023-05-31 23:20:04',0,'','157'),(27781,'MailCollector',3,'',0,'cron_mailgate','2023-06-01 05:09:01',22,'0','1'),(27782,'MailCollector',3,'',0,'cron_mailgate','2023-06-01 05:10:01',22,'1','0'),(27783,'Ticket',528,'',0,'cron_closeticket','2023-06-01 05:16:01',12,'5','6'),(27784,'Ticket',528,'',0,'cron_closeticket','2023-06-01 05:16:01',16,'','2023-06-01 02:16:01'),(27785,'Ticket',531,'',0,'Matheus Mancio (6)','2023-06-01 13:05:21',12,'2','5'),(27786,'Ticket',531,'',0,'Matheus Mancio (6)','2023-06-01 13:05:21',17,'','2023-06-01 10:05:21'),(27787,'Ticket',531,'ITILSolution',17,'Matheus Mancio (6)','2023-06-01 13:05:21',0,'','499 (499)'),(27788,'ITILSolution',499,'0',20,'Matheus Mancio (6)','2023-06-01 13:05:21',0,'',''),(27789,'Ticket',532,'',0,'Gabriel Santos Silva (89)','2023-06-01 17:04:59',7,'&nbsp; (0)','INFORMÁTICA &gt; INFRAESTRUTURA &gt; SOFTWARE &gt; ADOBE (85)'),(27790,'Ticket',533,'User',15,'Matheus Mancio (6)','2023-06-01 17:08:44',4,'','Alessandra Aielo (71)'),(27791,'Ticket',533,'',0,'Matheus Mancio (6)','2023-06-01 17:08:44',150,'0','1124'),(27792,'Ticket',533,'User',15,'Matheus Mancio (6)','2023-06-01 17:08:44',5,'','Matheus Mancio (6)'),(27793,'Ticket',533,'0',20,'Matheus Mancio (6)','2023-06-01 17:08:44',0,'',''),(27794,'Ticket',533,'',0,'Matheus Mancio (6)','2023-06-01 17:08:54',52,'1','3'),(27795,'Ticket',533,'',0,'Matheus Mancio (6)','2023-06-01 17:09:56',12,'2','5'),(27796,'Ticket',533,'',0,'Matheus Mancio (6)','2023-06-01 17:09:56',17,'','2023-06-01 14:09:56'),(27797,'Ticket',533,'ITILSolution',17,'Matheus Mancio (6)','2023-06-01 17:09:56',0,'','500 (500)'),(27798,'ITILSolution',500,'0',20,'Matheus Mancio (6)','2023-06-01 17:09:56',0,'',''),(27799,'Ticket',529,'',0,'cron_closeticket','2023-06-02 05:16:01',12,'5','6'),(27800,'Ticket',529,'',0,'cron_closeticket','2023-06-02 05:16:01',16,'','2023-06-02 02:16:01'),(27801,'Ticket',530,'',0,'cron_closeticket','2023-06-02 05:16:01',12,'5','6'),(27802,'Ticket',530,'',0,'cron_closeticket','2023-06-02 05:16:01',16,'','2023-06-02 02:16:01'),(27803,'Document',116,'0',20,'cron_mailgate','2023-06-02 18:57:01',0,'',''),(27804,'Document',116,'Ticket',15,'cron_mailgate','2023-06-02 18:57:01',0,'','Abertura de Chamado - Problemas com o computador (534)'),(27805,'Ticket',534,'Document',15,'cron_mailgate','2023-06-02 18:57:01',0,'','Documento do Chamado 534 (116)'),(27806,'Document',117,'0',20,'cron_mailgate','2023-06-02 18:57:01',0,'',''),(27807,'Document',117,'Ticket',15,'cron_mailgate','2023-06-02 18:57:01',0,'','Abertura de Chamado - Problemas com o computador (534)'),(27808,'Ticket',534,'Document',15,'cron_mailgate','2023-06-02 18:57:01',0,'','Documento do Chamado 534 (117)'),(27809,'Ticket',534,'User',15,'cron_mailgate','2023-06-02 18:57:01',4,'','Vinicius Neves Piassa (24)'),(27810,'Ticket',534,'0',20,'cron_mailgate','2023-06-02 18:57:01',0,'',''),(27811,'Ticket',534,'',0,'Matheus Mancio (6)','2023-06-02 19:00:56',150,'0','235'),(27812,'Ticket',534,'',0,'Matheus Mancio (6)','2023-06-02 19:00:56',64,'&nbsp; (0)','matheus.mancio (6)'),(27813,'Ticket',534,'User',15,'Matheus Mancio (6)','2023-06-02 19:00:56',5,'','Matheus Mancio (6)'),(27814,'Ticket',534,'',0,'Matheus Mancio (6)','2023-06-02 19:00:56',7,'&nbsp; (0)','INFORMÁTICA &gt; INFRAESTRUTURA &gt; HARDWARE &gt; VÍDEO (127)'),(27815,'Ticket',534,'',0,'Matheus Mancio (6)','2023-06-02 19:00:56',12,'1','2'),(27816,'Ticket',534,'',0,'Matheus Mancio (6)','2023-06-02 19:00:56',9,'WhatsApp (6)','Via Sistema (1)'),(27817,'Ticket',534,'',0,'Matheus Mancio (6)','2023-06-02 19:00:56',52,'1','3'),(27818,'Ticket',534,'',0,'Matheus Mancio (6)','2023-06-02 19:00:56',83,'&nbsp; (0)','Diretoria &gt; Dep. Jurídico (2)'),(27819,'Ticket',534,'',0,'Matheus Mancio (6)','2023-06-02 19:00:56',21,'&lt;div dir=&quot;ltr&quot;&gt;Prezados, boa tarde.&lt;div&gt;&lt;br /&gt;&lt;/div&gt;&lt;div&gt;Gostaria de abrir um chamado para resolver um problema com meu computador.&lt;/div&','&lt;div dir=\"ltr\"&gt;Prezados, boa tarde.&lt;div&gt; &lt;/div&gt;&lt;div&gt;Gostaria de abrir um chamado para resolver um problema com meu computador.&lt;/div&gt;&lt;div&gt; &lt;/d'),(27820,'Document',118,'0',20,'cron_mailgate','2023-06-02 19:01:01',0,'',''),(27821,'Document',118,'Ticket',15,'cron_mailgate','2023-06-02 19:01:01',0,'','Abertura de Chamado - Registro Expirado do Sistema da Dívida Ativa (535)'),(27822,'Ticket',535,'Document',15,'cron_mailgate','2023-06-02 19:01:01',0,'','Documento do Chamado 535 (118)'),(27823,'Ticket',535,'User',15,'cron_mailgate','2023-06-02 19:01:01',4,'','Vinicius Neves Piassa (24)'),(27824,'Ticket',535,'0',20,'cron_mailgate','2023-06-02 19:01:01',0,'',''),(27825,'Ticket',535,'',0,'gustavo giovanella (7)','2023-06-02 19:03:34',12,'1','5'),(27826,'Ticket',535,'',0,'gustavo giovanella (7)','2023-06-02 19:03:34',64,'&nbsp; (0)','gustavogiovanella (7)'),(27827,'Ticket',535,'',0,'gustavo giovanella (7)','2023-06-02 19:03:34',17,'','2023-06-02 16:03:34'),(27828,'Ticket',535,'ITILSolution',17,'gustavo giovanella (7)','2023-06-02 19:03:34',0,'','501 (501)'),(27829,'ITILSolution',501,'0',20,'gustavo giovanella (7)','2023-06-02 19:03:34',0,'',''),(27830,'Ticket',534,'',0,'Matheus Mancio (6)','2023-06-02 19:04:08',12,'2','5'),(27831,'Ticket',534,'',0,'Matheus Mancio (6)','2023-06-02 19:04:08',17,'','2023-06-02 16:04:08'),(27832,'Ticket',534,'ITILSolution',17,'Matheus Mancio (6)','2023-06-02 19:04:08',0,'','502 (502)'),(27833,'ITILSolution',502,'0',20,'Matheus Mancio (6)','2023-06-02 19:04:08',0,'',''),(27834,'Ticket',531,'',0,'cron_closeticket','2023-06-03 17:16:01',12,'5','6'),(27835,'Ticket',531,'',0,'cron_closeticket','2023-06-03 17:16:01',16,'','2023-06-03 14:16:01'),(27836,'Ticket',533,'',0,'cron_closeticket','2023-06-03 17:16:04',12,'5','6'),(27837,'Ticket',533,'',0,'cron_closeticket','2023-06-03 17:16:04',16,'','2023-06-03 14:16:04'),(27838,'Ticket',534,'',0,'cron_closeticket','2023-06-05 05:16:01',12,'5','6'),(27839,'Ticket',534,'',0,'cron_closeticket','2023-06-05 05:16:01',16,'','2023-06-05 02:16:01'),(27840,'Ticket',535,'',0,'cron_closeticket','2023-06-05 05:16:01',12,'5','6'),(27841,'Ticket',535,'',0,'cron_closeticket','2023-06-05 05:16:01',16,'','2023-06-05 02:16:01'),(27842,'Ticket',532,'',0,'Gabriel Santos Silva (89)','2023-06-06 00:37:38',12,'2','5'),(27843,'Ticket',532,'',0,'Gabriel Santos Silva (89)','2023-06-06 00:37:38',17,'','2023-06-05 21:37:38'),(27844,'Ticket',532,'ITILSolution',17,'Gabriel Santos Silva (89)','2023-06-06 00:37:38',0,'','503 (503)'),(27845,'ITILSolution',503,'0',20,'Gabriel Santos Silva (89)','2023-06-06 00:37:38',0,'',''),(27846,'PurgeLogs',0,'',12,'cron_PurgeLogs','2023-06-06 18:31:01',0,'23721','23721'),(27847,'MailCollector',3,'',0,'cron_mailgate','2023-06-07 08:14:01',22,'0','1'),(27848,'MailCollector',3,'',0,'cron_mailgate','2023-06-07 08:15:01',22,'1','0'),(27849,'Ticket',532,'',0,'cron_closeticket','2023-06-08 05:16:01',12,'5','6'),(27850,'Ticket',532,'',0,'cron_closeticket','2023-06-08 05:16:01',16,'','2023-06-08 02:16:01'),(27851,'MailCollector',3,'',0,'cron_mailgate','2023-06-08 17:49:01',22,'0','1'),(27852,'MailCollector',3,'',0,'cron_mailgate','2023-06-08 17:50:01',22,'1','2'),(27853,'MailCollector',3,'',0,'cron_mailgate','2023-06-08 17:51:01',22,'2','0'),(27854,'MailCollector',3,'',0,'cron_mailgate','2023-06-08 19:52:01',22,'0','1'),(27855,'MailCollector',3,'',0,'cron_mailgate','2023-06-08 19:53:01',22,'1','0'),(27856,'MailCollector',3,'',0,'cron_mailgate','2023-06-09 11:49:01',22,'0','1'),(27857,'MailCollector',3,'',0,'cron_mailgate','2023-06-09 11:50:01',22,'1','0'),(27858,'MailCollector',3,'',0,'cron_mailgate','2023-06-09 18:08:02',22,'0','1'),(27859,'MailCollector',3,'',0,'cron_mailgate','2023-06-09 18:09:02',22,'1','0'),(27860,'Ticket',536,'User',15,'Matheus Mancio (6)','2023-06-12 16:32:22',4,'','Rafael Barros Pustrelo (18)'),(27861,'Ticket',536,'',0,'Matheus Mancio (6)','2023-06-12 16:32:22',150,'0','10342'),(27862,'Ticket',536,'User',15,'Matheus Mancio (6)','2023-06-12 16:32:22',5,'','Matheus Mancio (6)'),(27863,'Ticket',536,'0',20,'Matheus Mancio (6)','2023-06-12 16:32:22',0,'',''),(27864,'Ticket',536,'',0,'Matheus Mancio (6)','2023-06-12 16:32:31',52,'1','3'),(27865,'Ticket',536,'',0,'Matheus Mancio (6)','2023-06-12 16:34:56',12,'2','5'),(27866,'Ticket',536,'',0,'Matheus Mancio (6)','2023-06-12 16:34:56',17,'','2023-06-12 13:34:56'),(27867,'Ticket',536,'ITILSolution',17,'Matheus Mancio (6)','2023-06-12 16:34:56',0,'','504 (504)'),(27868,'ITILSolution',504,'0',20,'Matheus Mancio (6)','2023-06-12 16:34:56',0,'',''),(27869,'PurgeLogs',0,'',12,'cron_PurgeLogs','2023-06-13 18:31:01',0,'23744','23744'),(27870,'Ticket',536,'',0,'cron_closeticket','2023-06-14 17:16:01',12,'5','6'),(27871,'Ticket',536,'',0,'cron_closeticket','2023-06-14 17:16:01',16,'','2023-06-14 14:16:01'),(27872,'Document',119,'0',20,'cron_mailgate','2023-06-15 18:21:01',0,'',''),(27873,'Document',119,'Ticket',15,'cron_mailgate','2023-06-15 18:21:01',0,'','Revisor de texto. (537)'),(27874,'Ticket',537,'Document',15,'cron_mailgate','2023-06-15 18:21:01',0,'','Documento do Chamado 537 (119)'),(27875,'Ticket',537,'User',15,'cron_mailgate','2023-06-15 18:21:01',4,'','LAIS FALEIROS FURUYA (90)'),(27876,'Ticket',537,'0',20,'cron_mailgate','2023-06-15 18:21:01',0,'',''),(27877,'Ticket',537,'',0,'Matheus Mancio (6)','2023-06-15 19:33:29',150,'0','4348'),(27878,'Ticket',537,'',0,'Matheus Mancio (6)','2023-06-15 19:33:29',64,'&nbsp; (0)','matheus.mancio (6)'),(27879,'Ticket',537,'User',15,'Matheus Mancio (6)','2023-06-15 19:33:29',5,'','Matheus Mancio (6)'),(27880,'Ticket',537,'',0,'Matheus Mancio (6)','2023-06-15 19:33:29',7,'&nbsp; (0)','INFORMÁTICA &gt; INFRAESTRUTURA &gt; SOFTWARE &gt; PACOTE OFFICE (99)'),(27881,'Ticket',537,'',0,'Matheus Mancio (6)','2023-06-15 19:33:29',12,'1','2'),(27882,'Ticket',537,'',0,'Matheus Mancio (6)','2023-06-15 19:33:29',52,'1','3'),(27883,'Ticket',537,'',0,'Matheus Mancio (6)','2023-06-15 19:33:29',83,'&nbsp; (0)','Diretoria &gt; Coordenação Pedagógica &gt; Atend. Coord. Pedagógica (5)'),(27884,'Ticket',537,'',0,'Matheus Mancio (6)','2023-06-15 19:33:29',21,'&lt;div dir=&quot;ltr&quot;&gt;Prezado Matheus, tudo bem?&lt;br /&gt;Espero que sim.&nbsp;&lt;br /&gt;&lt;div&gt;&lt;br /&gt;&lt;/div&gt;&lt;div&gt;Estou tentando revisar um docume','&lt;div dir=\"ltr\"&gt;Prezado Matheus, tudo bem?&lt;br /&gt;Espero que sim. &lt;br /&gt;&lt;div&gt; &lt;/div&gt;&lt;div&gt;Estou tentando revisar um documento mas não consigo. Aí na'),(27885,'Ticket',537,'',0,'Matheus Mancio (6)','2023-06-15 19:34:37',9,'WhatsApp (6)','Via Sistema (1)'),(27886,'Ticket',537,'',0,'Matheus Mancio (6)','2023-06-15 19:39:18',12,'2','5'),(27887,'Ticket',537,'',0,'Matheus Mancio (6)','2023-06-15 19:39:18',17,'','2023-06-15 16:39:18'),(27888,'Ticket',537,'ITILSolution',17,'Matheus Mancio (6)','2023-06-15 19:39:18',0,'','505 (505)'),(27889,'ITILSolution',505,'0',20,'Matheus Mancio (6)','2023-06-15 19:39:18',0,'',''),(27890,'Document',40,'Ticket',15,'cron_mailgate','2023-06-16 16:43:01',0,'','Suporte (538)'),(27891,'Ticket',538,'Document',15,'cron_mailgate','2023-06-16 16:43:01',0,'','Documento do Chamado 238 (40)'),(27892,'Ticket',538,'User',15,'cron_mailgate','2023-06-16 16:43:01',4,'','Karen Cristina Souza Rezende David (21)'),(27893,'Ticket',538,'0',20,'cron_mailgate','2023-06-16 16:43:01',0,'',''),(27894,'Ticket',538,'',0,'Matheus Mancio (6)','2023-06-16 16:59:22',150,'0','981'),(27895,'Ticket',538,'',0,'Matheus Mancio (6)','2023-06-16 16:59:22',64,'&nbsp; (0)','matheus.mancio (6)'),(27896,'Ticket',538,'User',15,'Matheus Mancio (6)','2023-06-16 16:59:22',5,'','Matheus Mancio (6)'),(27897,'Ticket',538,'',0,'Matheus Mancio (6)','2023-06-16 16:59:22',7,'&nbsp; (0)','INFORMÁTICA &gt; INFRAESTRUTURA &gt; NOTEBOOK (120)'),(27898,'Ticket',538,'',0,'Matheus Mancio (6)','2023-06-16 16:59:22',12,'1','2'),(27899,'Ticket',538,'',0,'Matheus Mancio (6)','2023-06-16 16:59:22',9,'WhatsApp (6)','Via Sistema (1)'),(27900,'Ticket',538,'',0,'Matheus Mancio (6)','2023-06-16 16:59:22',52,'1','3'),(27901,'Ticket',538,'',0,'Matheus Mancio (6)','2023-06-16 16:59:22',83,'&nbsp; (0)','Diretoria &gt; Coordenação Pedagógica &gt; Pós Graduação (59)'),(27902,'Ticket',538,'',0,'Matheus Mancio (6)','2023-06-16 16:59:22',21,'&lt;div dir=&quot;ltr&quot;&gt;Prezados, boa tarde&lt;div&gt;&lt;br /&gt;&lt;/div&gt;&lt;div&gt;Gostaria de solicitar dois notebooks para coleta de presen&ccedil;a hoje &agrave; no','&lt;div dir=\"ltr\"&gt;Prezados, boa tarde&lt;div&gt; &lt;/div&gt;&lt;div&gt;Gostaria de solicitar dois notebooks para coleta de presença hoje à noite e amanhã de manhã, por gentilez'),(27903,'Ticket',538,'User',15,'Matheus Mancio (6)','2023-06-16 16:59:30',5,'','gustavo giovanella (7)'),(27904,'Ticket',538,'ITILFollowup',17,'Matheus Mancio (6)','2023-06-16 16:59:53',0,'','280'),(27905,'Ticket',537,'',0,'cron_closeticket','2023-06-18 05:16:01',12,'5','6'),(27906,'Ticket',537,'',0,'cron_closeticket','2023-06-18 05:16:01',16,'','2023-06-18 02:16:01'),(27907,'Ticket',539,'User',15,'cron_mailgate','2023-06-19 10:57:01',4,'','Patricia Aparecida D. da Silva Ribeiro (32)'),(27908,'Ticket',539,'0',20,'cron_mailgate','2023-06-19 10:57:01',0,'',''),(27909,'Ticket',539,'',0,'Matheus Mancio (6)','2023-06-19 11:11:22',150,'0','861'),(27910,'Ticket',539,'',0,'Matheus Mancio (6)','2023-06-19 11:11:22',64,'&nbsp; (0)','matheus.mancio (6)'),(27911,'Ticket',539,'User',15,'Matheus Mancio (6)','2023-06-19 11:11:22',5,'','Matheus Mancio (6)'),(27912,'Ticket',539,'',0,'Matheus Mancio (6)','2023-06-19 11:11:22',7,'&nbsp; (0)','INFORMÁTICA &gt; INFRAESTRUTURA &gt; REDE &gt; INTERNET &gt; WIFI (116)'),(27913,'Ticket',539,'',0,'Matheus Mancio (6)','2023-06-19 11:11:22',12,'1','2'),(27914,'Ticket',539,'',0,'Matheus Mancio (6)','2023-06-19 11:11:22',9,'WhatsApp (6)','Via Sistema (1)'),(27915,'Ticket',539,'',0,'Matheus Mancio (6)','2023-06-19 11:11:22',52,'1','3'),(27916,'Ticket',539,'',0,'Matheus Mancio (6)','2023-06-19 11:11:22',83,'&nbsp; (0)','Diretoria &gt; Secretaria &gt; Atend. ao Aluno (7)'),(27917,'Ticket',539,'',0,'Matheus Mancio (6)','2023-06-19 11:11:22',21,'&lt;div dir=\"ltr\"&gt;Prezados, bom dia!&lt;div&gt;&lt;br /&gt;&lt;/div&gt;&lt;div&gt;&lt;br /&gt;&lt;/div&gt;&lt;div&gt;Segue dados da aluna para verificação:&lt;/div&gt;&lt;div&gt','&lt;div dir=\"ltr\"&gt;Prezados, bom dia!&lt;div&gt; &lt;/div&gt;&lt;div&gt; &lt;/div&gt;&lt;div&gt;Segue dados da aluna para verificação:&lt;/div&gt;&lt;div&gt; &lt;/div&gt;&lt;div&'),(27918,'Ticket',539,'',0,'Matheus Mancio (6)','2023-06-19 11:11:46',12,'2','5'),(27919,'Ticket',539,'',0,'Matheus Mancio (6)','2023-06-19 11:11:46',17,'','2023-06-19 08:11:46'),(27920,'Ticket',539,'ITILSolution',17,'Matheus Mancio (6)','2023-06-19 11:11:46',0,'','506 (506)'),(27921,'ITILSolution',506,'0',20,'Matheus Mancio (6)','2023-06-19 11:11:46',0,'',''),(27922,'Ticket',538,'',0,'gustavo giovanella (7)','2023-06-19 11:12:51',12,'2','5'),(27923,'Ticket',538,'',0,'gustavo giovanella (7)','2023-06-19 11:12:51',64,'matheus.mancio (6)','gustavogiovanella (7)'),(27924,'Ticket',538,'',0,'gustavo giovanella (7)','2023-06-19 11:12:51',17,'','2023-06-19 08:12:51'),(27925,'Ticket',538,'ITILSolution',17,'gustavo giovanella (7)','2023-06-19 11:12:51',0,'','507 (507)'),(27926,'ITILSolution',507,'0',20,'gustavo giovanella (7)','2023-06-19 11:12:51',0,'',''),(27927,'Ticket',540,'User',15,'Matheus Mancio (6)','2023-06-19 12:42:36',4,'','Luis Gustavo Lourenco Gomes (17)'),(27928,'Ticket',540,'',0,'Matheus Mancio (6)','2023-06-19 12:42:36',150,'0','96'),(27929,'Ticket',540,'User',15,'Matheus Mancio (6)','2023-06-19 12:42:36',5,'','Matheus Mancio (6)'),(27930,'Ticket',540,'0',20,'Matheus Mancio (6)','2023-06-19 12:42:36',0,'',''),(27931,'Ticket',540,'',0,'Matheus Mancio (6)','2023-06-19 12:42:45',52,'1','3'),(27932,'Ticket',540,'',0,'Matheus Mancio (6)','2023-06-19 12:54:55',12,'2','5'),(27933,'Ticket',540,'',0,'Matheus Mancio (6)','2023-06-19 12:54:55',17,'','2023-06-19 09:54:55'),(27934,'Ticket',540,'ITILSolution',17,'Matheus Mancio (6)','2023-06-19 12:54:55',0,'','508 (508)'),(27935,'ITILSolution',508,'0',20,'Matheus Mancio (6)','2023-06-19 12:54:55',0,'',''),(27936,'Ticket',541,'User',15,'cron_mailgate','2023-06-19 17:38:04',4,'','Evelise Mendonça Cintra (13)'),(27937,'Ticket',541,'0',20,'cron_mailgate','2023-06-19 17:38:04',0,'',''),(27938,'Ticket',541,'',0,'Matheus Mancio (6)','2023-06-19 18:04:25',150,'0','1584'),(27939,'Ticket',541,'',0,'Matheus Mancio (6)','2023-06-19 18:04:25',64,'&nbsp; (0)','matheus.mancio (6)'),(27940,'Ticket',541,'User',15,'Matheus Mancio (6)','2023-06-19 18:04:25',5,'','Matheus Mancio (6)'),(27941,'Ticket',541,'',0,'Matheus Mancio (6)','2023-06-19 18:04:25',7,'&nbsp; (0)','INFORMÁTICA &gt; INFRAESTRUTURA &gt; IMPRESSORA &gt; PROTOCOLADORAS (92)'),(27942,'Ticket',541,'',0,'Matheus Mancio (6)','2023-06-19 18:04:25',12,'1','2'),(27943,'Ticket',541,'',0,'Matheus Mancio (6)','2023-06-19 18:04:25',9,'WhatsApp (6)','Via Sistema (1)'),(27944,'Ticket',541,'',0,'Matheus Mancio (6)','2023-06-19 18:04:25',52,'1','3'),(27945,'Ticket',541,'',0,'Matheus Mancio (6)','2023-06-19 18:04:25',83,'&nbsp; (0)','Diretoria &gt; Coordenação Pedagógica &gt; Cartório (10)'),(27946,'Ticket',541,'',0,'Matheus Mancio (6)','2023-06-19 18:04:25',21,'&lt;div dir=\"ltr\"&gt;Prezados, boa tarde.&lt;div&gt;&lt;br /&gt;&lt;/div&gt;&lt;div&gt;As duas protocoladoras pararam de funcionar, semana que vem tem prazo.&lt;/div&gt;&lt;div&gt;','&lt;div dir=\"ltr\"&gt;Prezados, boa tarde.&lt;div&gt; &lt;/div&gt;&lt;div&gt;As duas protocoladoras pararam de funcionar, semana que vem tem prazo.&lt;/div&gt;&lt;div&gt;&lt;br styl'),(27947,'Ticket',541,'',0,'Matheus Mancio (6)','2023-06-19 18:05:40',12,'2','5'),(27948,'Ticket',541,'',0,'Matheus Mancio (6)','2023-06-19 18:05:40',17,'','2023-06-19 15:05:40'),(27949,'Ticket',541,'ITILSolution',17,'Matheus Mancio (6)','2023-06-19 18:05:41',0,'','509 (509)'),(27950,'ITILSolution',509,'0',20,'Matheus Mancio (6)','2023-06-19 18:05:41',0,'',''),(27951,'Document',120,'0',20,'Matheus Mancio (6)','2023-06-20 16:33:41',0,'',''),(27952,'Document',120,'ITILFollowup',15,'Matheus Mancio (6)','2023-06-20 16:33:41',0,'','WhatsApp (281)'),(27953,'Ticket',66,'ITILFollowup',17,'Matheus Mancio (6)','2023-06-20 16:33:41',0,'','281'),(27954,'Ticket',542,'User',15,'cron_mailgate','2023-06-20 17:07:01',4,'','Pedro Henrique Silva Faria (88)'),(27955,'Ticket',542,'0',20,'cron_mailgate','2023-06-20 17:07:01',0,'',''),(27956,'Ticket',542,'',0,'Matheus Mancio (6)','2023-06-20 17:17:21',150,'0','620'),(27957,'Ticket',542,'',0,'Matheus Mancio (6)','2023-06-20 17:17:21',64,'&nbsp; (0)','matheus.mancio (6)'),(27958,'Ticket',542,'User',15,'Matheus Mancio (6)','2023-06-20 17:17:21',5,'','Matheus Mancio (6)'),(27959,'Ticket',542,'',0,'Matheus Mancio (6)','2023-06-20 17:17:21',7,'&nbsp; (0)','INFORMÁTICA &gt; INFRAESTRUTURA &gt; IMPRESSORA (75)'),(27960,'Ticket',542,'',0,'Matheus Mancio (6)','2023-06-20 17:17:21',12,'1','2'),(27961,'Ticket',542,'',0,'Matheus Mancio (6)','2023-06-20 17:17:21',9,'WhatsApp (6)','Via Sistema (1)'),(27962,'Ticket',542,'',0,'Matheus Mancio (6)','2023-06-20 17:17:21',52,'1','3'),(27963,'Ticket',542,'',0,'Matheus Mancio (6)','2023-06-20 17:17:21',83,'&nbsp; (0)','Diretoria &gt; Diretoria Administrativa &gt; Marketing (54)'),(27964,'Ticket',542,'',0,'Matheus Mancio (6)','2023-06-20 17:17:21',21,'&lt;div dir=\"ltr\"&gt;Venho por meio deste E-mail abrir um chamado para mudar a impressora do marketing de lugar &lt;div&gt;&lt;br /&gt;&lt;/div&gt;&lt;/div&gt;','&lt;div dir=\"ltr\"&gt;Venho por meio deste E-mail abrir um chamado para mudar a impressora do marketing de lugar &lt;div&gt; &lt;/div&gt;&lt;/div&gt;'),(27965,'PurgeLogs',0,'',12,'cron_PurgeLogs','2023-06-20 18:31:01',0,'23840','23840'),(27966,'Ticket',542,'',0,'Matheus Mancio (6)','2023-06-20 18:37:42',12,'2','5'),(27967,'Ticket',542,'',0,'Matheus Mancio (6)','2023-06-20 18:37:42',17,'','2023-06-20 15:37:42'),(27968,'Ticket',542,'ITILSolution',17,'Matheus Mancio (6)','2023-06-20 18:37:42',0,'','510 (510)'),(27969,'ITILSolution',510,'0',20,'Matheus Mancio (6)','2023-06-20 18:37:42',0,'',''),(27970,'Ticket',543,'User',15,'cron_mailgate','2023-06-21 11:45:01',4,'','Pedro Henrique Batista Siva (31)'),(27971,'Ticket',543,'0',20,'cron_mailgate','2023-06-21 11:45:01',0,'',''),(27972,'Ticket',543,'',0,'Matheus Mancio (6)','2023-06-21 11:56:50',150,'0','709'),(27973,'Ticket',543,'',0,'Matheus Mancio (6)','2023-06-21 11:56:50',64,'&nbsp; (0)','matheus.mancio (6)'),(27974,'Ticket',543,'User',15,'Matheus Mancio (6)','2023-06-21 11:56:50',5,'','Matheus Mancio (6)'),(27975,'Ticket',543,'',0,'Matheus Mancio (6)','2023-06-21 11:56:50',7,'&nbsp; (0)','INFORMÁTICA &gt; INFRAESTRUTURA &gt; NOTEBOOK (120)'),(27976,'Ticket',543,'',0,'Matheus Mancio (6)','2023-06-21 11:56:50',12,'1','2'),(27977,'Ticket',543,'',0,'Matheus Mancio (6)','2023-06-21 11:56:50',9,'WhatsApp (6)','Via Sistema (1)'),(27978,'Ticket',543,'',0,'Matheus Mancio (6)','2023-06-21 11:56:50',52,'1','3'),(27979,'Ticket',543,'',0,'Matheus Mancio (6)','2023-06-21 11:56:50',83,'&nbsp; (0)','Diretoria &gt; Secretaria (6)'),(27980,'Ticket',543,'',0,'Matheus Mancio (6)','2023-06-21 11:56:50',21,'&lt;div dir=\"ltr\"&gt;Prezado Gustavo, bom dia.&lt;div&gt;&lt;br /&gt;&lt;/div&gt;&lt;div&gt;Conforme conversado, solicito a disponibilização de um notebook com tela extra na sala d','&lt;div dir=\"ltr\"&gt;Prezado Gustavo, bom dia.&lt;div&gt; &lt;/div&gt;&lt;div&gt;Conforme conversado, solicito a disponibilização de um notebook com tela extra na sala de reunião n'),(27981,'Ticket',543,'User',15,'Matheus Mancio (6)','2023-06-21 11:57:05',66,'','gustavo giovanella (7)'),(27982,'Ticket',543,'ITILFollowup',17,'Matheus Mancio (6)','2023-06-21 11:57:46',0,'','282'),(27983,'Ticket',538,'',0,'cron_closeticket','2023-06-21 17:16:01',12,'5','6'),(27984,'Ticket',538,'',0,'cron_closeticket','2023-06-21 17:16:01',16,'','2023-06-21 14:16:01'),(27985,'Ticket',539,'',0,'cron_closeticket','2023-06-21 17:16:01',12,'5','6'),(27986,'Ticket',539,'',0,'cron_closeticket','2023-06-21 17:16:01',16,'','2023-06-21 14:16:01'),(27987,'Ticket',540,'',0,'cron_closeticket','2023-06-21 17:16:01',12,'5','6'),(27988,'Ticket',540,'',0,'cron_closeticket','2023-06-21 17:16:01',16,'','2023-06-21 14:16:01'),(27989,'Ticket',541,'',0,'cron_closeticket','2023-06-22 05:16:01',12,'5','6'),(27990,'Ticket',541,'',0,'cron_closeticket','2023-06-22 05:16:01',16,'','2023-06-22 02:16:01'),(27991,'Ticket',543,'TicketTask',17,'gustavo giovanella (7)','2023-06-22 17:01:22',0,'','158'),(27992,'Document',40,'Ticket',15,'cron_mailgate','2023-06-22 18:00:01',0,'','Curso Politicas Públicas e Gestão de Cidades (544)'),(27993,'Ticket',544,'Document',15,'cron_mailgate','2023-06-22 18:00:01',0,'','Documento do Chamado 238 (40)'),(27994,'Ticket',544,'User',15,'cron_mailgate','2023-06-22 18:00:01',4,'','Karen Cristina Souza Rezende David (21)'),(27995,'Ticket',544,'0',20,'cron_mailgate','2023-06-22 18:00:01',0,'',''),(27996,'Ticket',544,'User',15,'Matheus Mancio (6)','2023-06-22 18:14:33',66,'','gustavo giovanella (7)'),(27997,'Ticket',544,'',0,'Matheus Mancio (6)','2023-06-22 18:14:33',150,'0','872'),(27998,'Ticket',544,'User',15,'Matheus Mancio (6)','2023-06-22 18:14:33',5,'','Matheus Mancio (6)'),(27999,'Ticket',544,'',0,'Matheus Mancio (6)','2023-06-22 18:14:33',7,'&nbsp; (0)','INFORMÁTICA &gt; INFRAESTRUTURA &gt; SOFTWARE &gt; TRANSMISSÃO (107)'),(28000,'Ticket',544,'',0,'Matheus Mancio (6)','2023-06-22 18:14:33',12,'1','2'),(28001,'Ticket',544,'',0,'Matheus Mancio (6)','2023-06-22 18:14:33',9,'WhatsApp (6)','Via Sistema (1)'),(28002,'Ticket',544,'',0,'Matheus Mancio (6)','2023-06-22 18:14:33',52,'1','3'),(28003,'Ticket',544,'',0,'Matheus Mancio (6)','2023-06-22 18:14:33',83,'&nbsp; (0)','Diretoria &gt; Secretaria &gt; Salas de Aulas &gt; AUDITÓRIO 2 (32)'),(28004,'Ticket',544,'',0,'Matheus Mancio (6)','2023-06-22 18:14:33',21,'&lt;div dir=&quot;ltr&quot;&gt;Prezados, boa tarde!&lt;div&gt;&lt;br /&gt;&lt;/div&gt;&lt;div&gt;Gostaria de solicitar, por&nbsp;gentileza, suporte necess&aacute;rio para transmiss','&lt;div dir=\"ltr\"&gt;Prezados, boa tarde!&lt;div&gt; &lt;/div&gt;&lt;div&gt;Gostaria de solicitar, por gentileza, suporte necessário para transmissão por Youtube da mesa redonda do'),(28005,'Ticket',544,'TicketTask',17,'Matheus Mancio (6)','2023-06-22 18:17:03',0,'','159'),(28006,'Ticket',544,'TicketTask',17,'Matheus Mancio (6)','2023-06-22 19:25:35',0,'','160'),(28007,'MailCollector',3,'',0,'cron_mailgate','2023-06-22 20:43:01',22,'0','1'),(28008,'MailCollector',3,'',0,'cron_mailgate','2023-06-22 20:44:01',22,'1','2'),(28009,'MailCollector',3,'',0,'cron_mailgate','2023-06-22 20:45:01',22,'2','0'),(28010,'Ticket',542,'',0,'cron_closeticket','2023-06-23 05:16:01',12,'5','6'),(28011,'Ticket',542,'',0,'cron_closeticket','2023-06-23 05:16:01',16,'','2023-06-23 02:16:01'),(28012,'Ticket',544,'',0,'gustavo giovanella (7)','2023-06-26 10:15:07',12,'2','5'),(28013,'Ticket',544,'',0,'gustavo giovanella (7)','2023-06-26 10:15:07',64,'matheus.mancio (6)','gustavogiovanella (7)'),(28014,'Ticket',544,'',0,'gustavo giovanella (7)','2023-06-26 10:15:07',17,'','2023-06-26 07:15:07'),(28015,'Ticket',544,'ITILSolution',17,'gustavo giovanella (7)','2023-06-26 10:15:07',0,'','511 (511)'),(28016,'ITILSolution',511,'0',20,'gustavo giovanella (7)','2023-06-26 10:15:07',0,'',''),(28017,'Ticket',525,'',0,'Matheus Mancio (6)','2023-06-26 14:08:54',12,'2','5'),(28018,'Ticket',525,'',0,'Matheus Mancio (6)','2023-06-26 14:08:54',17,'','2023-06-26 11:08:54'),(28019,'Ticket',525,'ITILSolution',17,'Matheus Mancio (6)','2023-06-26 14:08:54',0,'','512 (512)'),(28020,'ITILSolution',512,'0',20,'Matheus Mancio (6)','2023-06-26 14:08:54',0,'',''),(28021,'Ticket',545,'User',15,'Matheus Mancio (6)','2023-06-26 18:36:35',4,'','Yuri Nathan da Costa Lannes  lannes (87)'),(28022,'Ticket',545,'',0,'Matheus Mancio (6)','2023-06-26 18:36:35',150,'0','11075'),(28023,'Ticket',545,'User',15,'Matheus Mancio (6)','2023-06-26 18:36:35',5,'','Matheus Mancio (6)'),(28024,'Ticket',545,'0',20,'Matheus Mancio (6)','2023-06-26 18:36:35',0,'',''),(28025,'Ticket',545,'',0,'Matheus Mancio (6)','2023-06-26 18:36:43',12,'2','1'),(28026,'Ticket',545,'User',16,'Matheus Mancio (6)','2023-06-26 18:36:43',0,'Matheus Mancio (6)',''),(28027,'Ticket',545,'',0,'gustavo giovanella (7)','2023-06-26 18:51:33',12,'1','5'),(28028,'Ticket',545,'',0,'gustavo giovanella (7)','2023-06-26 18:51:33',64,'matheus.mancio (6)','gustavogiovanella (7)'),(28029,'Ticket',545,'',0,'gustavo giovanella (7)','2023-06-26 18:51:33',17,'','2023-06-26 15:51:33'),(28030,'Ticket',545,'ITILSolution',17,'gustavo giovanella (7)','2023-06-26 18:51:33',0,'','513 (513)'),(28031,'ITILSolution',513,'0',20,'gustavo giovanella (7)','2023-06-26 18:51:33',0,'',''),(28032,'User',92,'UserEmail',17,'Matheus Mancio (6)','2023-06-26 19:09:10',0,'','portaria2@direitofranca.br (99)'),(28033,'UserEmail',99,'0',20,'Matheus Mancio (6)','2023-06-26 19:09:10',0,'',''),(28034,'User',92,'Profile',17,'Matheus Mancio (6)','2023-06-26 19:09:10',0,'','Self-Service (1)'),(28035,'User',92,'0',20,'Matheus Mancio (6)','2023-06-26 19:09:10',0,'',''),(28036,'User',92,'',0,'Matheus Mancio (6)','2023-06-26 19:10:08',34,'','José Batista'),(28037,'Ticket',546,'User',15,'Matheus Mancio (6)','2023-06-26 19:11:18',4,'','Marcio José Batista (92)'),(28038,'Ticket',546,'',0,'Matheus Mancio (6)','2023-06-26 19:11:18',150,'0','1'),(28039,'Ticket',546,'User',15,'Matheus Mancio (6)','2023-06-26 19:11:18',5,'','Heitor Silva Saqueto (76)'),(28040,'Ticket',546,'0',20,'Matheus Mancio (6)','2023-06-26 19:11:18',0,'',''),(28041,'Ticket',546,'User',15,'Matheus Mancio (6)','2023-06-26 19:11:34',5,'','Gabriel Santos Silva (89)'),(28042,'Ticket',546,'',0,'Matheus Mancio (6)','2023-06-26 19:11:34',52,'1','3'),(28043,'Ticket',546,'',0,'Gabriel Santos Silva (89)','2023-06-26 19:58:47',12,'2','5'),(28044,'Ticket',546,'',0,'Gabriel Santos Silva (89)','2023-06-26 19:58:47',64,'matheus.mancio (6)','gabriel.silva (89)'),(28045,'Ticket',546,'',0,'Gabriel Santos Silva (89)','2023-06-26 19:58:47',17,'','2023-06-26 16:58:47'),(28046,'Ticket',546,'ITILSolution',17,'Gabriel Santos Silva (89)','2023-06-26 19:58:47',0,'','514 (514)'),(28047,'ITILSolution',514,'0',20,'Gabriel Santos Silva (89)','2023-06-26 19:58:47',0,'',''),(28048,'PurgeLogs',0,'',12,'cron_PurgeLogs','2023-06-27 18:31:01',0,'23923','23923'),(28049,'MailCollector',3,'',0,'cron_mailgate','2023-06-28 05:08:01',22,'0','1'),(28050,'MailCollector',3,'',0,'cron_mailgate','2023-06-28 05:09:02',22,'1','0'),(28051,'MailCollector',3,'',0,'cron_mailgate','2023-06-28 16:49:01',22,'0','1'),(28052,'MailCollector',3,'',0,'cron_mailgate','2023-06-28 16:50:01',22,'1','0'),(28053,'Ticket',525,'',0,'cron_closeticket','2023-06-28 17:16:01',12,'5','6'),(28054,'Ticket',525,'',0,'cron_closeticket','2023-06-28 17:16:01',16,'','2023-06-28 14:16:01'),(28055,'Ticket',544,'',0,'cron_closeticket','2023-06-28 17:16:01',12,'5','6'),(28056,'Ticket',544,'',0,'cron_closeticket','2023-06-28 17:16:01',16,'','2023-06-28 14:16:01'),(28057,'Ticket',547,'User',15,'Matheus Mancio (6)','2023-06-28 18:31:44',4,'','CILDO  GIOLO JUNIOR (63)'),(28058,'Ticket',547,'',0,'Matheus Mancio (6)','2023-06-28 18:31:44',150,'0','224'),(28059,'Ticket',547,'User',15,'Matheus Mancio (6)','2023-06-28 18:31:44',5,'','Matheus Mancio (6)'),(28060,'Ticket',547,'0',20,'Matheus Mancio (6)','2023-06-28 18:31:44',0,'',''),(28061,'Ticket',547,'',0,'Matheus Mancio (6)','2023-06-28 18:50:00',52,'1','3'),(28062,'Ticket',547,'',0,'Matheus Mancio (6)','2023-06-28 18:50:00',83,'&nbsp; (0)','Diretoria &gt; Coordenação Pedagógica &gt; Cartório (10)'),(28063,'Ticket',547,'',0,'Matheus Mancio (6)','2023-06-28 18:52:42',12,'2','5'),(28064,'Ticket',547,'',0,'Matheus Mancio (6)','2023-06-28 18:52:42',17,'','2023-06-28 15:52:42'),(28065,'Ticket',547,'ITILSolution',17,'Matheus Mancio (6)','2023-06-28 18:52:42',0,'','515 (515)'),(28066,'ITILSolution',515,'0',20,'Matheus Mancio (6)','2023-06-28 18:52:42',0,'',''),(28067,'Ticket',543,'User',15,'Matheus Mancio (6)','2023-06-28 18:52:58',5,'','Gabriel Santos Silva (89)'),(28068,'Ticket',543,'User',15,'Gabriel Santos Silva (89)','2023-06-28 20:13:48',5,'','Heitor Silva Saqueto (76)'),(28069,'Ticket',543,'',0,'Gabriel Santos Silva (89)','2023-06-28 20:17:50',12,'2','5'),(28070,'Ticket',543,'',0,'Gabriel Santos Silva (89)','2023-06-28 20:17:50',17,'','2023-06-28 17:17:50'),(28071,'Ticket',543,'ITILSolution',17,'Gabriel Santos Silva (89)','2023-06-28 20:17:50',0,'','516 (516)'),(28072,'ITILSolution',516,'0',20,'Gabriel Santos Silva (89)','2023-06-28 20:17:50',0,'',''),(28073,'MailCollector',3,'',0,'cron_mailgate','2023-06-29 04:38:01',22,'0','1'),(28074,'MailCollector',3,'',0,'cron_mailgate','2023-06-29 04:39:02',22,'1','0'),(28075,'Ticket',545,'',0,'cron_closeticket','2023-06-29 05:16:01',12,'5','6'),(28076,'Ticket',545,'',0,'cron_closeticket','2023-06-29 05:16:01',16,'','2023-06-29 02:16:01'),(28077,'Ticket',546,'',0,'cron_closeticket','2023-06-29 05:16:01',12,'5','6'),(28078,'Ticket',546,'',0,'cron_closeticket','2023-06-29 05:16:01',16,'','2023-06-29 02:16:01'),(28079,'MailCollector',3,'',0,'cron_mailgate','2023-06-29 06:37:02',22,'0','1'),(28080,'MailCollector',3,'',0,'cron_mailgate','2023-06-29 06:38:02',22,'1','0'),(28081,'MailCollector',3,'',0,'cron_mailgate','2023-06-30 03:41:02',22,'0','1'),(28082,'MailCollector',3,'',0,'cron_mailgate','2023-06-30 03:42:02',22,'1','0'),(28083,'Ticket',543,'',0,'cron_closeticket','2023-07-01 05:16:02',12,'5','6'),(28084,'Ticket',543,'',0,'cron_closeticket','2023-07-01 05:16:02',16,'','2023-07-01 02:16:02'),(28085,'Ticket',547,'',0,'cron_closeticket','2023-07-01 05:16:02',12,'5','6'),(28086,'Ticket',547,'',0,'cron_closeticket','2023-07-01 05:16:02',16,'','2023-07-01 02:16:02'),(28087,'MailCollector',3,'',0,'cron_mailgate','2023-07-01 20:09:02',22,'0','1'),(28088,'MailCollector',3,'',0,'cron_mailgate','2023-07-01 20:10:02',22,'1','0'),(28089,'MailCollector',3,'',0,'cron_mailgate','2023-07-02 11:47:01',22,'0','1'),(28090,'MailCollector',3,'',0,'cron_mailgate','2023-07-02 11:48:01',22,'1','0'),(28091,'MailCollector',3,'',0,'cron_mailgate','2023-07-03 03:17:02',22,'0','1'),(28092,'MailCollector',3,'',0,'cron_mailgate','2023-07-03 03:18:01',22,'1','0'),(28093,'MailCollector',3,'',0,'cron_mailgate','2023-07-03 07:44:02',22,'0','1'),(28094,'MailCollector',3,'',0,'cron_mailgate','2023-07-03 07:45:02',22,'1','0'),(28095,'MailCollector',3,'',0,'cron_mailgate','2023-07-04 00:46:02',22,'0','1'),(28096,'MailCollector',3,'',0,'cron_mailgate','2023-07-04 00:47:02',22,'1','0'),(28097,'PurgeLogs',0,'',12,'cron_PurgeLogs','2023-07-04 18:31:02',0,'23972','23972'),(28098,'Ticket',548,'User',15,'Matheus Mancio (6)','2023-07-04 19:46:04',4,'','Berenice Bolzani (85)'),(28099,'Ticket',548,'',0,'Matheus Mancio (6)','2023-07-04 19:46:04',150,'0','484'),(28100,'Ticket',548,'User',15,'Matheus Mancio (6)','2023-07-04 19:46:04',5,'','Gabriel Santos Silva (89)'),(28101,'Ticket',548,'0',20,'Matheus Mancio (6)','2023-07-04 19:46:04',0,'',''),(28102,'Ticket',548,'',0,'Matheus Mancio (6)','2023-07-04 19:46:21',52,'1','3'),(28103,'Ticket',548,'',0,'Matheus Mancio (6)','2023-07-04 19:46:21',83,'&nbsp; (0)','Diretoria &gt; NAJ - Núcleo de Atendimento Juridico &gt; CEJUSC (55)'),(28104,'Ticket',548,'',0,'Matheus Mancio (6)','2023-07-04 19:46:21',21,'&lt;div&gt;Prezados, boa tarde!&lt;/div&gt;&lt;div&gt; &lt;/div&gt;&lt;div&gt;Conforme contato telefônico, solicito suporte para o computador instalado na sala de audiências nº 02,','&lt;div&gt;Prezados, boa tarde!&lt;/div&gt;&lt;div&gt; &lt;/div&gt;&lt;div&gt;Conforme contato telefônico, solicito suporte para o computador instalado na sala de audiências nº 02,'),(28105,'Ticket',548,'User',15,'Matheus Mancio (6)','2023-07-04 19:46:40',66,'','Matheus Mancio (6)'),(28106,'Ticket',548,'TicketTask',17,'Gabriel Santos Silva (89)','2023-07-04 19:50:40',0,'','161'),(28107,'MailCollector',3,'',0,'cron_mailgate','2023-07-04 20:50:02',22,'0','1'),(28108,'MailCollector',3,'',0,'cron_mailgate','2023-07-04 20:51:02',22,'1','0'),(28109,'Document',40,'Ticket',15,'cron_mailgate','2023-07-05 18:01:01',0,'','Criação de Login (549)'),(28110,'Ticket',549,'Document',15,'cron_mailgate','2023-07-05 18:01:01',0,'','Documento do Chamado 238 (40)'),(28111,'Ticket',549,'User',15,'cron_mailgate','2023-07-05 18:01:01',4,'','Karen Cristina Souza Rezende David (21)'),(28112,'Ticket',549,'0',20,'cron_mailgate','2023-07-05 18:01:01',0,'',''),(28113,'ITILCategory',95,'ITILCategory',17,'Matheus Mancio (6)','2023-07-05 18:04:50',0,'','CRIAÇÃO DE USUÁRIO'),(28114,'ITILCategory',138,'0',20,'Matheus Mancio (6)','2023-07-05 18:04:50',0,'',''),(28115,'Ticket',549,'',0,'Matheus Mancio (6)','2023-07-05 18:05:28',150,'0','267'),(28116,'Ticket',549,'',0,'Matheus Mancio (6)','2023-07-05 18:05:28',64,'&nbsp; (0)','matheus.mancio (6)'),(28117,'Ticket',549,'User',15,'Matheus Mancio (6)','2023-07-05 18:05:28',5,'','Matheus Mancio (6)'),(28118,'Ticket',549,'',0,'Matheus Mancio (6)','2023-07-05 18:05:28',7,'&nbsp; (0)','INFORMÁTICA &gt; INFRAESTRUTURA &gt; SOFTWARE &gt; SISTEMA OPERACIONAL &gt; WINDOWS &gt; CRIAÇÃO DE USUÁRIO (138)'),(28119,'Ticket',549,'',0,'Matheus Mancio (6)','2023-07-05 18:05:28',12,'1','2'),(28120,'Ticket',549,'',0,'Matheus Mancio (6)','2023-07-05 18:05:28',9,'WhatsApp (6)','Via Sistema (1)'),(28121,'Ticket',549,'',0,'Matheus Mancio (6)','2023-07-05 18:05:28',52,'1','3'),(28122,'Ticket',549,'',0,'Matheus Mancio (6)','2023-07-05 18:05:28',83,'&nbsp; (0)','Diretoria &gt; Coordenação Pedagógica &gt; Núcleo de Pesquisa jurídica e Informática (33)'),(28123,'Ticket',549,'',0,'Matheus Mancio (6)','2023-07-05 18:05:28',21,'&lt;div dir=&quot;ltr&quot;&gt;Prezados, boa tarde&lt;div&gt;&lt;br /&gt;&lt;/div&gt;&lt;div&gt;Gostaria de solicitar a cria&ccedil;&atilde;o de login e senha, por gentileza:&lt;/d','&lt;div dir=\"ltr\"&gt;Prezados, boa tarde&lt;div&gt; &lt;/div&gt;&lt;div&gt;Gostaria de solicitar a criação de login e senha, por gentileza:&lt;/div&gt;&lt;div&gt;Estagiária: Júlia '),(28124,'Ticket',549,'',0,'Matheus Mancio (6)','2023-07-05 18:07:06',12,'2','5'),(28125,'Ticket',549,'',0,'Matheus Mancio (6)','2023-07-05 18:07:06',17,'','2023-07-05 15:07:06'),(28126,'Ticket',549,'ITILSolution',17,'Matheus Mancio (6)','2023-07-05 18:07:06',0,'','517 (517)'),(28127,'ITILSolution',517,'0',20,'Matheus Mancio (6)','2023-07-05 18:07:06',0,'',''),(28128,'User',93,'Profile',17,'Matheus Mancio (6)','2023-07-05 18:07:40',0,'','Self-Service (1)'),(28129,'User',93,'0',20,'Matheus Mancio (6)','2023-07-05 18:07:40',0,'',''),(28130,'User',93,'Profile',17,'Matheus Mancio (6)','2023-07-05 18:09:03',0,'','Self-Service (1)'),(28131,'User',93,'Profile',17,'Matheus Mancio (6)','2023-07-05 18:09:07',0,'','Self-Service (1)'),(28132,'User',93,'Profile',19,'Matheus Mancio (6)','2023-07-05 18:09:13',0,'Self-Service (1)',''),(28133,'User',93,'',0,'Matheus Mancio (6)','2023-07-05 18:10:09',62,'','2023-07-05 15:00:00'),(28134,'User',93,'',0,'Matheus Mancio (6)','2023-07-05 18:10:09',82,'&nbsp; (0)','Estagiário(a) (22)'),(28135,'User',93,'',0,'Matheus Mancio (6)','2023-07-05 18:10:09',81,'&nbsp; (0)','Sra (2)'),(28136,'User',93,'',0,'Matheus Mancio (6)','2023-07-05 18:10:09',3,'&nbsp; (0)','Diretoria &gt; Coordenação Pedagógica &gt; Núcleo de Pesquisa jurídica e Informática (33)'),(28137,'User',93,'',0,'Matheus Mancio (6)','2023-07-05 18:10:09',20,'&nbsp; (0)','Self-Service (1)'),(28138,'User',93,'',0,'Matheus Mancio (6)','2023-07-05 18:10:09',99,'0','21'),(28139,'User',93,'UserEmail',17,'Matheus Mancio (6)','2023-07-05 18:10:09',0,'','julia.ferreira@direitofranca.br (100)'),(28140,'UserEmail',100,'0',20,'Matheus Mancio (6)','2023-07-05 18:10:09',0,'',''),(28141,'Ticket',550,'User',15,'gustavo giovanella (7)','2023-07-05 19:01:10',4,'','Yuri Nathan da Costa Lannes  lannes (87)'),(28142,'Ticket',550,'',0,'gustavo giovanella (7)','2023-07-05 19:01:10',150,'0','70'),(28143,'Ticket',550,'User',15,'gustavo giovanella (7)','2023-07-05 19:01:10',5,'','gustavo giovanella (7)'),(28144,'Ticket',550,'0',20,'gustavo giovanella (7)','2023-07-05 19:01:10',0,'',''),(28145,'Ticket',550,'TicketTask',17,'gustavo giovanella (7)','2023-07-05 19:09:43',0,'','162'),(28146,'Ticket',550,'',0,'Matheus Mancio (6)','2023-07-06 11:30:52',7,'&nbsp; (0)','INFORMÁTICA &gt; INFRAESTRUTURA &gt; SOFTWARE &gt; TRANSMISSÃO (107)'),(28147,'Ticket',550,'',0,'Matheus Mancio (6)','2023-07-06 11:30:52',52,'1','3'),(28148,'Ticket',550,'',0,'Matheus Mancio (6)','2023-07-06 11:30:52',83,'&nbsp; (0)','Diretoria &gt; Coordenação Pedagógica &gt; Núcleo de Pesquisa jurídica e Informática (33)'),(28149,'Ticket',550,'',0,'Matheus Mancio (6)','2023-07-06 11:30:52',64,'gustavogiovanella (7)','matheus.mancio (6)'),(28150,'MailCollector',3,'',0,'cron_mailgate','2023-07-06 11:31:01',22,'0','1'),(28151,'MailCollector',3,'',0,'cron_mailgate','2023-07-06 11:32:01',22,'1','0'),(28152,'Ticket',548,'TicketTask',17,'Gabriel Santos Silva (89)','2023-07-06 19:51:22',0,'','163'),(28153,'MailCollector',3,'',0,'cron_mailgate','2023-07-07 07:49:01',22,'0','1'),(28154,'MailCollector',3,'',0,'cron_mailgate','2023-07-07 07:50:01',22,'1','0'),(28155,'MailCollector',3,'',0,'cron_mailgate','2023-07-07 09:22:02',22,'0','1'),(28156,'MailCollector',3,'',0,'cron_mailgate','2023-07-07 09:23:02',22,'1','0'),(28157,'MailCollector',3,'',0,'cron_mailgate','2023-07-07 12:45:01',22,'0','1'),(28158,'MailCollector',3,'',0,'cron_mailgate','2023-07-07 12:46:01',22,'1','0'),(28159,'MailCollector',3,'',0,'cron_mailgate','2023-07-07 22:42:02',22,'0','1'),(28160,'MailCollector',3,'',0,'cron_mailgate','2023-07-07 22:43:02',22,'1','0'),(28161,'MailCollector',3,'',0,'cron_mailgate','2023-07-07 22:59:01',22,'0','1'),(28162,'MailCollector',3,'',0,'cron_mailgate','2023-07-07 23:00:01',22,'1','0'),(28163,'Ticket',549,'',0,'cron_closeticket','2023-07-08 05:16:01',12,'5','6'),(28164,'Ticket',549,'',0,'cron_closeticket','2023-07-08 05:16:01',16,'','2023-07-08 02:16:01'),(28165,'MailCollector',3,'',0,'cron_mailgate','2023-07-08 07:36:01',22,'0','1'),(28166,'MailCollector',3,'',0,'cron_mailgate','2023-07-08 07:37:01',22,'1','0'),(28167,'MailCollector',3,'',0,'cron_mailgate','2023-07-08 09:38:01',22,'0','1'),(28168,'MailCollector',3,'',0,'cron_mailgate','2023-07-08 09:39:01',22,'1','0'),(28169,'MailCollector',3,'',0,'cron_mailgate','2023-07-08 10:26:01',22,'0','1'),(28170,'MailCollector',3,'',0,'cron_mailgate','2023-07-08 10:27:01',22,'1','0'),(28171,'MailCollector',3,'',0,'cron_mailgate','2023-07-09 02:47:01',22,'0','1'),(28172,'MailCollector',3,'',0,'cron_mailgate','2023-07-09 02:48:01',22,'1','0'),(28173,'MailCollector',3,'',0,'cron_mailgate','2023-07-09 04:50:02',22,'0','1'),(28174,'MailCollector',3,'',0,'cron_mailgate','2023-07-09 04:51:02',22,'1','0'),(28175,'MailCollector',3,'',0,'cron_mailgate','2023-07-09 17:57:01',22,'0','1'),(28176,'MailCollector',3,'',0,'cron_mailgate','2023-07-09 17:58:01',22,'1','0'),(28177,'MailCollector',3,'',0,'cron_mailgate','2023-07-10 04:50:01',22,'0','1'),(28178,'MailCollector',3,'',0,'cron_mailgate','2023-07-10 04:51:01',22,'1','0'),(28179,'MailCollector',3,'',0,'cron_mailgate','2023-07-10 05:36:01',22,'0','1'),(28180,'MailCollector',3,'',0,'cron_mailgate','2023-07-10 05:37:01',22,'1','0'),(28181,'Config',1,'',0,'cron_checkupdate','2023-07-10 13:27:01',1,'founded_new_version 10.0.7','10.0.8'),(28182,'MailCollector',3,'',0,'cron_mailgate','2023-07-10 15:15:02',22,'0','1'),(28183,'MailCollector',3,'',0,'cron_mailgate','2023-07-10 15:16:02',22,'1','0'),(28184,'Ticket',551,'',0,'Gabriel Santos Silva (89)','2023-07-10 20:11:56',150,'0','18716'),(28185,'Ticket',551,'User',15,'Gabriel Santos Silva (89)','2023-07-10 20:11:56',5,'','Gabriel Santos Silva (89)'),(28186,'Ticket',551,'0',20,'Gabriel Santos Silva (89)','2023-07-10 20:11:56',0,'',''),(28187,'Ticket',551,'',0,'Gabriel Santos Silva (89)','2023-07-10 20:12:33',1,'Foi solicitada uma verificação na webcam da sala de audiência 2 no CEJ','WEBCAM CEJUSC'),(28188,'MailCollector',3,'',0,'cron_mailgate','2023-07-11 02:04:01',22,'0','1'),(28189,'MailCollector',3,'',0,'cron_mailgate','2023-07-11 02:05:01',22,'1','2'),(28190,'MailCollector',3,'',0,'cron_mailgate','2023-07-11 02:06:01',22,'2','0'),(28191,'MailCollector',3,'',0,'cron_mailgate','2023-07-11 02:07:01',22,'0','1'),(28192,'MailCollector',3,'',0,'cron_mailgate','2023-07-11 02:08:01',22,'1','0'),(28193,'MailCollector',3,'',0,'cron_mailgate','2023-07-11 05:17:01',22,'0','1'),(28194,'MailCollector',3,'',0,'cron_mailgate','2023-07-11 05:18:01',22,'1','0'),(28195,'PurgeLogs',0,'',12,'cron_PurgeLogs','2023-07-11 18:31:01',0,'24070','24070'),(28196,'Ticket',551,'',0,'gustavo giovanella (7)','2023-07-12 13:54:13',12,'2','5'),(28197,'Ticket',551,'',0,'gustavo giovanella (7)','2023-07-12 13:54:13',64,'gabriel.silva (89)','gustavogiovanella (7)'),(28198,'Ticket',551,'',0,'gustavo giovanella (7)','2023-07-12 13:54:13',17,'','2023-07-12 10:54:13'),(28199,'Ticket',551,'ITILSolution',17,'gustavo giovanella (7)','2023-07-12 13:54:13',0,'','518 (518)'),(28200,'ITILSolution',518,'0',20,'gustavo giovanella (7)','2023-07-12 13:54:13',0,'',''),(28201,'Ticket',552,'User',15,'cron_mailgate','2023-07-12 13:55:03',4,'','Evelise Mendonça Cintra (13)'),(28202,'Ticket',552,'0',20,'cron_mailgate','2023-07-12 13:55:03',0,'',''),(28203,'Ticket',552,'',0,'gustavo giovanella (7)','2023-07-12 14:28:28',150,'0','2007'),(28204,'Ticket',552,'',0,'gustavo giovanella (7)','2023-07-12 14:28:28',64,'&nbsp; (0)','gustavogiovanella (7)'),(28205,'Ticket',552,'User',15,'gustavo giovanella (7)','2023-07-12 14:28:28',5,'','gustavo giovanella (7)'),(28206,'Ticket',552,'',0,'gustavo giovanella (7)','2023-07-12 14:28:28',12,'1','2'),(28207,'Ticket',552,'',0,'gustavo giovanella (7)','2023-07-12 14:28:28',21,'&lt;div dir=\"ltr\"&gt;Prezados, bom dia.&lt;div&gt;&lt;br /&gt;&lt;/div&gt;&lt;div&gt;Solicita a manutenção do meu computador no meu período de férias (17/07 à 01/08).&lt;/div&gt;&l','&lt;div dir=\"ltr\"&gt;Prezados, bom dia.&lt;div&gt; &lt;/div&gt;&lt;div&gt;Solicita a manutenção do meu computador no meu período de férias (17/07 à 01/08).&lt;/div&gt;&lt;div&gt;&l'),(28208,'MailCollector',3,'',0,'cron_mailgate','2023-07-12 16:44:01',22,'0','1'),(28209,'MailCollector',3,'',0,'cron_mailgate','2023-07-12 16:45:01',22,'1','0'),(28210,'MailCollector',3,'',0,'cron_mailgate','2023-07-12 16:46:01',22,'0','1'),(28211,'MailCollector',3,'',0,'cron_mailgate','2023-07-12 16:47:01',22,'1','2'),(28212,'MailCollector',3,'',0,'cron_mailgate','2023-07-12 16:48:01',22,'2','3'),(28213,'MailCollector',3,'',0,'cron_mailgate','2023-07-12 16:48:01',22,'3','4'),(28214,'MailCollector',3,'',0,'cron_mailgate','2023-07-12 16:48:01',22,'4','0'),(28215,'MailCollector',3,'',0,'cron_mailgate','2023-07-13 07:48:01',22,'0','1'),(28216,'MailCollector',3,'',0,'cron_mailgate','2023-07-13 07:49:01',22,'1','0'),(28217,'Ticket',553,'User',15,'cron_mailgate','2023-07-13 12:31:03',4,'','gustavo giovanella (7)'),(28218,'Ticket',553,'0',20,'cron_mailgate','2023-07-13 12:31:03',0,'',''),(28219,'Ticket',553,'TicketTask',17,'gustavo giovanella (7)','2023-07-13 12:34:49',0,'','164'),(28220,'Ticket',553,'',0,'gustavo giovanella (7)','2023-07-13 12:35:05',150,'0','244'),(28221,'Ticket',553,'User',15,'gustavo giovanella (7)','2023-07-13 12:35:09',5,'','gustavo giovanella (7)'),(28222,'Ticket',553,'',0,'gustavo giovanella (7)','2023-07-13 12:35:09',12,'1','2'),(28223,'Ticket',553,'',0,'gustavo giovanella (7)','2023-07-13 12:35:09',21,'&lt;div dir=\"ltr\"&gt;&lt;br /&gt;&lt;br /&gt;&lt;div class=\"gmail_quote\"&gt;&lt;div dir=\"ltr\" class=\"gmail_attr\"&gt;---------- Forwarded message ---------&lt;br /&gt;De: &lt;strong','&lt;div dir=\"ltr\"&gt;&lt;br /&gt;&lt;br /&gt;&lt;div class=\"gmail_quote\"&gt;&lt;div class=\"gmail_attr\" dir=\"ltr\"&gt;---------- Forwarded message ---------&lt;br /&gt;De: &lt;strong'),(28224,'MailCollector',3,'',0,'cron_mailgate','2023-07-13 15:22:02',22,'0','1'),(28225,'MailCollector',3,'',0,'cron_mailgate','2023-07-13 15:23:01',22,'1','0'),(28226,'Ticket',548,'',0,'Gabriel Santos Silva (89)','2023-07-13 16:26:23',12,'2','5'),(28227,'Ticket',548,'',0,'Gabriel Santos Silva (89)','2023-07-13 16:26:23',17,'','2023-07-13 13:26:23'),(28228,'Ticket',548,'ITILSolution',17,'Gabriel Santos Silva (89)','2023-07-13 16:26:23',0,'','519 (519)'),(28229,'ITILSolution',519,'0',20,'Gabriel Santos Silva (89)','2023-07-13 16:26:23',0,'',''),(28230,'MailCollector',3,'',0,'cron_mailgate','2023-07-13 23:50:01',22,'0','1'),(28231,'MailCollector',3,'',0,'cron_mailgate','2023-07-13 23:51:01',22,'1','2'),(28232,'MailCollector',3,'',0,'cron_mailgate','2023-07-13 23:52:01',22,'2','0'),(28233,'MailCollector',3,'',0,'cron_mailgate','2023-07-14 16:51:01',22,'0','1'),(28234,'MailCollector',3,'',0,'cron_mailgate','2023-07-14 16:52:01',22,'1','0'),(28235,'Ticket',551,'',0,'cron_closeticket','2023-07-14 17:16:01',12,'5','6'),(28236,'Ticket',551,'',0,'cron_closeticket','2023-07-14 17:16:01',16,'','2023-07-14 14:16:01'),(28237,'MailCollector',3,'',0,'cron_mailgate','2023-07-15 06:51:01',22,'0','1'),(28238,'MailCollector',3,'',0,'cron_mailgate','2023-07-15 06:52:01',22,'1','0'),(28239,'MailCollector',3,'',0,'cron_mailgate','2023-07-15 10:26:02',22,'0','1'),(28240,'MailCollector',3,'',0,'cron_mailgate','2023-07-15 10:27:02',22,'1','0'),(28241,'MailCollector',3,'',0,'cron_mailgate','2023-07-15 12:55:02',22,'0','1'),(28242,'MailCollector',3,'',0,'cron_mailgate','2023-07-15 12:56:02',22,'1','0'),(28243,'Ticket',548,'',0,'cron_closeticket','2023-07-15 17:16:01',12,'5','6'),(28244,'Ticket',548,'',0,'cron_closeticket','2023-07-15 17:16:01',16,'','2023-07-15 14:16:01'),(28245,'MailCollector',3,'',0,'cron_mailgate','2023-07-15 18:58:01',22,'0','1'),(28246,'MailCollector',3,'',0,'cron_mailgate','2023-07-15 18:59:01',22,'1','0'),(28247,'MailCollector',3,'',0,'cron_mailgate','2023-07-16 11:35:02',22,'0','1'),(28248,'MailCollector',3,'',0,'cron_mailgate','2023-07-16 11:36:02',22,'1','0'),(28249,'MailCollector',3,'',0,'cron_mailgate','2023-07-16 12:21:02',22,'0','1'),(28250,'MailCollector',3,'',0,'cron_mailgate','2023-07-16 12:22:02',22,'1','0'),(28251,'MailCollector',3,'',0,'cron_mailgate','2023-07-16 14:57:02',22,'0','1'),(28252,'MailCollector',3,'',0,'cron_mailgate','2023-07-16 14:58:02',22,'1','0'),(28253,'MailCollector',3,'',0,'cron_mailgate','2023-07-17 00:06:01',22,'0','1'),(28254,'MailCollector',3,'',0,'cron_mailgate','2023-07-17 00:07:01',22,'1','0'),(28255,'MailCollector',3,'',0,'cron_mailgate','2023-07-17 03:09:01',22,'0','1'),(28256,'MailCollector',3,'',0,'cron_mailgate','2023-07-17 03:10:01',22,'1','0'),(28257,'Config',1,'',0,'cron_checkupdate','2023-07-17 13:27:01',1,'founded_new_version 10.0.8','10.0.9'),(28258,'MailCollector',3,'',0,'cron_mailgate','2023-07-18 05:39:01',22,'0','1'),(28259,'MailCollector',3,'',0,'cron_mailgate','2023-07-18 05:40:01',22,'1','0'),(28260,'MailCollector',3,'',0,'cron_mailgate','2023-07-18 06:08:01',22,'0','1'),(28261,'MailCollector',3,'',0,'cron_mailgate','2023-07-18 06:09:01',22,'1','0'),(28262,'MailCollector',3,'',0,'cron_mailgate','2023-07-18 07:37:01',22,'0','1'),(28263,'MailCollector',3,'',0,'cron_mailgate','2023-07-18 07:38:01',22,'1','0'),(28264,'PurgeLogs',0,'',12,'cron_PurgeLogs','2023-07-18 18:31:01',0,'24139','24139'),(28265,'MailCollector',3,'',0,'cron_mailgate','2023-07-19 09:08:01',22,'0','1'),(28266,'MailCollector',3,'',0,'cron_mailgate','2023-07-19 09:09:01',22,'1','0'),(28267,'Ticket',553,'TicketTask',17,'gustavo giovanella (7)','2023-07-19 17:12:18',0,'','165'),(28268,'MailCollector',3,'',0,'cron_mailgate','2023-07-21 14:39:02',22,'0','1'),(28269,'MailCollector',3,'',0,'cron_mailgate','2023-07-21 14:40:02',22,'1','0'),(28270,'MailCollector',3,'',0,'cron_mailgate','2023-07-22 12:26:01',22,'0','1'),(28271,'MailCollector',3,'',0,'cron_mailgate','2023-07-22 12:27:01',22,'1','0'),(28272,'MailCollector',3,'',0,'cron_mailgate','2023-07-23 06:24:02',22,'0','1'),(28273,'MailCollector',3,'',0,'cron_mailgate','2023-07-23 06:25:02',22,'1','0'),(28274,'Ticket',550,'',0,'gustavo giovanella (7)','2023-07-24 16:18:54',12,'2','5'),(28275,'Ticket',550,'',0,'gustavo giovanella (7)','2023-07-24 16:18:54',64,'matheus.mancio (6)','gustavogiovanella (7)'),(28276,'Ticket',550,'',0,'gustavo giovanella (7)','2023-07-24 16:18:54',17,'','2023-07-24 13:18:54'),(28277,'Ticket',550,'ITILSolution',17,'gustavo giovanella (7)','2023-07-24 16:18:54',0,'','520 (520)'),(28278,'ITILSolution',520,'0',20,'gustavo giovanella (7)','2023-07-24 16:18:54',0,'',''),(28279,'Ticket',550,'',0,'gustavo giovanella (7)','2023-07-24 16:18:58',12,'5','6'),(28280,'Ticket',550,'ITILFollowup',17,'gustavo giovanella (7)','2023-07-24 16:18:58',0,'','283'),(28281,'Ticket',552,'TicketTask',17,'gustavo giovanella (7)','2023-07-24 16:45:30',0,'','166'),(28282,'MailCollector',3,'',0,'cron_mailgate','2023-07-25 08:15:01',22,'0','1'),(28283,'MailCollector',3,'',0,'cron_mailgate','2023-07-25 08:16:01',22,'1','0'),(28284,'PurgeLogs',0,'',12,'cron_PurgeLogs','2023-07-25 18:31:01',0,'24159','24159'),(28285,'MailCollector',3,'',0,'cron_mailgate','2023-07-26 02:46:01',22,'0','1'),(28286,'MailCollector',3,'',0,'cron_mailgate','2023-07-26 02:47:01',22,'1','0'),(28287,'MailCollector',3,'',0,'cron_mailgate','2023-07-26 13:32:01',22,'0','1'),(28288,'MailCollector',3,'',0,'cron_mailgate','2023-07-26 13:33:01',22,'1','0'),(28289,'MailCollector',3,'',0,'cron_mailgate','2023-07-29 18:58:01',22,'0','1'),(28290,'MailCollector',3,'',0,'cron_mailgate','2023-07-29 18:59:01',22,'1','0'),(28291,'MailCollector',3,'',0,'cron_mailgate','2023-07-29 19:52:01',22,'0','1'),(28292,'MailCollector',3,'',0,'cron_mailgate','2023-07-29 19:53:01',22,'1','0'),(28293,'MailCollector',3,'',0,'cron_mailgate','2023-07-30 05:10:01',22,'0','1'),(28294,'MailCollector',3,'',0,'cron_mailgate','2023-07-30 05:11:01',22,'1','0'),(28295,'MailCollector',3,'',0,'cron_mailgate','2023-07-30 11:11:01',22,'0','1'),(28296,'MailCollector',3,'',0,'cron_mailgate','2023-07-30 11:12:01',22,'1','0'),(28297,'MailCollector',3,'',0,'cron_mailgate','2023-07-30 19:47:01',22,'0','1'),(28298,'MailCollector',3,'',0,'cron_mailgate','2023-07-30 19:48:01',22,'1','0'),(28299,'Ticket',553,'',0,'gustavo giovanella (7)','2023-07-31 10:44:51',12,'2','5'),(28300,'Ticket',553,'',0,'gustavo giovanella (7)','2023-07-31 10:44:51',17,'','2023-07-31 07:44:51'),(28301,'Ticket',552,'',0,'Matheus Mancio (6)','2023-07-31 10:45:04',7,'&nbsp; (0)','INFORMÁTICA &gt; INFRAESTRUTURA &gt; HARDWARE &gt; DESKTOP COMPLETO (122)'),(28302,'Ticket',552,'',0,'Matheus Mancio (6)','2023-07-31 10:45:04',52,'1','3'),(28303,'Ticket',552,'',0,'Matheus Mancio (6)','2023-07-31 10:45:04',83,'&nbsp; (0)','Diretoria &gt; Coordenação Pedagógica &gt; Cartório (10)'),(28304,'Ticket',552,'',0,'Matheus Mancio (6)','2023-07-31 10:45:04',64,'gustavogiovanella (7)','matheus.mancio (6)'),(28305,'Ticket',554,'User',15,'cron_mailgate','2023-07-31 11:39:01',4,'','Arthur Henrique Almeida Simões (77)'),(28306,'Ticket',554,'0',20,'cron_mailgate','2023-07-31 11:39:01',0,'',''),(28307,'Ticket',554,'',0,'Matheus Mancio (6)','2023-07-31 12:03:09',150,'0','1448'),(28308,'Ticket',554,'',0,'Matheus Mancio (6)','2023-07-31 12:03:09',64,'&nbsp; (0)','matheus.mancio (6)'),(28309,'Ticket',554,'',0,'Matheus Mancio (6)','2023-07-31 12:04:11',7,'&nbsp; (0)','INFORMÁTICA &gt; INFRAESTRUTURA &gt; REDE &gt; INTERNET &gt; WIFI (116)'),(28310,'Ticket',554,'',0,'Matheus Mancio (6)','2023-07-31 12:04:11',52,'1','3'),(28311,'Ticket',554,'',0,'Matheus Mancio (6)','2023-07-31 12:04:11',83,'&nbsp; (0)','Diretoria &gt; Diretoria Administrativa &gt; Marketing (54)'),(28312,'Ticket',554,'',0,'Matheus Mancio (6)','2023-07-31 12:04:24',12,'1','2'),(28313,'Ticket',554,'',0,'Matheus Mancio (6)','2023-07-31 17:00:11',12,'2','5'),(28314,'Ticket',554,'',0,'Matheus Mancio (6)','2023-07-31 17:00:11',17,'','2023-07-31 14:00:11'),(28315,'Ticket',555,'User',15,'cron_mailgate','2023-08-01 13:25:01',4,'','MARIA  GORETI CINTRA CASTRO (36)'),(28316,'Ticket',555,'0',20,'cron_mailgate','2023-08-01 13:25:01',0,'',''),(28317,'Ticket',555,'',0,'Matheus Mancio (6)','2023-08-01 16:12:25',7,'&nbsp; (0)','INFORMÁTICA &gt; INFRAESTRUTURA &gt; IMPRESSORA (75)'),(28318,'Ticket',555,'',0,'Matheus Mancio (6)','2023-08-01 16:12:25',9,'WhatsApp (6)','Via Sistema (1)'),(28319,'Ticket',555,'',0,'Matheus Mancio (6)','2023-08-01 16:12:25',52,'1','3'),(28320,'Ticket',555,'',0,'Matheus Mancio (6)','2023-08-01 16:12:25',83,'&nbsp; (0)','Diretoria &gt; Secretaria (6)'),(28321,'Ticket',555,'',0,'Matheus Mancio (6)','2023-08-01 16:12:25',21,'&lt;div dir=\"ltr\"&gt;Prezados, bom dia!&lt;div&gt;&lt;br /&gt;&lt;/div&gt;&lt;div&gt;Solicito a limpeza da minha impressora, uma vez que as cópias estão saindo manchadas.&lt;/div&g','&lt;div dir=\"ltr\"&gt;Prezados, bom dia!&lt;div&gt; &lt;/div&gt;&lt;div&gt;Solicito a limpeza da minha impressora, uma vez que as cópias estão saindo manchadas.&lt;/div&gt;&lt;div&g'),(28322,'Ticket',555,'',0,'Matheus Mancio (6)','2023-08-01 16:12:25',64,'&nbsp; (0)','matheus.mancio (6)'),(28323,'PurgeLogs',0,'',12,'cron_PurgeLogs','2023-08-01 18:31:01',0,'24198','24198'),(28324,'Ticket',556,'User',15,'cron_mailgate','2023-08-01 18:56:03',4,'','Evelise Mendonça Cintra (13)'),(28325,'Ticket',556,'0',20,'cron_mailgate','2023-08-01 18:56:04',0,'',''),(28326,'Ticket',555,'',0,'Matheus Mancio (6)','2023-08-01 20:12:33',150,'0','24452'),(28327,'Ticket',555,'User',15,'Matheus Mancio (6)','2023-08-01 20:12:33',5,'','Gabriel Santos Silva (89)'),(28328,'Ticket',555,'',0,'Matheus Mancio (6)','2023-08-01 20:12:33',12,'1','2'),(28329,'Ticket',555,'User',15,'Matheus Mancio (6)','2023-08-01 20:12:41',5,'','Heitor Silva Saqueto (76)'),(28330,'Ticket',555,'User',15,'Matheus Mancio (6)','2023-08-01 20:12:56',66,'','Matheus Mancio (6)'),(28331,'Ticket',556,'',0,'Matheus Mancio (6)','2023-08-01 20:16:15',150,'0','4814'),(28332,'Ticket',556,'',0,'Matheus Mancio (6)','2023-08-01 20:16:15',64,'&nbsp; (0)','matheus.mancio (6)'),(28333,'Ticket',556,'User',15,'Matheus Mancio (6)','2023-08-01 20:16:15',5,'','Matheus Mancio (6)'),(28334,'Ticket',556,'',0,'Matheus Mancio (6)','2023-08-01 20:16:15',7,'&nbsp; (0)','INFORMÁTICA &gt; INFRAESTRUTURA &gt; SOFTWARE &gt; SISTEMA OPERACIONAL &gt; WINDOWS &gt; CRIAÇÃO DE USUÁRIO (138)'),(28335,'Ticket',556,'',0,'Matheus Mancio (6)','2023-08-01 20:16:15',12,'1','2'),(28336,'Ticket',556,'',0,'Matheus Mancio (6)','2023-08-01 20:16:15',9,'WhatsApp (6)','Via Sistema (1)'),(28337,'Ticket',556,'',0,'Matheus Mancio (6)','2023-08-01 20:16:15',52,'1','3'),(28338,'Ticket',556,'',0,'Matheus Mancio (6)','2023-08-01 20:16:15',83,'&nbsp; (0)','Diretoria &gt; Coordenação Pedagógica &gt; Cartório (10)'),(28339,'Ticket',556,'',0,'Matheus Mancio (6)','2023-08-01 20:16:15',21,'&lt;div dir=\"ltr\"&gt;Prezados, boa tarde!&lt;div&gt;&lt;br /&gt;&lt;/div&gt;&lt;div&gt;Preciso de um novo login para o estagiário, Artur Morcelli de Carvalho.&lt;/div&gt;&lt;div&gt','&lt;div dir=\"ltr\"&gt;Prezados, boa tarde!&lt;div&gt; &lt;/div&gt;&lt;div&gt;Preciso de um novo login para o estagiário, Artur Morcelli de Carvalho.&lt;/div&gt;&lt;div&gt;Obrigada.&'),(28340,'Ticket',555,'ITILFollowup',17,'Gabriel Santos Silva (89)','2023-08-01 20:17:22',0,'','284'),(28341,'Ticket',555,'ITILFollowup',18,'Gabriel Santos Silva (89)','2023-08-01 20:17:36',0,'','284'),(28342,'Ticket',556,'ITILFollowup',17,'Matheus Mancio (6)','2023-08-01 20:24:02',0,'','285'),(28343,'Ticket',556,'',0,'Matheus Mancio (6)','2023-08-01 20:24:15',12,'2','5'),(28344,'Ticket',556,'',0,'Matheus Mancio (6)','2023-08-01 20:24:15',17,'','2023-08-01 17:24:15'),(28345,'Ticket',556,'ITILSolution',17,'Matheus Mancio (6)','2023-08-01 20:24:15',0,'','523 (523)'),(28346,'ITILSolution',523,'0',20,'Matheus Mancio (6)','2023-08-01 20:24:15',0,'',''),(28347,'Ticket',557,'User',15,'cron_mailgate','2023-08-01 23:23:04',4,'','Evelise Mendonça Cintra (13)'),(28348,'Ticket',557,'0',20,'cron_mailgate','2023-08-01 23:23:04',0,'',''),(28349,'Ticket',558,'User',15,'cron_mailgate','2023-08-01 23:27:04',4,'','Evelise Mendonça Cintra (13)'),(28350,'Ticket',558,'0',20,'cron_mailgate','2023-08-01 23:27:04',0,'',''),(28351,'Ticket',559,'User',15,'cron_mailgate','2023-08-01 23:29:04',4,'','Evelise Mendonça Cintra (13)'),(28352,'Ticket',559,'0',20,'cron_mailgate','2023-08-01 23:29:04',0,'',''),(28353,'Ticket',557,'',0,'Gabriel Santos Silva (89)','2023-08-01 23:36:33',150,'0','811'),(28354,'Ticket',557,'',0,'Gabriel Santos Silva (89)','2023-08-01 23:36:33',64,'&nbsp; (0)','gabriel.silva (89)'),(28355,'Ticket',557,'User',15,'Gabriel Santos Silva (89)','2023-08-01 23:36:33',5,'','Gabriel Santos Silva (89)'),(28356,'Ticket',557,'',0,'Gabriel Santos Silva (89)','2023-08-01 23:36:33',7,'&nbsp; (0)','INFORMÁTICA &gt; INFRAESTRUTURA &gt; IMPRESSORA &gt; SCANNER (111)'),(28357,'Ticket',557,'',0,'Gabriel Santos Silva (89)','2023-08-01 23:36:33',12,'1','2'),(28358,'Ticket',557,'',0,'Gabriel Santos Silva (89)','2023-08-01 23:36:33',9,'WhatsApp (6)','Telefone (3)'),(28359,'Ticket',557,'',0,'Gabriel Santos Silva (89)','2023-08-01 23:36:33',83,'&nbsp; (0)','Diretoria &gt; Coordenação Pedagógica &gt; Cartório (10)'),(28360,'Ticket',557,'',0,'Gabriel Santos Silva (89)','2023-08-01 23:36:33',21,'&lt;div dir=\"ltr\"&gt;Prezados, boa noite!&lt;div&gt;&lt;br /&gt;&lt;/div&gt;&lt;div&gt;Solicito a instalação do scanner no login do estagiário.&lt;/div&gt;&lt;br style=\"clear: both','&lt;div dir=\"ltr\"&gt;Prezados, boa noite!&lt;div&gt; &lt;/div&gt;&lt;div&gt;Solicito a instalação do scanner no login do estagiário.&lt;/div&gt;&lt;br style=\"clear: both;\" /&gt;&lt'),(28361,'Ticket',557,'User',15,'Gabriel Santos Silva (89)','2023-08-01 23:36:52',5,'','Heitor Silva Saqueto (76)'),(28362,'Ticket',557,'',0,'Gabriel Santos Silva (89)','2023-08-01 23:37:32',12,'2','5'),(28363,'Ticket',557,'',0,'Gabriel Santos Silva (89)','2023-08-01 23:37:32',17,'','2023-08-01 20:37:32'),(28364,'Ticket',557,'ITILSolution',17,'Gabriel Santos Silva (89)','2023-08-01 23:37:32',0,'','524 (524)'),(28365,'ITILSolution',524,'0',20,'Gabriel Santos Silva (89)','2023-08-01 23:37:32',0,'',''),(28366,'Ticket',560,'User',15,'cron_mailgate','2023-08-02 10:29:04',4,'','gustavo giovanella (7)'),(28367,'Ticket',560,'0',20,'cron_mailgate','2023-08-02 10:29:04',0,'',''),(28368,'Ticket',560,'',0,'gustavo giovanella (7)','2023-08-02 10:34:20',12,'1','5'),(28369,'Ticket',560,'',0,'gustavo giovanella (7)','2023-08-02 10:34:20',64,'&nbsp; (0)','gustavogiovanella (7)'),(28370,'Ticket',560,'',0,'gustavo giovanella (7)','2023-08-02 10:34:20',17,'','2023-08-02 07:34:20'),(28371,'Ticket',560,'ITILSolution',17,'gustavo giovanella (7)','2023-08-02 10:34:21',0,'','525 (525)'),(28372,'ITILSolution',525,'0',20,'gustavo giovanella (7)','2023-08-02 10:34:21',0,'',''),(28373,'Ticket',558,'',0,'Matheus Mancio (6)','2023-08-02 11:22:18',150,'0','42917'),(28374,'Ticket',558,'',0,'Matheus Mancio (6)','2023-08-02 11:22:18',64,'&nbsp; (0)','matheus.mancio (6)'),(28375,'Ticket',558,'User',15,'Matheus Mancio (6)','2023-08-02 11:22:18',5,'','gustavo giovanella (7)'),(28376,'Ticket',558,'',0,'Matheus Mancio (6)','2023-08-02 11:22:18',7,'&nbsp; (0)','INFORMÁTICA &gt; INFRAESTRUTURA &gt; IMPRESSORA &gt; PROTOCOLADORAS (92)'),(28377,'Ticket',558,'',0,'Matheus Mancio (6)','2023-08-02 11:22:18',12,'1','2'),(28378,'Ticket',558,'',0,'Matheus Mancio (6)','2023-08-02 11:22:18',9,'WhatsApp (6)','Via Sistema (1)'),(28379,'Ticket',558,'',0,'Matheus Mancio (6)','2023-08-02 11:22:18',52,'1','3'),(28380,'Ticket',558,'',0,'Matheus Mancio (6)','2023-08-02 11:22:18',83,'&nbsp; (0)','Diretoria &gt; Coordenação Pedagógica &gt; Cartório (10)'),(28381,'Ticket',558,'',0,'Matheus Mancio (6)','2023-08-02 11:22:18',21,'&lt;div dir=\"ltr\"&gt;Prezados, boa noite.&lt;div&gt;&lt;br /&gt;&lt;/div&gt;&lt;div&gt;Solicito a manutenção da protocoladora.&lt;/div&gt;&lt;div&gt;Prazo de entrega de trabalhos -','&lt;div dir=\"ltr\"&gt;Prezados, boa noite.&lt;div&gt; &lt;/div&gt;&lt;div&gt;Solicito a manutenção da protocoladora.&lt;/div&gt;&lt;div&gt;Prazo de entrega de trabalhos - 07/08/2023'),(28382,'Ticket',558,'',0,'Matheus Mancio (6)','2023-08-02 11:26:46',12,'2','5'),(28383,'Ticket',558,'',0,'Matheus Mancio (6)','2023-08-02 11:26:46',17,'','2023-08-02 08:26:46'),(28384,'Ticket',558,'ITILSolution',17,'Matheus Mancio (6)','2023-08-02 11:26:46',0,'','526 (526)'),(28385,'ITILSolution',526,'0',20,'Matheus Mancio (6)','2023-08-02 11:26:46',0,'',''),(28386,'Ticket',559,'',0,'Matheus Mancio (6)','2023-08-02 11:27:20',150,'0','43099'),(28387,'Ticket',559,'',0,'Matheus Mancio (6)','2023-08-02 11:27:20',64,'&nbsp; (0)','matheus.mancio (6)'),(28388,'Ticket',559,'User',15,'Matheus Mancio (6)','2023-08-02 11:27:20',5,'','Matheus Mancio (6)'),(28389,'Ticket',559,'',0,'Matheus Mancio (6)','2023-08-02 11:27:20',7,'&nbsp; (0)','INFORMÁTICA &gt; INFRAESTRUTURA &gt; HARDWARE &gt; DESKTOP COMPLETO (122)'),(28390,'Ticket',559,'',0,'Matheus Mancio (6)','2023-08-02 11:27:20',12,'1','2'),(28391,'Ticket',559,'',0,'Matheus Mancio (6)','2023-08-02 11:27:20',9,'WhatsApp (6)','Via Sistema (1)'),(28392,'Ticket',559,'',0,'Matheus Mancio (6)','2023-08-02 11:27:20',52,'1','3'),(28393,'Ticket',559,'',0,'Matheus Mancio (6)','2023-08-02 11:27:20',83,'&nbsp; (0)','Diretoria &gt; Coordenação Pedagógica &gt; Cartório (10)'),(28394,'Ticket',559,'',0,'Matheus Mancio (6)','2023-08-02 11:27:20',21,'&lt;div dir=\"ltr\"&gt;Prezados, boa noite.&lt;div&gt;&lt;br /&gt;&lt;/div&gt;&lt;div&gt;Solicito o compartilhamento na pasta CARTÓRIO para o login do novo estagiário.&lt;/div&gt;&lt','&lt;div dir=\"ltr\"&gt;Prezados, boa noite.&lt;div&gt; &lt;/div&gt;&lt;div&gt;Solicito o compartilhamento na pasta CARTÓRIO para o login do novo estagiário.&lt;/div&gt;&lt;div&gt; &l'),(28395,'Ticket',552,'TicketTask',18,'Matheus Mancio (6)','2023-08-02 11:28:34',0,'','166'),(28396,'Ticket',552,'',0,'Matheus Mancio (6)','2023-08-02 11:29:27',12,'2','5'),(28397,'Ticket',552,'',0,'Matheus Mancio (6)','2023-08-02 11:29:27',17,'','2023-08-02 08:29:27'),(28398,'Ticket',552,'ITILSolution',17,'Matheus Mancio (6)','2023-08-02 11:29:27',0,'','527 (527)'),(28399,'ITILSolution',527,'0',20,'Matheus Mancio (6)','2023-08-02 11:29:27',0,'',''),(28400,'Ticket',553,'',0,'cron_closeticket','2023-08-02 17:16:01',12,'5','6'),(28401,'Ticket',553,'',0,'cron_closeticket','2023-08-02 17:16:01',16,'','2023-08-02 14:16:01'),(28402,'Ticket',554,'',0,'cron_closeticket','2023-08-02 17:16:03',12,'5','6'),(28403,'Ticket',554,'',0,'cron_closeticket','2023-08-02 17:16:03',16,'','2023-08-02 14:16:03'),(28404,'Ticket',559,'',0,'Matheus Mancio (6)','2023-08-02 18:34:05',12,'2','5'),(28405,'Ticket',559,'',0,'Matheus Mancio (6)','2023-08-02 18:34:05',17,'','2023-08-02 15:34:05'),(28406,'Ticket',559,'ITILSolution',17,'Matheus Mancio (6)','2023-08-02 18:34:05',0,'','528 (528)'),(28407,'ITILSolution',528,'0',20,'Matheus Mancio (6)','2023-08-02 18:34:05',0,'',''),(28408,'Ticket',555,'ITILFollowup',17,'Matheus Mancio (6)','2023-08-02 18:34:36',0,'','286'),(28409,'MailCollector',3,'',0,'cron_mailgate','2023-08-03 06:27:02',22,'0','1'),(28410,'MailCollector',3,'',0,'cron_mailgate','2023-08-03 06:28:02',22,'1','0'),(28411,'Ticket',561,'User',15,'Gabriel Santos Silva (89)','2023-08-04 00:04:46',66,'','Gabriel Santos Silva (89)'),(28412,'Ticket',561,'',0,'Gabriel Santos Silva (89)','2023-08-04 00:04:46',150,'0','32686'),(28413,'Ticket',561,'User',15,'Gabriel Santos Silva (89)','2023-08-04 00:04:46',5,'','Heitor Silva Saqueto (76)'),(28414,'Ticket',561,'0',20,'Gabriel Santos Silva (89)','2023-08-04 00:04:46',0,'',''),(28415,'Ticket',561,'',0,'Gabriel Santos Silva (89)','2023-08-04 00:13:24',12,'2','5'),(28416,'Ticket',561,'',0,'Gabriel Santos Silva (89)','2023-08-04 00:13:24',17,'','2023-08-03 21:13:24'),(28417,'Ticket',561,'ITILSolution',17,'Gabriel Santos Silva (89)','2023-08-04 00:13:24',0,'','529 (529)'),(28418,'ITILSolution',529,'0',20,'Gabriel Santos Silva (89)','2023-08-04 00:13:24',0,'',''),(28419,'Ticket',561,'',0,'Gabriel Santos Silva (89)','2023-08-04 00:13:33',12,'5','6'),(28420,'Ticket',561,'ITILFollowup',17,'Gabriel Santos Silva (89)','2023-08-04 00:13:33',0,'','287'),(28421,'Ticket',556,'',0,'cron_closeticket','2023-08-04 05:16:01',12,'5','6'),(28422,'Ticket',556,'',0,'cron_closeticket','2023-08-04 05:16:01',16,'','2023-08-04 02:16:01'),(28423,'Ticket',557,'',0,'cron_closeticket','2023-08-04 05:16:03',12,'5','6'),(28424,'Ticket',557,'',0,'cron_closeticket','2023-08-04 05:16:03',16,'','2023-08-04 02:16:03');

--
-- Table structure for table `glpi_manufacturers`
--

CREATE TABLE `glpi_manufacturers` (
  `id` int(11) NOT NULL AUTO_INCREMENT,
  `name` varchar(255) COLLATE utf8_unicode_ci DEFAULT NULL,
  `comment` text COLLATE utf8_unicode_ci,
  `date_mod` timestamp NULL DEFAULT NULL,
  `date_creation` timestamp NULL DEFAULT NULL,
  PRIMARY KEY (`id`),
  KEY `name` (`name`),
  KEY `date_mod` (`date_mod`),
  KEY `date_creation` (`date_creation`)
) ENGINE=InnoDB AUTO_INCREMENT=78 DEFAULT CHARSET=utf8 COLLATE=utf8_unicode_ci;

--
-- Dumping data for table `glpi_manufacturers`
--

INSERT INTO `glpi_manufacturers` VALUES (1,'Dell Inc.','','2021-04-30 14:17:25','2021-04-30 14:17:25'),(2,'GenuineIntel','','2021-04-30 14:17:25','2021-04-30 14:17:25'),(3,'Standard NVM Express Controller','','2021-04-30 14:17:25','2021-04-30 14:17:25'),(4,'Microsoft','','2021-04-30 14:17:25','2021-04-30 14:17:25'),(5,'Intel Corporation','','2021-04-30 14:17:25','2021-04-30 14:17:25'),(6,'Generic USB xHCI Host Controller','','2021-04-30 14:17:25','2021-04-30 14:17:25'),(7,'Microsoft Corporation',NULL,'2021-04-30 14:17:25','2021-04-30 14:17:25'),(8,'Paramount Software (UK) Ltd.',NULL,'2021-04-30 14:17:25','2021-04-30 14:17:25'),(9,'Waves Audio Ltd.',NULL,'2021-04-30 14:17:25','2021-04-30 14:17:25'),(10,'Oracle Corporation',NULL,'2021-04-30 14:17:25','2021-04-30 14:17:25'),(11,'Diebold Nixdorf',NULL,'2021-04-30 14:17:25','2021-04-30 14:17:25'),(12,'Google LLC',NULL,'2021-04-30 14:17:25','2021-04-30 14:17:25'),(13,'win.rar GmbH',NULL,'2021-04-30 14:17:25','2021-04-30 14:17:25'),(14,'VideoLAN',NULL,'2021-04-30 14:17:25','2021-04-30 14:17:25'),(15,'uvnc bvba',NULL,'2021-04-30 14:17:25','2021-04-30 14:17:25'),(16,'OCS Inventory NG Team',NULL,'2021-04-30 14:17:25','2021-04-30 14:17:25'),(17,'Mozilla',NULL,'2021-04-30 14:17:25','2021-04-30 14:17:25'),(18,'Realtek Semiconductor Corp.',NULL,'2021-04-30 14:17:25','2021-04-30 14:17:25'),(19,'Adobe Systems Incorporated',NULL,'2021-04-30 14:17:25','2021-04-30 14:17:25'),(20,'Zoom',NULL,'2021-04-30 14:17:25','2021-04-30 14:17:25'),(21,'AO Kaspersky Lab',NULL,'2021-04-30 14:17:25','2021-04-30 14:17:25'),(22,'Unavailable',NULL,'2021-04-30 14:17:25','2021-04-30 14:17:25'),(23,'KLCP',NULL,'2021-04-30 14:17:25','2021-04-30 14:17:25'),(24,'Controlador Padrão NVM Express','','2021-04-30 14:17:33','2021-04-30 14:17:33'),(25,'Controlador Host USB xHCI Genérico','','2021-04-30 14:17:33','2021-04-30 14:17:33'),(26,'Samsung','','2021-04-30 14:17:33','2021-04-30 14:17:33'),(27,'Intelbras',NULL,'2021-04-30 14:17:33','2021-04-30 14:17:33'),(28,'Intel',NULL,'2021-04-30 14:17:33','2021-04-30 14:17:33'),(29,'Simon Tatham',NULL,'2021-04-30 14:17:33','2021-04-30 14:17:33'),(30,'OBS Project',NULL,'2021-04-30 14:17:33','2021-04-30 14:17:33'),(31,'Receita Federal do Brasil',NULL,'2021-04-30 14:17:33','2021-04-30 14:17:33'),(32,'USB Attached SCSI (UAS) Compatible Device','','2021-05-03 14:55:33','2021-05-03 14:55:33'),(33,'(Standard monitor types)','','2021-05-03 14:55:33','2021-05-03 14:55:33'),(34,'pdfforge GmbH',NULL,'2021-05-03 14:55:33','2021-05-03 14:55:33'),(35,'Trusteer',NULL,'2021-05-03 14:55:33','2021-05-03 14:55:33'),(36,'2BrightSparks',NULL,'2021-05-03 14:55:33','2021-05-03 14:55:33'),(37,'Grandstream Connecting World','','2021-05-05 23:40:20','2021-05-05 23:40:20'),(38,'Plustek Inc.',NULL,'2021-05-10 18:49:09','2021-05-10 18:49:09'),(39,'Samsung Electronics Co., Ltd.',NULL,'2021-09-30 13:34:13','2021-09-30 13:34:13'),(40,'Brother Industries, Ltd.',NULL,'2021-09-30 13:34:13','2021-09-30 13:34:13'),(41,'Brother Industries Ltd.',NULL,'2021-09-30 13:34:13','2021-09-30 13:34:13'),(42,'Brother Insutries Ltd.',NULL,'2021-09-30 13:34:13','2021-09-30 13:34:13'),(43,'Dell',NULL,'2021-09-30 13:34:13','2021-09-30 13:34:13'),(44,'3CX',NULL,'2021-09-30 13:34:13','2021-09-30 13:34:13'),(45,'Audacity Team',NULL,'2021-09-30 13:34:13','2021-09-30 13:34:13'),(46,'AnyDesk Software GmbH',NULL,'2021-09-30 13:34:13','2021-09-30 13:34:13'),(47,'Hewlett-Packard',NULL,'2021-10-22 12:09:37','2021-10-22 12:09:37'),(48,'Google, Inc.',NULL,'2021-10-22 12:09:37','2021-10-22 12:09:37'),(49,'HP',NULL,'2021-10-22 12:09:37','2021-10-22 12:09:37'),(50,'A.E.T. Europe B.V.',NULL,'2021-10-22 12:09:37','2021-10-22 12:09:37'),(51,'Topaz',NULL,'2021-10-22 12:09:37','2021-10-22 12:09:37'),(52,'Hewlett-Packard Co.',NULL,'2021-10-22 12:09:37','2021-10-22 12:09:37'),(53,'Giesecke & Devrient GmbH',NULL,'2021-10-22 12:09:37','2021-10-22 12:09:37'),(54,'Hewlett-Packard Company',NULL,'2021-10-22 12:09:37','2021-10-22 12:09:37'),(55,'HP Development Company, L.P.',NULL,'2021-10-22 12:09:37','2021-10-22 12:09:37'),(56,'Sun Microsystems, Inc.',NULL,'2021-10-22 12:09:37','2021-10-22 12:09:37'),(57,'TeamViewer',NULL,'2021-10-22 12:09:37','2021-10-22 12:09:37'),(58,'Serpro - Serviço Federal de Processamento de Dados',NULL,'2021-10-22 12:09:37','2021-10-22 12:09:37'),(59,'Conselho Nacional de Justica - CNJ',NULL,'2021-10-25 13:48:34','2021-10-25 13:48:34'),(60,'Softplan Sistemas',NULL,'2021-10-25 13:48:34','2021-10-25 13:48:34'),(61,'Adobe',NULL,'2021-12-22 19:21:43','2021-12-22 19:21:43'),(62,'Gemalto',NULL,'2022-02-21 15:22:33','2022-02-21 15:22:33'),(63,'HP Inc.',NULL,'2022-05-23 15:29:06','2022-05-23 15:29:06'),(64,'HP Inc',NULL,'2022-05-23 15:29:06','2022-05-23 15:29:06'),(65,'Skype Technologies S.A.',NULL,'2022-05-31 15:29:07','2022-05-31 15:29:07'),(66,'The Document Foundation',NULL,'2022-06-01 15:29:07','2022-06-01 15:29:07'),(67,'Nuance Communications, Inc.',NULL,'2022-06-06 15:29:10','2022-06-06 15:29:10'),(68,'Hewlett Packard Development Company L.P.',NULL,'2022-06-06 15:29:10','2022-06-06 15:29:10'),(69,'Conselho Superior da Justiça do Trabalho',NULL,'2022-08-09 15:29:06','2022-08-09 15:29:06'),(70,'Certisign',NULL,'2022-08-09 15:29:06','2022-08-09 15:29:06'),(71,'Oracle',NULL,'2022-12-09 15:29:07','2022-12-09 15:29:07'),(72,'The Crypthing Initiative',NULL,'2022-12-18 15:29:05','2022-12-18 15:29:05'),(73,'Piriform',NULL,'2023-01-03 15:29:06','2023-01-03 15:29:06'),(74,'Lacuna Software',NULL,'2023-01-03 15:29:06','2023-01-03 15:29:06'),(75,'Wondershare Software Co.,Ltd.',NULL,'2023-01-03 15:29:06','2023-01-03 15:29:06'),(76,'Xbox','','2023-01-17 15:29:05','2023-01-17 15:29:05'),(77,'SERPRO',NULL,'2023-02-20 17:16:04','2023-02-20 17:16:04');

--
-- Table structure for table `glpi_monitormodels`
--

CREATE TABLE `glpi_monitormodels` (
  `id` int(11) NOT NULL AUTO_INCREMENT,
  `name` varchar(255) COLLATE utf8_unicode_ci DEFAULT NULL,
  `comment` text COLLATE utf8_unicode_ci,
  `product_number` varchar(255) COLLATE utf8_unicode_ci DEFAULT NULL,
  `weight` int(11) NOT NULL DEFAULT '0',
  `required_units` int(11) NOT NULL DEFAULT '1',
  `depth` float NOT NULL DEFAULT '1',
  `power_connections` int(11) NOT NULL DEFAULT '0',
  `power_consumption` int(11) NOT NULL DEFAULT '0',
  `is_half_rack` tinyint(1) NOT NULL DEFAULT '0',
  `picture_front` text COLLATE utf8_unicode_ci,
  `picture_rear` text COLLATE utf8_unicode_ci,
  `date_mod` timestamp NULL DEFAULT NULL,
  `date_creation` timestamp NULL DEFAULT NULL,
  PRIMARY KEY (`id`),
  KEY `name` (`name`),
  KEY `date_mod` (`date_mod`),
  KEY `date_creation` (`date_creation`),
  KEY `product_number` (`product_number`)
) ENGINE=InnoDB AUTO_INCREMENT=7 DEFAULT CHARSET=utf8 COLLATE=utf8_unicode_ci;

--
-- Dumping data for table `glpi_monitormodels`
--

INSERT INTO `glpi_monitormodels` VALUES (1,'DELL E1916H','',NULL,0,1,1,0,0,0,NULL,NULL,'2021-04-30 14:17:25','2021-04-30 14:17:25'),(2,'SyncMaster 743b','','7000:1',0,1,1,0,0,0,NULL,NULL,'2021-05-03 14:29:43','2021-04-30 14:17:33'),(3,'SyncMaster','',NULL,0,1,1,0,0,0,NULL,NULL,'2021-05-03 14:55:31','2021-05-03 14:55:31'),(4,'Generic Non-PnP Monitor','',NULL,0,1,1,0,0,0,NULL,NULL,'2021-05-03 14:55:33','2021-05-03 14:55:33'),(5,'DELL SE2216H','',NULL,0,1,1,0,0,0,NULL,NULL,'2021-09-30 13:34:13','2021-09-30 13:34:13'),(6,'Monitor Padrão','',NULL,0,1,1,0,0,0,NULL,NULL,'2021-12-22 19:21:43','2021-12-22 19:21:43');

--
-- Table structure for table `glpi_monitors`
--

CREATE TABLE `glpi_monitors` (
  `id` int(11) NOT NULL AUTO_INCREMENT,
  `entities_id` int(11) NOT NULL DEFAULT '0',
  `name` varchar(255) COLLATE utf8_unicode_ci DEFAULT NULL,
  `date_mod` timestamp NULL DEFAULT NULL,
  `contact` varchar(255) COLLATE utf8_unicode_ci DEFAULT NULL,
  `contact_num` varchar(255) COLLATE utf8_unicode_ci DEFAULT NULL,
  `users_id_tech` int(11) NOT NULL DEFAULT '0',
  `groups_id_tech` int(11) NOT NULL DEFAULT '0',
  `comment` text COLLATE utf8_unicode_ci,
  `serial` varchar(255) COLLATE utf8_unicode_ci DEFAULT NULL,
  `otherserial` varchar(255) COLLATE utf8_unicode_ci DEFAULT NULL,
  `size` decimal(5,2) NOT NULL DEFAULT '0.00',
  `have_micro` tinyint(1) NOT NULL DEFAULT '0',
  `have_speaker` tinyint(1) NOT NULL DEFAULT '0',
  `have_subd` tinyint(1) NOT NULL DEFAULT '0',
  `have_bnc` tinyint(1) NOT NULL DEFAULT '0',
  `have_dvi` tinyint(1) NOT NULL DEFAULT '0',
  `have_pivot` tinyint(1) NOT NULL DEFAULT '0',
  `have_hdmi` tinyint(1) NOT NULL DEFAULT '0',
  `have_displayport` tinyint(1) NOT NULL DEFAULT '0',
  `locations_id` int(11) NOT NULL DEFAULT '0',
  `monitortypes_id` int(11) NOT NULL DEFAULT '0',
  `monitormodels_id` int(11) NOT NULL DEFAULT '0',
  `manufacturers_id` int(11) NOT NULL DEFAULT '0',
  `is_global` tinyint(1) NOT NULL DEFAULT '0',
  `is_deleted` tinyint(1) NOT NULL DEFAULT '0',
  `is_template` tinyint(1) NOT NULL DEFAULT '0',
  `template_name` varchar(255) COLLATE utf8_unicode_ci DEFAULT NULL,
  `users_id` int(11) NOT NULL DEFAULT '0',
  `groups_id` int(11) NOT NULL DEFAULT '0',
  `states_id` int(11) NOT NULL DEFAULT '0',
  `ticket_tco` decimal(20,4) DEFAULT '0.0000',
  `is_dynamic` tinyint(1) NOT NULL DEFAULT '0',
  `date_creation` timestamp NULL DEFAULT NULL,
  `is_recursive` tinyint(1) NOT NULL DEFAULT '0',
  PRIMARY KEY (`id`),
  KEY `name` (`name`),
  KEY `is_template` (`is_template`),
  KEY `is_global` (`is_global`),
  KEY `entities_id` (`entities_id`),
  KEY `manufacturers_id` (`manufacturers_id`),
  KEY `groups_id` (`groups_id`),
  KEY `users_id` (`users_id`),
  KEY `locations_id` (`locations_id`),
  KEY `monitormodels_id` (`monitormodels_id`),
  KEY `states_id` (`states_id`),
  KEY `users_id_tech` (`users_id_tech`),
  KEY `monitortypes_id` (`monitortypes_id`),
  KEY `is_deleted` (`is_deleted`),
  KEY `groups_id_tech` (`groups_id_tech`),
  KEY `is_dynamic` (`is_dynamic`),
  KEY `serial` (`serial`),
  KEY `otherserial` (`otherserial`),
  KEY `date_creation` (`date_creation`),
  KEY `is_recursive` (`is_recursive`)
) ENGINE=InnoDB AUTO_INCREMENT=7 DEFAULT CHARSET=utf8 COLLATE=utf8_unicode_ci;

--
-- Dumping data for table `glpi_monitors`
--

INSERT INTO `glpi_monitors` VALUES (1,0,'DELL E1916H','2021-05-03 19:03:02','Matheus Mancio','00153',7,21,'DEL.F065.31473449 (20/2016)','XV0M165D1G4I','4488',15.00,0,0,0,0,0,0,0,1,1,1,1,1,1,0,0,NULL,6,21,1,0.0000,1,'2021-04-30 14:17:25',0),(2,0,'SyncMaster','2021-05-03 19:03:23','Matheus Mancio','00153',7,21,'SAM.0366.4D593137 (49/2008)','HQAQC00626','2961',0.00,0,0,0,0,1,0,0,0,1,1,2,26,1,0,0,NULL,6,21,1,0.0000,1,'2021-04-30 14:17:33',0),(3,0,'DELL E1916H','2021-05-03 19:02:26','Eduardo Simão','00016',7,21,'','',NULL,0.00,0,0,0,0,0,0,0,1,44,1,1,1,1,0,0,NULL,12,22,1,0.0000,1,'2021-05-03 14:55:33',0),(4,0,'DELL SE2216H','2021-09-30 13:34:13',NULL,NULL,0,0,'DEL.F071.304C3549 (49/2016)','2525H6C30L5I',NULL,0.00,0,0,0,0,0,0,0,0,0,1,5,1,1,0,0,NULL,0,0,0,0.0000,1,'2021-09-30 13:34:13',0),(5,0,'Monitor Padrão','2021-12-22 19:21:43',NULL,NULL,0,0,'Monitor Padrão','',NULL,0.00,0,0,0,0,0,0,0,0,0,3,6,0,1,0,0,NULL,0,0,0,0.0000,1,'2021-12-22 19:21:43',0),(6,0,'Generic Non-PnP Monitor','2022-01-26 15:28:31',NULL,NULL,0,0,'Generic Non-PnP Monitor','',NULL,0.00,0,0,0,0,0,0,0,0,0,2,4,33,1,0,0,NULL,0,0,0,0.0000,1,'2022-01-26 15:28:31',0);

--
-- Table structure for table `glpi_monitortypes`
--

CREATE TABLE `glpi_monitortypes` (
  `id` int(11) NOT NULL AUTO_INCREMENT,
  `name` varchar(255) COLLATE utf8_unicode_ci DEFAULT NULL,
  `comment` text COLLATE utf8_unicode_ci,
  `date_mod` timestamp NULL DEFAULT NULL,
  `date_creation` timestamp NULL DEFAULT NULL,
  PRIMARY KEY (`id`),
  KEY `name` (`name`),
  KEY `date_mod` (`date_mod`),
  KEY `date_creation` (`date_creation`)
) ENGINE=InnoDB AUTO_INCREMENT=4 DEFAULT CHARSET=utf8 COLLATE=utf8_unicode_ci;

--
-- Dumping data for table `glpi_monitortypes`
--

INSERT INTO `glpi_monitortypes` VALUES (1,'RGB color','','2021-04-30 14:17:25','2021-04-30 14:17:25'),(2,'Generic Non-PnP Monitor','','2021-05-03 14:55:33','2021-05-03 14:55:33'),(3,'Monitor Padrão','','2021-12-22 19:21:43','2021-12-22 19:21:43');

--
-- Table structure for table `glpi_netpoints`
--

CREATE TABLE `glpi_netpoints` (
  `id` int(11) NOT NULL AUTO_INCREMENT,
  `entities_id` int(11) NOT NULL DEFAULT '0',
  `locations_id` int(11) NOT NULL DEFAULT '0',
  `name` varchar(255) COLLATE utf8_unicode_ci DEFAULT NULL,
  `comment` text COLLATE utf8_unicode_ci,
  `date_mod` timestamp NULL DEFAULT NULL,
  `date_creation` timestamp NULL DEFAULT NULL,
  PRIMARY KEY (`id`),
  KEY `name` (`name`),
  KEY `complete` (`entities_id`,`locations_id`,`name`),
  KEY `location_name` (`locations_id`,`name`),
  KEY `date_mod` (`date_mod`),
  KEY `date_creation` (`date_creation`)
) ENGINE=InnoDB AUTO_INCREMENT=106 DEFAULT CHARSET=utf8 COLLATE=utf8_unicode_ci;

--
-- Dumping data for table `glpi_netpoints`
--

INSERT INTO `glpi_netpoints` VALUES (1,0,1,'ADM-PTO 091','','2021-05-05 23:14:52','2021-05-03 14:42:05'),(2,0,3,'ADM-PTO 001','','2021-05-05 22:53:55','2021-05-05 22:40:42'),(3,0,3,'ADM-PTO 002','','2021-05-05 22:54:07','2021-05-05 22:40:53'),(4,0,3,'ADM-PTO 003','','2021-05-05 22:54:14','2021-05-05 22:41:00'),(5,0,3,'ADM-PTO 004','','2021-05-05 22:54:19','2021-05-05 22:41:10'),(6,0,15,'ADM-PTO 005','','2021-05-05 22:54:25','2021-05-05 22:41:22'),(7,0,15,'ADM-PTO 006','','2021-05-05 22:54:30','2021-05-05 22:41:39'),(8,0,15,'ADM-PTO 007','','2021-05-05 23:05:17','2021-05-05 22:41:45'),(9,0,15,'ADM-PTO 008','','2021-05-05 23:05:23','2021-05-05 22:42:05'),(10,0,2,'ADM-PTO 009','','2021-05-05 23:05:27','2021-05-05 22:42:25'),(11,0,2,'ADM-PTO 010','','2021-05-05 23:05:32','2021-05-05 22:42:35'),(12,0,2,'ADM-PTO 011','','2021-05-05 23:05:36','2021-05-05 22:42:58'),(13,0,2,'ADM-PTO 012','','2021-05-05 23:05:41','2021-05-05 22:43:06'),(14,0,3,'ADM-PTO 013','','2021-05-05 23:05:46','2021-05-05 22:43:20'),(15,0,3,'ADM-PTO 014','','2021-05-05 23:05:51','2021-05-05 22:43:28'),(16,0,3,'ADM-PTO 015','','2021-05-05 23:05:56','2021-05-05 22:43:36'),(17,0,3,'ADM-PTO 016','','2021-05-05 23:06:00','2021-05-05 22:43:43'),(18,0,56,'ADM-PTO 017','','2021-05-05 23:06:04','2021-05-05 22:44:33'),(19,0,56,'ADM-PTO 018','','2021-05-05 23:06:09','2021-05-05 22:44:42'),(20,0,56,'ADM-PTO 019','','2021-05-05 23:06:13','2021-05-05 22:44:52'),(21,0,56,'ADM-PTO 020','','2021-05-05 23:06:17','2021-05-05 22:45:04'),(22,0,9,'ADM-PTO 021','','2021-05-05 23:06:22','2021-05-05 22:45:25'),(23,0,9,'ADM-PTO 022','','2021-05-05 23:06:30','2021-05-05 22:45:33'),(24,0,9,'ADM-PTO 023','','2021-05-05 23:10:24','2021-05-05 22:45:40'),(25,0,9,'ADM-PTO 024','','2021-05-05 23:10:29','2021-05-05 22:45:50'),(26,0,57,'ADM-PTO 025','','2021-05-05 23:10:34','2021-05-05 22:46:48'),(27,0,57,'ADM-PTO 026','','2021-05-05 23:10:38','2021-05-05 22:46:55'),(28,0,57,'ADM-PTO 027','','2021-05-05 23:10:42','2021-05-05 22:47:06'),(29,0,57,'ADM-PTO 028','','2021-05-05 23:10:47','2021-05-05 22:47:14'),(30,0,58,'ADM-PTO 029','Equipamento Ubiquiti','2021-05-05 23:10:51','2021-05-05 22:50:25'),(31,0,52,'ADM-PTO 030','','2021-05-05 23:10:55','2021-05-05 22:51:00'),(32,0,52,'ADM-PTO 031','','2021-05-05 23:10:59','2021-05-05 22:51:14'),(33,0,52,'ADM-PTO 032','','2021-05-05 23:11:03','2021-05-05 22:51:24'),(34,0,52,'ADM-PTO 033','','2021-05-05 23:11:07','2021-05-05 22:51:52'),(35,0,52,'ADM-PTO 034','','2021-05-05 23:11:12','2021-05-05 22:52:17'),(36,0,52,'ADM-PTO 035','','2021-05-05 23:14:39','2021-05-05 22:52:27'),(37,0,52,'ADM-PTO 036','','2021-05-05 23:14:43','2021-05-05 22:52:38'),(38,0,52,'ADM-PTO 037','','2021-05-05 23:14:47','2021-05-05 22:53:03'),(39,0,35,'ADM-PTO 038','','2021-05-05 23:19:33','2021-05-05 23:19:33'),(40,0,35,'ADM-PTO 039','','2021-05-05 23:19:39','2021-05-05 23:19:39'),(41,0,35,'ADM-PTO 040','','2021-05-05 23:19:47','2021-05-05 23:19:47'),(42,0,35,'ADM-PTO 040','','2021-05-05 23:19:59','2021-05-05 23:19:59'),(43,0,35,'ADM-PTO 041','','2021-05-05 23:20:05','2021-05-05 23:20:05'),(44,0,35,'ADM-PTO 042','','2021-05-05 23:20:11','2021-05-05 23:20:11'),(45,0,35,'ADM-PTO 043','','2021-05-05 23:20:17','2021-05-05 23:20:17'),(46,0,35,'ADM-PTO 044','','2021-05-05 23:20:23','2021-05-05 23:20:23'),(47,0,35,'ADM-PTO 045','','2021-05-05 23:20:29','2021-05-05 23:20:29'),(48,0,35,'ADM-PTO 046','','2021-05-05 23:20:35','2021-05-05 23:20:35'),(49,0,35,'ADM-PTO 047','','2021-05-05 23:20:41','2021-05-05 23:20:41'),(50,0,35,'ADM-PTO 048','','2021-05-05 23:20:46','2021-05-05 23:20:46'),(51,0,35,'ADM-PTO 049','','2021-05-05 23:20:56','2021-05-05 23:20:56'),(52,0,35,'ADM-PTO 050','Equipamento Ubiquiti 1º andar','2021-05-05 23:21:37','2021-05-05 23:21:37'),(53,0,43,'ADM-PTO 051','Equipamento Ubiquiti hall entrada','2021-05-05 23:21:58','2021-05-05 23:21:58'),(54,0,43,'ADM-PTO 052','Equipamento Ubiquiti','2021-05-05 23:22:26','2021-05-05 23:22:08'),(55,0,43,'ADM-PTO 053','','2021-05-05 23:22:45','2021-05-05 23:22:45'),(56,0,43,'ADM-PTO 054','','2021-05-05 23:23:23','2021-05-05 23:23:23'),(57,0,43,'ADM-PTO 055','','2021-05-05 23:23:30','2021-05-05 23:23:30'),(58,0,43,'ADM-PTO 056','','2021-05-05 23:23:38','2021-05-05 23:23:38'),(59,0,43,'ADM-PTO 057','','2021-05-05 23:23:46','2021-05-05 23:23:46'),(60,0,43,'ADM-PTO 058','','2021-05-05 23:23:54','2021-05-05 23:23:54'),(61,0,43,'ADM-PTO 059','','2021-05-05 23:24:02','2021-05-05 23:24:02'),(62,0,43,'ADM-PTO 060','','2021-05-05 23:24:09','2021-05-05 23:24:09'),(63,0,43,'ADM-PTO 061','','2021-05-05 23:24:16','2021-05-05 23:24:16'),(64,0,43,'ADM-PTO 062','','2021-05-05 23:24:22','2021-05-05 23:24:22'),(65,0,43,'ADM-PTO 063','','2021-05-05 23:24:33','2021-05-05 23:24:33'),(66,0,43,'ADM-PTO 064','','2021-05-05 23:24:41','2021-05-05 23:24:41'),(67,0,43,'ADM-PTO 065','','2021-05-05 23:24:49','2021-05-05 23:24:49'),(68,0,43,'ADM-PTO 066','','2021-05-05 23:24:58','2021-05-05 23:24:58'),(69,0,43,'ADM-PTO 067','','2021-05-05 23:26:32','2021-05-05 23:26:32'),(70,0,43,'ADM-PTO 068','','2021-05-05 23:26:38','2021-05-05 23:26:38'),(71,0,43,'ADM-PTO 069','','2021-05-05 23:26:48','2021-05-05 23:26:48'),(72,0,43,'ADM-PTO 070','','2021-05-05 23:28:03','2021-05-05 23:28:03'),(73,0,43,'ADM-PTO 071','','2021-05-05 23:28:11','2021-05-05 23:28:11'),(74,0,43,'ADM-PTO 072','','2021-05-05 23:28:21','2021-05-05 23:28:21'),(75,0,43,'ADM-PTO 073','','2021-05-05 23:28:30','2021-05-05 23:28:30'),(76,0,43,'ADM-PTO 074','','2021-05-05 23:28:40','2021-05-05 23:28:40'),(77,0,43,'ADM-PTO 075','','2021-05-05 23:28:47','2021-05-05 23:28:47'),(78,0,43,'ADM-PTO 076','','2021-05-05 23:28:56','2021-05-05 23:28:56'),(79,0,43,'ADM-PTO 077','','2021-05-05 23:29:32','2021-05-05 23:29:32'),(80,0,43,'ADM-PTO 078','','2021-05-05 23:29:39','2021-05-05 23:29:39'),(81,0,43,'ADM-PTO 079','','2021-05-05 23:29:51','2021-05-05 23:29:51'),(82,0,43,'ADM-PTO 080','','2021-05-05 23:29:59','2021-05-05 23:29:59'),(83,0,43,'ADM-PTO 081','','2021-05-05 23:32:06','2021-05-05 23:32:06'),(84,0,43,'ADM-PTO 082','','2021-05-05 23:32:13','2021-05-05 23:32:13'),(85,0,43,'ADM-PTO 083','','2021-05-05 23:32:22','2021-05-05 23:32:22'),(86,0,43,'ADM-PTO 084','','2021-05-05 23:32:30','2021-05-05 23:32:30'),(87,0,1,'ADM-PTO 085','','2021-05-05 23:32:45','2021-05-05 23:32:45'),(88,0,1,'ADM-PTO 086','','2021-05-05 23:32:55','2021-05-05 23:32:55'),(89,0,1,'ADM-PTO 087','','2021-05-05 23:33:06','2021-05-05 23:33:06'),(90,0,1,'ADM-PTO 088','','2021-05-05 23:33:14','2021-05-05 23:33:14'),(91,0,1,'ADM-PTO 089','','2021-05-05 23:33:22','2021-05-05 23:33:22'),(92,0,1,'ADM-PTO 090','','2021-05-05 23:33:30','2021-05-05 23:33:30'),(93,0,1,'ADM-PTO 092','','2021-05-05 23:33:41','2021-05-05 23:33:41'),(94,0,1,'ADM-PTO 093','','2021-05-05 23:34:08','2021-05-05 23:34:08'),(95,0,1,'ADM-PTO 094','','2021-05-05 23:44:11','2021-05-05 23:34:15'),(96,0,1,'ADM-PTO 095','','2021-05-05 23:34:22','2021-05-05 23:34:22'),(97,0,1,'ADM-PTO 096','','2021-05-05 23:34:30','2021-05-05 23:34:30'),(98,0,1,'ADM-PTO 097','','2021-05-05 23:34:37','2021-05-05 23:34:37'),(99,0,1,'ADM-PTO 098','','2021-05-05 23:34:43','2021-05-05 23:34:43'),(100,0,1,'ADM-PTO 099','','2021-05-05 23:34:51','2021-05-05 23:34:51'),(101,0,1,'ADM-PTO 100','','2021-05-05 23:35:00','2021-05-05 23:35:00'),(102,0,1,'ADM-PTO 101','','2021-05-05 23:35:07','2021-05-05 23:35:07'),(103,0,1,'ADM-PTO 102','','2021-05-05 23:35:18','2021-05-05 23:35:18'),(104,0,1,'ADM-PTO 103','','2021-05-05 23:35:36','2021-05-05 23:35:36'),(105,0,1,'ADM-PTO 104','','2021-05-05 23:35:44','2021-05-05 23:35:44');

--
-- Table structure for table `glpi_networkaliases`
--

CREATE TABLE `glpi_networkaliases` (
  `id` int(11) NOT NULL AUTO_INCREMENT,
  `entities_id` int(11) NOT NULL DEFAULT '0',
  `networknames_id` int(11) NOT NULL DEFAULT '0',
  `name` varchar(255) COLLATE utf8_unicode_ci DEFAULT NULL,
  `fqdns_id` int(11) NOT NULL DEFAULT '0',
  `comment` text COLLATE utf8_unicode_ci,
  PRIMARY KEY (`id`),
  KEY `entities_id` (`entities_id`),
  KEY `name` (`name`),
  KEY `networknames_id` (`networknames_id`)
) ENGINE=InnoDB DEFAULT CHARSET=utf8 COLLATE=utf8_unicode_ci;

--
-- Dumping data for table `glpi_networkaliases`
--


--
-- Table structure for table `glpi_networkequipmentmodels`
--

CREATE TABLE `glpi_networkequipmentmodels` (
  `id` int(11) NOT NULL AUTO_INCREMENT,
  `name` varchar(255) COLLATE utf8_unicode_ci DEFAULT NULL,
  `comment` text COLLATE utf8_unicode_ci,
  `product_number` varchar(255) COLLATE utf8_unicode_ci DEFAULT NULL,
  `weight` int(11) NOT NULL DEFAULT '0',
  `required_units` int(11) NOT NULL DEFAULT '1',
  `depth` float NOT NULL DEFAULT '1',
  `power_connections` int(11) NOT NULL DEFAULT '0',
  `power_consumption` int(11) NOT NULL DEFAULT '0',
  `is_half_rack` tinyint(1) NOT NULL DEFAULT '0',
  `picture_front` text COLLATE utf8_unicode_ci,
  `picture_rear` text COLLATE utf8_unicode_ci,
  `date_mod` timestamp NULL DEFAULT NULL,
  `date_creation` timestamp NULL DEFAULT NULL,
  PRIMARY KEY (`id`),
  KEY `name` (`name`),
  KEY `date_mod` (`date_mod`),
  KEY `date_creation` (`date_creation`),
  KEY `product_number` (`product_number`)
) ENGINE=InnoDB DEFAULT CHARSET=utf8 COLLATE=utf8_unicode_ci;

--
-- Dumping data for table `glpi_networkequipmentmodels`
--


--
-- Table structure for table `glpi_networkequipments`
--

CREATE TABLE `glpi_networkequipments` (
  `id` int(11) NOT NULL AUTO_INCREMENT,
  `entities_id` int(11) NOT NULL DEFAULT '0',
  `is_recursive` tinyint(1) NOT NULL DEFAULT '0',
  `name` varchar(255) COLLATE utf8_unicode_ci DEFAULT NULL,
  `ram` varchar(255) COLLATE utf8_unicode_ci DEFAULT NULL,
  `serial` varchar(255) COLLATE utf8_unicode_ci DEFAULT NULL,
  `otherserial` varchar(255) COLLATE utf8_unicode_ci DEFAULT NULL,
  `contact` varchar(255) COLLATE utf8_unicode_ci DEFAULT NULL,
  `contact_num` varchar(255) COLLATE utf8_unicode_ci DEFAULT NULL,
  `users_id_tech` int(11) NOT NULL DEFAULT '0',
  `groups_id_tech` int(11) NOT NULL DEFAULT '0',
  `date_mod` timestamp NULL DEFAULT NULL,
  `comment` text COLLATE utf8_unicode_ci,
  `locations_id` int(11) NOT NULL DEFAULT '0',
  `networks_id` int(11) NOT NULL DEFAULT '0',
  `networkequipmenttypes_id` int(11) NOT NULL DEFAULT '0',
  `networkequipmentmodels_id` int(11) NOT NULL DEFAULT '0',
  `manufacturers_id` int(11) NOT NULL DEFAULT '0',
  `is_deleted` tinyint(1) NOT NULL DEFAULT '0',
  `is_template` tinyint(1) NOT NULL DEFAULT '0',
  `template_name` varchar(255) COLLATE utf8_unicode_ci DEFAULT NULL,
  `users_id` int(11) NOT NULL DEFAULT '0',
  `groups_id` int(11) NOT NULL DEFAULT '0',
  `states_id` int(11) NOT NULL DEFAULT '0',
  `ticket_tco` decimal(20,4) DEFAULT '0.0000',
  `is_dynamic` tinyint(1) NOT NULL DEFAULT '0',
  `date_creation` timestamp NULL DEFAULT NULL,
  PRIMARY KEY (`id`),
  KEY `name` (`name`),
  KEY `is_template` (`is_template`),
  KEY `entities_id` (`entities_id`),
  KEY `manufacturers_id` (`manufacturers_id`),
  KEY `groups_id` (`groups_id`),
  KEY `users_id` (`users_id`),
  KEY `locations_id` (`locations_id`),
  KEY `networkequipmentmodels_id` (`networkequipmentmodels_id`),
  KEY `networks_id` (`networks_id`),
  KEY `states_id` (`states_id`),
  KEY `users_id_tech` (`users_id_tech`),
  KEY `networkequipmenttypes_id` (`networkequipmenttypes_id`),
  KEY `is_deleted` (`is_deleted`),
  KEY `date_mod` (`date_mod`),
  KEY `groups_id_tech` (`groups_id_tech`),
  KEY `is_dynamic` (`is_dynamic`),
  KEY `serial` (`serial`),
  KEY `otherserial` (`otherserial`),
  KEY `date_creation` (`date_creation`)
) ENGINE=InnoDB AUTO_INCREMENT=2 DEFAULT CHARSET=utf8 COLLATE=utf8_unicode_ci;

--
-- Dumping data for table `glpi_networkequipments`
--

INSERT INTO `glpi_networkequipments` VALUES (1,0,0,'','204747482','','','','',0,0,'2021-09-23 20:42:56','',0,0,0,0,0,1,0,NULL,0,0,0,0.0000,0,'2021-09-23 20:42:22');

--
-- Table structure for table `glpi_networkequipmenttypes`
--

CREATE TABLE `glpi_networkequipmenttypes` (
  `id` int(11) NOT NULL AUTO_INCREMENT,
  `name` varchar(255) COLLATE utf8_unicode_ci DEFAULT NULL,
  `comment` text COLLATE utf8_unicode_ci,
  `date_mod` timestamp NULL DEFAULT NULL,
  `date_creation` timestamp NULL DEFAULT NULL,
  PRIMARY KEY (`id`),
  KEY `name` (`name`),
  KEY `date_mod` (`date_mod`),
  KEY `date_creation` (`date_creation`)
) ENGINE=InnoDB DEFAULT CHARSET=utf8 COLLATE=utf8_unicode_ci;

--
-- Dumping data for table `glpi_networkequipmenttypes`
--


--
-- Table structure for table `glpi_networkinterfaces`
--

CREATE TABLE `glpi_networkinterfaces` (
  `id` int(11) NOT NULL AUTO_INCREMENT,
  `name` varchar(255) COLLATE utf8_unicode_ci DEFAULT NULL,
  `comment` text COLLATE utf8_unicode_ci,
  PRIMARY KEY (`id`),
  KEY `name` (`name`)
) ENGINE=InnoDB AUTO_INCREMENT=2 DEFAULT CHARSET=utf8 COLLATE=utf8_unicode_ci;

--
-- Dumping data for table `glpi_networkinterfaces`
--

INSERT INTO `glpi_networkinterfaces` VALUES (1,'Informática','');

--
-- Table structure for table `glpi_networknames`
--

CREATE TABLE `glpi_networknames` (
  `id` int(11) NOT NULL AUTO_INCREMENT,
  `entities_id` int(11) NOT NULL DEFAULT '0',
  `items_id` int(11) NOT NULL DEFAULT '0',
  `itemtype` varchar(100) COLLATE utf8_unicode_ci NOT NULL,
  `name` varchar(255) COLLATE utf8_unicode_ci DEFAULT NULL,
  `comment` text COLLATE utf8_unicode_ci,
  `fqdns_id` int(11) NOT NULL DEFAULT '0',
  `is_deleted` tinyint(1) NOT NULL DEFAULT '0',
  `is_dynamic` tinyint(1) NOT NULL DEFAULT '0',
  `date_mod` timestamp NULL DEFAULT NULL,
  `date_creation` timestamp NULL DEFAULT NULL,
  PRIMARY KEY (`id`),
  KEY `entities_id` (`entities_id`),
  KEY `FQDN` (`name`,`fqdns_id`),
  KEY `name` (`name`),
  KEY `fqdns_id` (`fqdns_id`),
  KEY `is_deleted` (`is_deleted`),
  KEY `is_dynamic` (`is_dynamic`),
  KEY `item` (`itemtype`,`items_id`,`is_deleted`),
  KEY `date_mod` (`date_mod`),
  KEY `date_creation` (`date_creation`)
) ENGINE=InnoDB AUTO_INCREMENT=54 DEFAULT CHARSET=utf8 COLLATE=utf8_unicode_ci;

--
-- Dumping data for table `glpi_networknames`
--

INSERT INTO `glpi_networknames` VALUES (1,0,0,'','ocs-inventory-ng',NULL,0,0,1,'2021-05-03 15:06:37','2021-04-30 14:17:25'),(2,0,2,'NetworkPort','ocs-inventory-ng',NULL,0,1,1,'2021-05-03 14:52:23','2021-04-30 14:17:25'),(3,0,3,'NetworkPort','ocs-inventory-ng',NULL,0,1,1,'2021-05-03 14:52:23','2021-04-30 14:17:25'),(4,0,4,'NetworkPort','ocs-inventory-ng',NULL,0,1,1,'2021-05-03 14:52:23','2021-04-30 14:17:25'),(5,0,5,'NetworkPort','ocs-inventory-ng',NULL,0,1,1,'2021-05-03 14:52:23','2021-04-30 14:17:25'),(6,0,6,'NetworkPort','ocs-inventory-ng',NULL,0,1,1,'2021-05-03 14:52:23','2021-04-30 14:17:25'),(7,0,0,'','ocs-inventory-ng',NULL,0,0,1,'2021-05-03 14:54:36','2021-04-30 14:17:33'),(8,0,8,'NetworkPort','ocs-inventory-ng',NULL,0,1,1,'2021-05-03 14:52:23','2021-04-30 14:17:33'),(9,0,9,'NetworkPort','ocs-inventory-ng',NULL,0,1,1,'2021-05-03 14:52:23','2021-04-30 14:17:33'),(10,0,10,'NetworkPort','ocs-inventory-ng',NULL,0,1,1,'2021-05-03 14:52:23','2021-04-30 14:17:33'),(11,0,11,'NetworkPort','ocs-inventory-ng',NULL,0,1,1,'2021-05-03 14:52:23','2021-04-30 14:17:33'),(12,0,12,'NetworkPort','ocs-inventory-ng',NULL,0,1,1,'2021-05-03 14:52:23','2021-04-30 14:17:33'),(13,0,7,'NetworkPort','informatica','',1,0,0,'2021-05-03 14:51:28','2021-05-03 14:50:27'),(14,0,1,'NetworkPort','secretaria','',1,0,0,'2021-05-03 15:06:20','2021-05-03 15:06:20'),(15,0,13,'NetworkPort','ocs-inventory-ng',NULL,0,0,1,'2021-05-04 12:21:11','2021-05-04 12:21:11'),(16,0,14,'NetworkPort','ocs-inventory-ng',NULL,0,0,1,'2021-05-04 12:21:11','2021-05-04 12:21:11'),(17,0,15,'NetworkPort','ocs-inventory-ng',NULL,0,0,1,'2021-05-04 12:21:11','2021-05-04 12:21:11'),(18,0,16,'NetworkPort','ocs-inventory-ng',NULL,0,0,1,'2021-05-04 12:21:11','2021-05-04 12:21:11'),(19,0,17,'NetworkPort','ocs-inventory-ng',NULL,0,0,1,'2021-05-04 12:21:11','2021-05-04 12:21:11'),(20,0,18,'NetworkPort','ocs-inventory-ng',NULL,0,0,1,'2021-05-04 12:21:11','2021-05-04 12:21:11'),(21,0,19,'NetworkPort','ocs-inventory-ng',NULL,0,0,1,'2021-05-04 20:28:45','2021-05-04 20:28:45'),(22,0,20,'NetworkPort','ocs-inventory-ng',NULL,0,0,1,'2021-05-04 20:28:45','2021-05-04 20:28:45'),(23,0,21,'NetworkPort','ocs-inventory-ng',NULL,0,0,1,'2021-05-04 20:28:45','2021-05-04 20:28:45'),(24,0,22,'NetworkPort','ocs-inventory-ng',NULL,0,0,1,'2021-05-04 20:28:45','2021-05-04 20:28:45'),(25,0,23,'NetworkPort','ocs-inventory-ng',NULL,0,0,1,'2021-05-04 20:28:45','2021-05-04 20:28:45'),(26,0,24,'NetworkPort','ocs-inventory-ng',NULL,0,0,1,'2021-05-04 20:28:45','2021-05-04 20:28:45'),(27,0,25,'NetworkPort','ocs-inventory-ng',NULL,0,0,1,'2021-05-04 20:41:26','2021-05-04 20:41:26'),(28,0,26,'NetworkPort','ocs-inventory-ng',NULL,0,0,1,'2021-05-04 20:41:26','2021-05-04 20:41:26'),(29,0,27,'NetworkPort','ocs-inventory-ng',NULL,0,0,1,'2021-05-04 20:41:26','2021-05-04 20:41:26'),(30,0,28,'NetworkPort','ocs-inventory-ng',NULL,0,0,1,'2021-05-04 20:41:26','2021-05-04 20:41:26'),(31,0,29,'NetworkPort','ocs-inventory-ng',NULL,0,0,1,'2021-05-04 20:41:26','2021-05-04 20:41:26'),(32,0,30,'NetworkPort','ocs-inventory-ng',NULL,0,0,1,'2021-05-04 20:41:26','2021-05-04 20:41:26'),(34,0,32,'NetworkPort','voip','',1,0,0,'2021-05-06 00:02:17','2021-05-06 00:01:51'),(35,0,33,'NetworkPort','ocs-inventory-ng',NULL,0,0,1,'2021-05-06 18:12:03','2021-05-06 18:12:03'),(36,0,34,'NetworkPort','ocs-inventory-ng',NULL,0,0,1,'2021-05-06 18:12:03','2021-05-06 18:12:03'),(37,0,35,'NetworkPort','ocs-inventory-ng',NULL,0,0,1,'2021-05-06 18:12:03','2021-05-06 18:12:03'),(38,0,36,'NetworkPort','ocs-inventory-ng',NULL,0,0,1,'2021-05-06 18:12:03','2021-05-06 18:12:03'),(39,0,37,'NetworkPort','ocs-inventory-ng',NULL,0,0,1,'2021-05-06 18:12:03','2021-05-06 18:12:03'),(40,0,38,'NetworkPort','ocs-inventory-ng',NULL,0,0,1,'2021-05-06 18:12:03','2021-05-06 18:12:03'),(41,0,39,'NetworkPort','ocs-inventory-ng',NULL,0,0,1,'2021-05-10 18:49:05','2021-05-10 18:49:05'),(47,0,45,'NetworkPort','ocs-inventory-ng',NULL,0,0,1,'2021-05-10 18:49:09','2021-05-10 18:49:09'),(48,0,46,'NetworkPort','ocs-inventory-ng',NULL,0,0,1,'2021-05-10 18:49:09','2021-05-10 18:49:09'),(49,0,47,'NetworkPort','ocs-inventory-ng',NULL,0,0,1,'2021-05-10 18:49:09','2021-05-10 18:49:09'),(50,0,48,'NetworkPort','ocs-inventory-ng',NULL,0,0,1,'2021-05-10 18:49:09','2021-05-10 18:49:09'),(51,0,49,'NetworkPort','ocs-inventory-ng',NULL,0,0,1,'2021-05-10 18:49:09','2021-05-10 18:49:09'),(52,0,50,'NetworkPort','ocs-inventory-ng',NULL,0,0,1,'2021-05-10 18:49:09','2021-05-10 18:49:09'),(53,0,51,'NetworkPort','ocs-inventory-ng',NULL,0,0,1,'2021-09-30 13:34:13','2021-09-30 13:34:13');

--
-- Table structure for table `glpi_networkportaggregates`
--

CREATE TABLE `glpi_networkportaggregates` (
  `id` int(11) NOT NULL AUTO_INCREMENT,
  `networkports_id` int(11) NOT NULL DEFAULT '0',
  `networkports_id_list` text COLLATE utf8_unicode_ci COMMENT 'array of associated networkports_id',
  `date_mod` timestamp NULL DEFAULT NULL,
  `date_creation` timestamp NULL DEFAULT NULL,
  PRIMARY KEY (`id`),
  UNIQUE KEY `networkports_id` (`networkports_id`),
  KEY `date_mod` (`date_mod`),
  KEY `date_creation` (`date_creation`)
) ENGINE=InnoDB DEFAULT CHARSET=utf8 COLLATE=utf8_unicode_ci;

--
-- Dumping data for table `glpi_networkportaggregates`
--


--
-- Table structure for table `glpi_networkportaliases`
--

CREATE TABLE `glpi_networkportaliases` (
  `id` int(11) NOT NULL AUTO_INCREMENT,
  `networkports_id` int(11) NOT NULL DEFAULT '0',
  `networkports_id_alias` int(11) NOT NULL DEFAULT '0',
  `date_mod` timestamp NULL DEFAULT NULL,
  `date_creation` timestamp NULL DEFAULT NULL,
  PRIMARY KEY (`id`),
  UNIQUE KEY `networkports_id` (`networkports_id`),
  KEY `networkports_id_alias` (`networkports_id_alias`),
  KEY `date_mod` (`date_mod`),
  KEY `date_creation` (`date_creation`)
) ENGINE=InnoDB DEFAULT CHARSET=utf8 COLLATE=utf8_unicode_ci;

--
-- Dumping data for table `glpi_networkportaliases`
--


--
-- Table structure for table `glpi_networkportdialups`
--

CREATE TABLE `glpi_networkportdialups` (
  `id` int(11) NOT NULL AUTO_INCREMENT,
  `networkports_id` int(11) NOT NULL DEFAULT '0',
  `date_mod` timestamp NULL DEFAULT NULL,
  `date_creation` timestamp NULL DEFAULT NULL,
  PRIMARY KEY (`id`),
  UNIQUE KEY `networkports_id` (`networkports_id`),
  KEY `date_mod` (`date_mod`),
  KEY `date_creation` (`date_creation`)
) ENGINE=InnoDB DEFAULT CHARSET=utf8 COLLATE=utf8_unicode_ci;

--
-- Dumping data for table `glpi_networkportdialups`
--


--
-- Table structure for table `glpi_networkportethernets`
--

CREATE TABLE `glpi_networkportethernets` (
  `id` int(11) NOT NULL AUTO_INCREMENT,
  `networkports_id` int(11) NOT NULL DEFAULT '0',
  `items_devicenetworkcards_id` int(11) NOT NULL DEFAULT '0',
  `netpoints_id` int(11) NOT NULL DEFAULT '0',
  `type` varchar(10) COLLATE utf8_unicode_ci DEFAULT '' COMMENT 'T, LX, SX',
  `speed` int(11) NOT NULL DEFAULT '10' COMMENT 'Mbit/s: 10, 100, 1000, 10000',
  `date_mod` timestamp NULL DEFAULT NULL,
  `date_creation` timestamp NULL DEFAULT NULL,
  PRIMARY KEY (`id`),
  UNIQUE KEY `networkports_id` (`networkports_id`),
  KEY `card` (`items_devicenetworkcards_id`),
  KEY `netpoint` (`netpoints_id`),
  KEY `type` (`type`),
  KEY `speed` (`speed`),
  KEY `date_mod` (`date_mod`),
  KEY `date_creation` (`date_creation`)
) ENGINE=InnoDB AUTO_INCREMENT=5 DEFAULT CHARSET=utf8 COLLATE=utf8_unicode_ci;

--
-- Dumping data for table `glpi_networkportethernets`
--

INSERT INTO `glpi_networkportethernets` VALUES (1,7,19,1,'T',1000,'2021-09-30 13:34:13','2021-05-03 14:43:13'),(2,1,183,0,'T',100,'2023-02-19 17:16:05','2021-05-03 15:05:18'),(3,31,0,0,'T',1000,'2021-05-05 19:28:51','2021-05-05 19:28:51'),(4,32,0,92,'T',100,'2021-05-05 23:45:14','2021-05-05 23:45:14');

--
-- Table structure for table `glpi_networkportfiberchannels`
--

CREATE TABLE `glpi_networkportfiberchannels` (
  `id` int(11) NOT NULL AUTO_INCREMENT,
  `networkports_id` int(11) NOT NULL DEFAULT '0',
  `items_devicenetworkcards_id` int(11) NOT NULL DEFAULT '0',
  `netpoints_id` int(11) NOT NULL DEFAULT '0',
  `wwn` varchar(16) COLLATE utf8_unicode_ci DEFAULT '',
  `speed` int(11) NOT NULL DEFAULT '10' COMMENT 'Mbit/s: 10, 100, 1000, 10000',
  `date_mod` timestamp NULL DEFAULT NULL,
  `date_creation` timestamp NULL DEFAULT NULL,
  PRIMARY KEY (`id`),
  UNIQUE KEY `networkports_id` (`networkports_id`),
  KEY `card` (`items_devicenetworkcards_id`),
  KEY `netpoint` (`netpoints_id`),
  KEY `wwn` (`wwn`),
  KEY `speed` (`speed`),
  KEY `date_mod` (`date_mod`),
  KEY `date_creation` (`date_creation`)
) ENGINE=InnoDB DEFAULT CHARSET=utf8 COLLATE=utf8_unicode_ci;

--
-- Dumping data for table `glpi_networkportfiberchannels`
--


--
-- Table structure for table `glpi_networkportlocals`
--

CREATE TABLE `glpi_networkportlocals` (
  `id` int(11) NOT NULL AUTO_INCREMENT,
  `networkports_id` int(11) NOT NULL DEFAULT '0',
  `date_mod` timestamp NULL DEFAULT NULL,
  `date_creation` timestamp NULL DEFAULT NULL,
  PRIMARY KEY (`id`),
  UNIQUE KEY `networkports_id` (`networkports_id`),
  KEY `date_mod` (`date_mod`),
  KEY `date_creation` (`date_creation`)
) ENGINE=InnoDB DEFAULT CHARSET=utf8 COLLATE=utf8_unicode_ci;

--
-- Dumping data for table `glpi_networkportlocals`
--


--
-- Table structure for table `glpi_networkports`
--

CREATE TABLE `glpi_networkports` (
  `id` int(11) NOT NULL AUTO_INCREMENT,
  `items_id` int(11) NOT NULL DEFAULT '0',
  `itemtype` varchar(100) COLLATE utf8_unicode_ci NOT NULL,
  `entities_id` int(11) NOT NULL DEFAULT '0',
  `is_recursive` tinyint(1) NOT NULL DEFAULT '0',
  `logical_number` int(11) NOT NULL DEFAULT '0',
  `name` varchar(255) COLLATE utf8_unicode_ci DEFAULT NULL,
  `instantiation_type` varchar(255) COLLATE utf8_unicode_ci DEFAULT NULL,
  `mac` varchar(255) COLLATE utf8_unicode_ci DEFAULT NULL,
  `comment` text COLLATE utf8_unicode_ci,
  `is_deleted` tinyint(1) NOT NULL DEFAULT '0',
  `is_dynamic` tinyint(1) NOT NULL DEFAULT '0',
  `date_mod` timestamp NULL DEFAULT NULL,
  `date_creation` timestamp NULL DEFAULT NULL,
  PRIMARY KEY (`id`),
  KEY `on_device` (`items_id`,`itemtype`),
  KEY `item` (`itemtype`,`items_id`),
  KEY `entities_id` (`entities_id`),
  KEY `is_recursive` (`is_recursive`),
  KEY `mac` (`mac`),
  KEY `is_deleted` (`is_deleted`),
  KEY `is_dynamic` (`is_dynamic`),
  KEY `date_mod` (`date_mod`),
  KEY `date_creation` (`date_creation`)
) ENGINE=InnoDB AUTO_INCREMENT=52 DEFAULT CHARSET=utf8 COLLATE=utf8_unicode_ci;

--
-- Dumping data for table `glpi_networkports`
--

INSERT INTO `glpi_networkports` VALUES (1,1,'Computer',0,0,1,'Intel(R) Ethernet Connection (2) I219-V','NetworkPortEthernet','28:f1:0e:fd:39:6e',NULL,0,1,'2021-05-03 15:05:18','2021-04-30 14:17:25'),(2,1,'Computer',0,0,0,'WAN Miniport (PPPOE)','PluginOcsinventoryngNetworkPort','00:00:00:00:00:00',NULL,0,1,'2021-04-30 14:17:25','2021-04-30 14:17:25'),(3,1,'Computer',0,0,0,'WAN Miniport (SSTP)','NetworkPortAlias','00:00:00:00:00:00',NULL,0,1,'2021-04-30 14:17:25','2021-04-30 14:17:25'),(4,1,'Computer',0,0,0,'WAN Miniport (IKEv2)','NetworkPortAlias','00:00:00:00:00:00',NULL,0,1,'2021-04-30 14:17:25','2021-04-30 14:17:25'),(5,1,'Computer',0,0,0,'WAN Miniport (L2TP)','NetworkPortAlias','00:00:00:00:00:00',NULL,0,1,'2021-04-30 14:17:25','2021-04-30 14:17:25'),(6,1,'Computer',0,0,0,'WAN Miniport (PPTP)','NetworkPortAlias','00:00:00:00:00:00',NULL,0,1,'2021-04-30 14:17:25','2021-04-30 14:17:25'),(7,2,'Computer',0,0,1,'Intel(R) Ethernet Connection (2) I219-V','NetworkPortEthernet','20:47:47:ff:c4:82',NULL,0,1,'2021-05-03 14:43:32','2021-04-30 14:17:33'),(8,2,'Computer',0,0,0,'WAN Miniport (PPPOE)','PluginOcsinventoryngNetworkPort','00:00:00:00:00:00',NULL,0,1,'2021-04-30 14:17:33','2021-04-30 14:17:33'),(9,2,'Computer',0,0,0,'WAN Miniport (SSTP)','NetworkPortAlias','00:00:00:00:00:00',NULL,0,1,'2021-04-30 14:17:33','2021-04-30 14:17:33'),(10,2,'Computer',0,0,0,'WAN Miniport (IKEv2)','NetworkPortAlias','00:00:00:00:00:00',NULL,0,1,'2021-04-30 14:17:33','2021-04-30 14:17:33'),(11,2,'Computer',0,0,0,'WAN Miniport (L2TP)','NetworkPortAlias','00:00:00:00:00:00',NULL,0,1,'2021-04-30 14:17:33','2021-04-30 14:17:33'),(12,2,'Computer',0,0,0,'WAN Miniport (PPTP)','NetworkPortAlias','00:00:00:00:00:00',NULL,0,1,'2021-04-30 14:17:33','2021-04-30 14:17:33'),(13,3,'Computer',0,0,0,'Intel(R) Ethernet Connection (2) I219-V','NetworkPortEthernet','20:47:47:ff:be:e6',NULL,0,1,'2021-05-04 12:21:11','2021-05-04 12:21:11'),(14,3,'Computer',0,0,0,'WAN Miniport (PPPOE)','PluginOcsinventoryngNetworkPort','00:00:00:00:00:00',NULL,0,1,'2021-05-04 12:21:11','2021-05-04 12:21:11'),(15,3,'Computer',0,0,0,'WAN Miniport (SSTP)','NetworkPortAlias','00:00:00:00:00:00',NULL,0,1,'2021-05-04 12:21:11','2021-05-04 12:21:11'),(16,3,'Computer',0,0,0,'WAN Miniport (IKEv2)','NetworkPortAlias','00:00:00:00:00:00',NULL,0,1,'2021-05-04 12:21:11','2021-05-04 12:21:11'),(17,3,'Computer',0,0,0,'WAN Miniport (L2TP)','NetworkPortAlias','00:00:00:00:00:00',NULL,0,1,'2021-05-04 12:21:11','2021-05-04 12:21:11'),(18,3,'Computer',0,0,0,'WAN Miniport (PPTP)','NetworkPortAlias','00:00:00:00:00:00',NULL,0,1,'2021-05-04 12:21:11','2021-05-04 12:21:11'),(19,4,'Computer',0,0,0,'Intel(R) Ethernet Connection (2) I219-V','NetworkPortEthernet','18:66:da:26:97:a2',NULL,0,1,'2021-05-04 20:28:45','2021-05-04 20:28:45'),(20,4,'Computer',0,0,0,'WAN Miniport (PPPOE)','PluginOcsinventoryngNetworkPort','00:00:00:00:00:00',NULL,0,1,'2021-05-04 20:28:45','2021-05-04 20:28:45'),(21,4,'Computer',0,0,0,'WAN Miniport (SSTP)','NetworkPortAlias','00:00:00:00:00:00',NULL,0,1,'2021-05-04 20:28:45','2021-05-04 20:28:45'),(22,4,'Computer',0,0,0,'WAN Miniport (IKEv2)','NetworkPortAlias','00:00:00:00:00:00',NULL,0,1,'2021-05-04 20:28:45','2021-05-04 20:28:45'),(23,4,'Computer',0,0,0,'WAN Miniport (L2TP)','NetworkPortAlias','00:00:00:00:00:00',NULL,0,1,'2021-05-04 20:28:45','2021-05-04 20:28:45'),(24,4,'Computer',0,0,0,'WAN Miniport (PPTP)','NetworkPortAlias','00:00:00:00:00:00',NULL,0,1,'2021-05-04 20:28:45','2021-05-04 20:28:45'),(25,5,'Computer',0,0,0,'Intel(R) Ethernet Connection (2) I219-V','NetworkPortEthernet','20:47:47:ff:c3:7b',NULL,0,1,'2021-05-04 20:41:26','2021-05-04 20:41:26'),(26,5,'Computer',0,0,0,'WAN Miniport (PPPOE)','PluginOcsinventoryngNetworkPort','00:00:00:00:00:00',NULL,0,1,'2021-05-04 20:41:26','2021-05-04 20:41:26'),(27,5,'Computer',0,0,0,'WAN Miniport (SSTP)','NetworkPortAlias','00:00:00:00:00:00',NULL,0,1,'2021-05-04 20:41:26','2021-05-04 20:41:26'),(28,5,'Computer',0,0,0,'WAN Miniport (IKEv2)','NetworkPortAlias','00:00:00:00:00:00',NULL,0,1,'2021-05-04 20:41:26','2021-05-04 20:41:26'),(29,5,'Computer',0,0,0,'WAN Miniport (L2TP)','NetworkPortAlias','00:00:00:00:00:00',NULL,0,1,'2021-05-04 20:41:26','2021-05-04 20:41:26'),(30,5,'Computer',0,0,0,'WAN Miniport (PPTP)','NetworkPortAlias','00:00:00:00:00:00',NULL,0,1,'2021-05-04 20:41:26','2021-05-04 20:41:26'),(31,9,'Printer',0,0,0,'','NetworkPortEthernet','','',0,0,'2021-05-05 19:28:51','2021-05-05 19:28:51'),(32,1,'Phone',0,0,2,'','NetworkPortEthernet','00:0b:82:7f:ec:d4','',0,0,'2021-05-05 23:45:14','2021-05-05 23:45:14'),(33,6,'Computer',0,0,0,'Intel(R) Ethernet Connection (2) I219-V','NetworkPortEthernet','20:47:47:ff:c4:69',NULL,0,1,'2021-05-06 18:12:03','2021-05-06 18:12:03'),(34,6,'Computer',0,0,0,'WAN Miniport (PPPOE)','PluginOcsinventoryngNetworkPort','00:00:00:00:00:00',NULL,0,1,'2021-05-06 18:12:03','2021-05-06 18:12:03'),(35,6,'Computer',0,0,0,'WAN Miniport (SSTP)','NetworkPortAlias','00:00:00:00:00:00',NULL,0,1,'2021-05-06 18:12:03','2021-05-06 18:12:03'),(36,6,'Computer',0,0,0,'WAN Miniport (IKEv2)','NetworkPortAlias','00:00:00:00:00:00',NULL,0,1,'2021-05-06 18:12:03','2021-05-06 18:12:03'),(37,6,'Computer',0,0,0,'WAN Miniport (L2TP)','NetworkPortAlias','00:00:00:00:00:00',NULL,0,1,'2021-05-06 18:12:03','2021-05-06 18:12:03'),(38,6,'Computer',0,0,0,'WAN Miniport (PPTP)','NetworkPortAlias','00:00:00:00:00:00',NULL,0,1,'2021-05-06 18:12:03','2021-05-06 18:12:03'),(39,7,'Computer',0,0,0,'Intel(R) Ethernet Connection (2) I219-V','NetworkPortEthernet','20:47:47:ff:c4:7d',NULL,0,1,'2021-05-10 18:49:05','2021-05-10 18:49:05'),(45,8,'Computer',0,0,0,'Intel(R) Ethernet Connection (2) I219-V','NetworkPortEthernet','20:47:47:ff:5e:5f',NULL,0,1,'2021-05-10 18:49:09','2021-05-10 18:49:09'),(46,8,'Computer',0,0,0,'WAN Miniport (PPPOE)','PluginOcsinventoryngNetworkPort','00:00:00:00:00:00',NULL,0,1,'2021-05-10 18:49:09','2021-05-10 18:49:09'),(47,8,'Computer',0,0,0,'WAN Miniport (SSTP)','NetworkPortAlias','00:00:00:00:00:00',NULL,0,1,'2021-05-10 18:49:09','2021-05-10 18:49:09'),(48,8,'Computer',0,0,0,'WAN Miniport (IKEv2)','NetworkPortAlias','00:00:00:00:00:00',NULL,0,1,'2021-05-10 18:49:09','2021-05-10 18:49:09'),(49,8,'Computer',0,0,0,'WAN Miniport (L2TP)','NetworkPortAlias','00:00:00:00:00:00',NULL,0,1,'2021-05-10 18:49:09','2021-05-10 18:49:09'),(50,8,'Computer',0,0,0,'WAN Miniport (PPTP)','NetworkPortAlias','00:00:00:00:00:00',NULL,0,1,'2021-05-10 18:49:09','2021-05-10 18:49:09'),(51,2,'Computer',0,0,0,'Hyper-V Virtual Ethernet Adapter','NetworkPortEthernet','00:15:5d:d4:58:3c',NULL,0,1,'2021-09-30 13:34:13','2021-09-30 13:34:13');

--
-- Table structure for table `glpi_networkports_networkports`
--

CREATE TABLE `glpi_networkports_networkports` (
  `id` int(11) NOT NULL AUTO_INCREMENT,
  `networkports_id_1` int(11) NOT NULL DEFAULT '0',
  `networkports_id_2` int(11) NOT NULL DEFAULT '0',
  PRIMARY KEY (`id`),
  UNIQUE KEY `unicity` (`networkports_id_1`,`networkports_id_2`),
  KEY `networkports_id_2` (`networkports_id_2`)
) ENGINE=InnoDB DEFAULT CHARSET=utf8 COLLATE=utf8_unicode_ci;

--
-- Dumping data for table `glpi_networkports_networkports`
--


--
-- Table structure for table `glpi_networkports_vlans`
--

CREATE TABLE `glpi_networkports_vlans` (
  `id` int(11) NOT NULL AUTO_INCREMENT,
  `networkports_id` int(11) NOT NULL DEFAULT '0',
  `vlans_id` int(11) NOT NULL DEFAULT '0',
  `tagged` tinyint(1) NOT NULL DEFAULT '0',
  PRIMARY KEY (`id`),
  UNIQUE KEY `unicity` (`networkports_id`,`vlans_id`),
  KEY `vlans_id` (`vlans_id`)
) ENGINE=InnoDB AUTO_INCREMENT=4 DEFAULT CHARSET=utf8 COLLATE=utf8_unicode_ci;

--
-- Dumping data for table `glpi_networkports_vlans`
--

INSERT INTO `glpi_networkports_vlans` VALUES (1,7,1,0),(2,1,2,0),(3,32,3,0);

--
-- Table structure for table `glpi_networkportwifis`
--

CREATE TABLE `glpi_networkportwifis` (
  `id` int(11) NOT NULL AUTO_INCREMENT,
  `networkports_id` int(11) NOT NULL DEFAULT '0',
  `items_devicenetworkcards_id` int(11) NOT NULL DEFAULT '0',
  `wifinetworks_id` int(11) NOT NULL DEFAULT '0',
  `networkportwifis_id` int(11) NOT NULL DEFAULT '0' COMMENT 'only useful in case of Managed node',
  `version` varchar(20) COLLATE utf8_unicode_ci DEFAULT NULL COMMENT 'a, a/b, a/b/g, a/b/g/n, a/b/g/n/y',
  `mode` varchar(20) COLLATE utf8_unicode_ci DEFAULT NULL COMMENT 'ad-hoc, managed, master, repeater, secondary, monitor, auto',
  `date_mod` timestamp NULL DEFAULT NULL,
  `date_creation` timestamp NULL DEFAULT NULL,
  PRIMARY KEY (`id`),
  UNIQUE KEY `networkports_id` (`networkports_id`),
  KEY `card` (`items_devicenetworkcards_id`),
  KEY `essid` (`wifinetworks_id`),
  KEY `version` (`version`),
  KEY `mode` (`mode`),
  KEY `date_mod` (`date_mod`),
  KEY `date_creation` (`date_creation`)
) ENGINE=InnoDB DEFAULT CHARSET=utf8 COLLATE=utf8_unicode_ci;

--
-- Dumping data for table `glpi_networkportwifis`
--


--
-- Table structure for table `glpi_networks`
--

CREATE TABLE `glpi_networks` (
  `id` int(11) NOT NULL AUTO_INCREMENT,
  `name` varchar(255) COLLATE utf8_unicode_ci DEFAULT NULL,
  `comment` text COLLATE utf8_unicode_ci,
  `date_mod` timestamp NULL DEFAULT NULL,
  `date_creation` timestamp NULL DEFAULT NULL,
  PRIMARY KEY (`id`),
  KEY `name` (`name`),
  KEY `date_mod` (`date_mod`),
  KEY `date_creation` (`date_creation`)
) ENGINE=InnoDB AUTO_INCREMENT=9 DEFAULT CHARSET=utf8 COLLATE=utf8_unicode_ci;

--
-- Dumping data for table `glpi_networks`
--

INSERT INTO `glpi_networks` VALUES (6,'DIREITOFRANCA/INFORMATICA','','2021-05-03 15:00:01','2021-05-03 15:00:01'),(7,'DIREITOFRANCA/SECRETARIA','','2021-05-03 15:04:21','2021-05-03 15:04:21'),(8,'DIREITOFRANCA/VOIP','','2021-05-05 19:53:35','2021-05-05 19:53:35');

--
-- Table structure for table `glpi_notepads`
--

CREATE TABLE `glpi_notepads` (
  `id` int(11) NOT NULL AUTO_INCREMENT,
  `itemtype` varchar(100) COLLATE utf8_unicode_ci DEFAULT NULL,
  `items_id` int(11) NOT NULL DEFAULT '0',
  `date` timestamp NULL DEFAULT NULL,
  `date_mod` timestamp NULL DEFAULT NULL,
  `users_id` int(11) NOT NULL DEFAULT '0',
  `users_id_lastupdater` int(11) NOT NULL DEFAULT '0',
  `content` longtext COLLATE utf8_unicode_ci,
  PRIMARY KEY (`id`),
  KEY `item` (`itemtype`,`items_id`),
  KEY `date_mod` (`date_mod`),
  KEY `date` (`date`),
  KEY `users_id_lastupdater` (`users_id_lastupdater`),
  KEY `users_id` (`users_id`)
) ENGINE=InnoDB DEFAULT CHARSET=utf8 COLLATE=utf8_unicode_ci;

--
-- Dumping data for table `glpi_notepads`
--


--
-- Table structure for table `glpi_notifications`
--

CREATE TABLE `glpi_notifications` (
  `id` int(11) NOT NULL AUTO_INCREMENT,
  `name` varchar(255) COLLATE utf8_unicode_ci DEFAULT NULL,
  `entities_id` int(11) NOT NULL DEFAULT '0',
  `itemtype` varchar(100) COLLATE utf8_unicode_ci NOT NULL,
  `event` varchar(255) COLLATE utf8_unicode_ci NOT NULL,
  `comment` text COLLATE utf8_unicode_ci,
  `is_recursive` tinyint(1) NOT NULL DEFAULT '0',
  `is_active` tinyint(1) NOT NULL DEFAULT '0',
  `date_mod` timestamp NULL DEFAULT NULL,
  `date_creation` timestamp NULL DEFAULT NULL,
  `allow_response` tinyint(1) NOT NULL DEFAULT '1',
  PRIMARY KEY (`id`),
  KEY `name` (`name`),
  KEY `itemtype` (`itemtype`),
  KEY `entities_id` (`entities_id`),
  KEY `is_active` (`is_active`),
  KEY `date_mod` (`date_mod`),
  KEY `is_recursive` (`is_recursive`),
  KEY `date_creation` (`date_creation`)
) ENGINE=InnoDB AUTO_INCREMENT=76 DEFAULT CHARSET=utf8 COLLATE=utf8_unicode_ci;

--
-- Dumping data for table `glpi_notifications`
--

INSERT INTO `glpi_notifications` VALUES (1,'Alert Tickets not closed',0,'Ticket','alertnotclosed',NULL,1,1,NULL,NULL,1),(2,'New Ticket',0,'Ticket','new',NULL,1,1,NULL,NULL,1),(3,'Update Ticket',0,'Ticket','update',NULL,1,1,'2023-03-27 19:21:01',NULL,1),(4,'Close Ticket',0,'Ticket','closed',NULL,1,1,NULL,NULL,1),(5,'Add Followup',0,'Ticket','add_followup',NULL,1,1,NULL,NULL,1),(6,'Add Task',0,'Ticket','add_task',NULL,1,1,NULL,NULL,1),(7,'Update Followup',0,'Ticket','update_followup',NULL,1,1,NULL,NULL,1),(8,'Update Task',0,'Ticket','update_task',NULL,1,1,NULL,NULL,1),(9,'Delete Followup',0,'Ticket','delete_followup',NULL,1,1,NULL,NULL,1),(10,'Delete Task',0,'Ticket','delete_task',NULL,1,1,NULL,NULL,1),(11,'Resolve ticket',0,'Ticket','solved',NULL,1,1,NULL,NULL,1),(12,'Ticket Validation',0,'Ticket','validation',NULL,1,1,NULL,NULL,1),(13,'New Reservation',0,'Reservation','new',NULL,1,1,NULL,NULL,1),(14,'Update Reservation',0,'Reservation','update',NULL,1,1,NULL,NULL,1),(15,'Delete Reservation',0,'Reservation','delete',NULL,1,1,NULL,NULL,1),(16,'Alert Reservation',0,'Reservation','alert',NULL,1,1,NULL,NULL,1),(17,'Contract Notice',0,'Contract','notice',NULL,1,1,NULL,NULL,1),(18,'Contract End',0,'Contract','end',NULL,1,1,NULL,NULL,1),(19,'MySQL Synchronization',0,'DBConnection','desynchronization',NULL,1,1,NULL,NULL,1),(20,'Cartridges',0,'CartridgeItem','alert',NULL,1,1,NULL,NULL,1),(21,'Consumables',0,'ConsumableItem','alert',NULL,1,1,NULL,NULL,1),(22,'Infocoms',0,'Infocom','alert',NULL,1,1,NULL,NULL,1),(23,'Software Licenses',0,'SoftwareLicense','alert',NULL,1,1,NULL,NULL,1),(24,'Ticket Recall',0,'Ticket','recall',NULL,1,1,NULL,NULL,1),(25,'Password Forget',0,'User','passwordforget',NULL,1,1,NULL,NULL,1),(26,'Ticket Satisfaction',0,'Ticket','satisfaction',NULL,1,1,NULL,NULL,1),(27,'Item not unique',0,'FieldUnicity','refuse',NULL,1,1,NULL,NULL,1),(28,'CronTask Watcher',0,'CronTask','alert',NULL,1,1,NULL,NULL,1),(29,'New Problem',0,'Problem','new',NULL,1,1,NULL,NULL,1),(30,'Update Problem',0,'Problem','update',NULL,1,1,NULL,NULL,1),(31,'Resolve Problem',0,'Problem','solved',NULL,1,1,NULL,NULL,1),(32,'Add Task',0,'Problem','add_task',NULL,1,1,NULL,NULL,1),(33,'Update Task',0,'Problem','update_task',NULL,1,1,NULL,NULL,1),(34,'Delete Task',0,'Problem','delete_task',NULL,1,1,NULL,NULL,1),(35,'Close Problem',0,'Problem','closed',NULL,1,1,NULL,NULL,1),(36,'Delete Problem',0,'Problem','delete',NULL,1,1,NULL,NULL,1),(37,'Ticket Validation Answer',0,'Ticket','validation_answer',NULL,1,1,NULL,NULL,1),(38,'Contract End Periodicity',0,'Contract','periodicity',NULL,1,1,NULL,NULL,1),(39,'Contract Notice Periodicity',0,'Contract','periodicitynotice',NULL,1,1,NULL,NULL,1),(40,'Planning recall',0,'PlanningRecall','planningrecall',NULL,1,1,NULL,NULL,1),(41,'Delete Ticket',0,'Ticket','delete',NULL,1,1,NULL,NULL,1),(42,'New Change',0,'Change','new',NULL,1,1,NULL,NULL,1),(43,'Update Change',0,'Change','update',NULL,1,1,NULL,NULL,1),(44,'Resolve Change',0,'Change','solved',NULL,1,1,NULL,NULL,1),(45,'Add Task',0,'Change','add_task',NULL,1,1,NULL,NULL,1),(46,'Update Task',0,'Change','update_task',NULL,1,1,NULL,NULL,1),(47,'Delete Task',0,'Change','delete_task',NULL,1,1,NULL,NULL,1),(48,'Close Change',0,'Change','closed',NULL,1,1,NULL,NULL,1),(49,'Delete Change',0,'Change','delete',NULL,1,1,NULL,NULL,1),(50,'Ticket Satisfaction Answer',0,'Ticket','replysatisfaction',NULL,1,1,NULL,NULL,1),(51,'Receiver errors',0,'MailCollector','error',NULL,1,1,NULL,NULL,1),(52,'New Project',0,'Project','new',NULL,1,1,NULL,NULL,1),(53,'Update Project',0,'Project','update',NULL,1,1,NULL,NULL,1),(54,'Delete Project',0,'Project','delete',NULL,1,1,NULL,NULL,1),(55,'New Project Task',0,'ProjectTask','new',NULL,1,1,NULL,NULL,1),(56,'Update Project Task',0,'ProjectTask','update',NULL,1,1,NULL,NULL,1),(57,'Delete Project Task',0,'ProjectTask','delete',NULL,1,1,NULL,NULL,1),(58,'Request Unlock Items',0,'ObjectLock','unlock',NULL,1,1,NULL,NULL,1),(59,'New user in requesters',0,'Ticket','requester_user',NULL,1,1,NULL,NULL,1),(60,'New group in requesters',0,'Ticket','requester_group',NULL,1,1,NULL,NULL,1),(61,'New user in observers',0,'Ticket','observer_user',NULL,1,1,NULL,NULL,1),(62,'New group in observers',0,'Ticket','observer_group',NULL,1,1,NULL,NULL,1),(63,'New user in assignees',0,'Ticket','assign_user',NULL,1,1,NULL,NULL,1),(64,'New group in assignees',0,'Ticket','assign_group',NULL,1,1,NULL,NULL,1),(65,'New supplier in assignees',0,'Ticket','assign_supplier',NULL,1,1,NULL,NULL,1),(66,'Saved searches',0,'SavedSearch_Alert','alert',NULL,1,1,NULL,NULL,1),(67,'Certificates',0,'Certificate','alert',NULL,1,1,NULL,NULL,1),(68,'Alert expired domains',0,'Domain','ExpiredDomains',NULL,1,1,NULL,NULL,1),(69,'Alert domains close expiries',0,'Domain','DomainsWhichExpire',NULL,1,1,NULL,NULL,1),(70,'Password expires alert',0,'User','passwordexpires',NULL,1,1,NULL,NULL,1),(71,'Check plugin updates',0,'Glpi\\Marketplace\\Controller','checkpluginsupdate',NULL,1,1,NULL,NULL,1),(72,'Computers not imported',0,'PluginOcsinventoryngNotimportedcomputer','not_imported',NULL,1,1,NULL,NULL,1),(73,'Check rule import entity',0,'PluginOcsinventoryngRuleImportEntity','checkruleimportentity',NULL,1,1,NULL,NULL,1),(74,'Alert new machines ocs',0,'PluginOcsinventoryngOcsAlert','newocs',NULL,1,1,NULL,NULL,1),(75,'Alert ocs synchronization',0,'PluginOcsinventoryngOcsAlert','ocs',NULL,1,1,NULL,NULL,1);

--
-- Table structure for table `glpi_notifications_notificationtemplates`
--

CREATE TABLE `glpi_notifications_notificationtemplates` (
  `id` int(11) NOT NULL AUTO_INCREMENT,
  `notifications_id` int(11) NOT NULL DEFAULT '0',
  `mode` varchar(20) COLLATE utf8_unicode_ci NOT NULL COMMENT 'See Notification_NotificationTemplate::MODE_* constants',
  `notificationtemplates_id` int(11) NOT NULL DEFAULT '0',
  PRIMARY KEY (`id`),
  UNIQUE KEY `unicity` (`notifications_id`,`mode`,`notificationtemplates_id`),
  KEY `notifications_id` (`notifications_id`),
  KEY `notificationtemplates_id` (`notificationtemplates_id`),
  KEY `mode` (`mode`)
) ENGINE=InnoDB AUTO_INCREMENT=76 DEFAULT CHARSET=utf8 COLLATE=utf8_unicode_ci;

--
-- Dumping data for table `glpi_notifications_notificationtemplates`
--

INSERT INTO `glpi_notifications_notificationtemplates` VALUES (1,1,'mailing',6),(2,2,'mailing',4),(3,3,'mailing',4),(4,4,'mailing',4),(5,5,'mailing',4),(6,6,'mailing',4),(7,7,'mailing',4),(8,8,'mailing',4),(9,9,'mailing',4),(10,10,'mailing',4),(11,11,'mailing',4),(12,12,'mailing',7),(13,13,'mailing',2),(14,14,'mailing',2),(15,15,'mailing',2),(16,16,'mailing',3),(17,17,'mailing',12),(18,18,'mailing',12),(19,19,'mailing',1),(20,20,'mailing',8),(21,21,'mailing',9),(22,22,'mailing',10),(23,23,'mailing',11),(24,24,'mailing',4),(25,25,'mailing',13),(26,26,'mailing',14),(27,27,'mailing',15),(28,28,'mailing',16),(29,29,'mailing',17),(30,30,'mailing',17),(31,31,'mailing',17),(32,32,'mailing',17),(33,33,'mailing',17),(34,34,'mailing',17),(35,35,'mailing',17),(36,36,'mailing',17),(37,37,'mailing',7),(38,38,'mailing',12),(39,39,'mailing',12),(40,40,'mailing',18),(41,41,'mailing',4),(42,42,'mailing',19),(43,43,'mailing',19),(44,44,'mailing',19),(45,45,'mailing',19),(46,46,'mailing',19),(47,47,'mailing',19),(48,48,'mailing',19),(49,49,'mailing',19),(50,50,'mailing',14),(51,51,'mailing',20),(52,52,'mailing',21),(53,53,'mailing',21),(54,54,'mailing',21),(55,55,'mailing',22),(56,56,'mailing',22),(57,57,'mailing',22),(58,58,'mailing',23),(59,59,'mailing',4),(60,60,'mailing',4),(61,61,'mailing',4),(62,62,'mailing',4),(63,63,'mailing',4),(64,64,'mailing',4),(65,65,'mailing',4),(66,66,'mailing',24),(67,67,'mailing',25),(68,68,'mailing',26),(69,69,'mailing',26),(70,70,'mailing',27),(71,71,'mailing',28),(72,72,'mailing',29),(73,73,'mailing',30),(74,74,'mailing',31),(75,75,'mailing',31);

--
-- Table structure for table `glpi_notificationtargets`
--

CREATE TABLE `glpi_notificationtargets` (
  `id` int(11) NOT NULL AUTO_INCREMENT,
  `items_id` int(11) NOT NULL DEFAULT '0',
  `type` int(11) NOT NULL DEFAULT '0',
  `notifications_id` int(11) NOT NULL DEFAULT '0',
  PRIMARY KEY (`id`),
  KEY `items` (`type`,`items_id`),
  KEY `notifications_id` (`notifications_id`)
) ENGINE=InnoDB AUTO_INCREMENT=140 DEFAULT CHARSET=utf8 COLLATE=utf8_unicode_ci;

--
-- Dumping data for table `glpi_notificationtargets`
--

INSERT INTO `glpi_notificationtargets` VALUES (1,3,1,13),(2,1,1,13),(6,1,1,5),(10,3,1,2),(11,3,1,3),(12,3,1,5),(13,3,1,4),(14,1,1,19),(15,14,1,12),(16,3,1,14),(17,1,1,14),(18,3,1,15),(19,1,1,15),(20,1,1,6),(21,3,1,6),(23,3,1,7),(25,3,1,8),(26,1,1,9),(27,3,1,9),(28,1,1,10),(29,3,1,10),(31,3,1,11),(32,19,1,25),(33,3,1,26),(36,21,1,5),(38,21,1,6),(41,21,1,9),(42,21,1,10),(46,1,1,28),(47,3,1,29),(48,1,1,29),(49,21,1,29),(50,2,1,30),(51,4,1,30),(52,3,1,30),(53,1,1,30),(54,21,1,30),(55,3,1,31),(56,1,1,31),(57,21,1,31),(58,3,1,32),(59,1,1,32),(60,21,1,32),(61,3,1,33),(62,1,1,33),(63,21,1,33),(64,3,1,34),(65,1,1,34),(66,21,1,34),(67,3,1,35),(68,1,1,35),(69,21,1,35),(70,3,1,36),(71,1,1,36),(72,21,1,36),(73,14,1,37),(74,3,1,40),(75,1,1,41),(76,3,1,42),(77,1,1,42),(78,21,1,42),(79,2,1,43),(80,4,1,43),(81,3,1,43),(82,1,1,43),(83,21,1,43),(84,3,1,44),(85,1,1,44),(86,21,1,44),(87,3,1,45),(88,1,1,45),(89,21,1,45),(90,3,1,46),(91,1,1,46),(92,21,1,46),(93,3,1,47),(94,1,1,47),(95,21,1,47),(96,3,1,48),(97,1,1,48),(98,21,1,48),(99,3,1,49),(100,1,1,49),(101,21,1,49),(102,3,1,50),(103,2,1,50),(104,1,1,51),(105,27,1,52),(106,1,1,52),(107,28,1,52),(108,27,1,53),(109,1,1,53),(110,28,1,53),(111,27,1,54),(112,1,1,54),(113,28,1,54),(114,31,1,55),(115,1,1,55),(116,32,1,55),(117,31,1,56),(118,1,1,56),(119,32,1,56),(120,31,1,57),(121,1,1,57),(122,32,1,57),(123,19,1,58),(124,3,1,59),(125,13,1,60),(126,21,1,61),(127,20,1,62),(128,2,1,63),(129,23,1,64),(130,8,1,65),(131,19,1,66),(132,5,1,67),(133,23,1,67),(134,5,1,68),(135,23,1,68),(136,5,1,69),(137,23,1,69),(138,19,1,70),(139,1,1,71);

--
-- Table structure for table `glpi_notificationtemplates`
--

CREATE TABLE `glpi_notificationtemplates` (
  `id` int(11) NOT NULL AUTO_INCREMENT,
  `name` varchar(255) COLLATE utf8_unicode_ci DEFAULT NULL,
  `itemtype` varchar(100) COLLATE utf8_unicode_ci NOT NULL,
  `date_mod` timestamp NULL DEFAULT NULL,
  `comment` text COLLATE utf8_unicode_ci,
  `css` text COLLATE utf8_unicode_ci,
  `date_creation` timestamp NULL DEFAULT NULL,
  PRIMARY KEY (`id`),
  KEY `itemtype` (`itemtype`),
  KEY `date_mod` (`date_mod`),
  KEY `name` (`name`),
  KEY `date_creation` (`date_creation`)
) ENGINE=InnoDB AUTO_INCREMENT=32 DEFAULT CHARSET=utf8 COLLATE=utf8_unicode_ci;

--
-- Dumping data for table `glpi_notificationtemplates`
--

INSERT INTO `glpi_notificationtemplates` VALUES (1,'MySQL Synchronization','DBConnection',NULL,NULL,NULL,NULL),(2,'Reservations','Reservation',NULL,NULL,NULL,NULL),(3,'Alert Reservation','Reservation',NULL,NULL,NULL,NULL),(4,'Tickets','Ticket',NULL,NULL,NULL,NULL),(5,'Tickets (Simple)','Ticket',NULL,NULL,NULL,NULL),(6,'Alert Tickets not closed','Ticket',NULL,NULL,NULL,NULL),(7,'Tickets Validation','Ticket',NULL,NULL,NULL,NULL),(8,'Cartridges','CartridgeItem',NULL,NULL,NULL,NULL),(9,'Consumables','ConsumableItem',NULL,NULL,NULL,NULL),(10,'Infocoms','Infocom',NULL,NULL,NULL,NULL),(11,'Licenses','SoftwareLicense',NULL,NULL,NULL,NULL),(12,'Contracts','Contract',NULL,NULL,NULL,NULL),(13,'Password Forget','User',NULL,NULL,NULL,NULL),(14,'Ticket Satisfaction','Ticket',NULL,NULL,NULL,NULL),(15,'Item not unique','FieldUnicity',NULL,NULL,NULL,NULL),(16,'CronTask','CronTask',NULL,NULL,NULL,NULL),(17,'Problems','Problem',NULL,NULL,NULL,NULL),(18,'Planning recall','PlanningRecall',NULL,NULL,NULL,NULL),(19,'Changes','Change',NULL,NULL,NULL,NULL),(20,'Receiver errors','MailCollector',NULL,NULL,NULL,NULL),(21,'Projects','Project',NULL,NULL,NULL,NULL),(22,'Project Tasks','ProjectTask',NULL,NULL,NULL,NULL),(23,'Unlock Item request','ObjectLock',NULL,NULL,NULL,NULL),(24,'Saved searches alerts','SavedSearch_Alert',NULL,NULL,NULL,NULL),(25,'Certificates','Certificate',NULL,NULL,NULL,NULL),(26,'Alert domains','Domain',NULL,NULL,NULL,NULL),(27,'Password expires alert','User',NULL,NULL,NULL,NULL),(28,'Plugin updates','Glpi\\Marketplace\\Controller',NULL,NULL,NULL,NULL),(29,'Computers not imported','PluginOcsinventoryngNotimportedcomputer','2021-04-28 18:54:52','',NULL,'2021-04-28 18:54:52'),(30,'Check rule import entity','PluginOcsinventoryngRuleImportEntity',NULL,NULL,NULL,NULL),(31,'Alert machines ocs','PluginOcsinventoryngOcsAlert',NULL,NULL,NULL,NULL);

--
-- Table structure for table `glpi_notificationtemplatetranslations`
--

CREATE TABLE `glpi_notificationtemplatetranslations` (
  `id` int(11) NOT NULL AUTO_INCREMENT,
  `notificationtemplates_id` int(11) NOT NULL DEFAULT '0',
  `language` varchar(10) COLLATE utf8_unicode_ci NOT NULL DEFAULT '',
  `subject` varchar(255) COLLATE utf8_unicode_ci NOT NULL,
  `content_text` text COLLATE utf8_unicode_ci,
  `content_html` text COLLATE utf8_unicode_ci,
  PRIMARY KEY (`id`),
  KEY `notificationtemplates_id` (`notificationtemplates_id`)
) ENGINE=InnoDB AUTO_INCREMENT=32 DEFAULT CHARSET=utf8 COLLATE=utf8_unicode_ci;

--
-- Dumping data for table `glpi_notificationtemplatetranslations`
--

INSERT INTO `glpi_notificationtemplatetranslations` VALUES (1,1,'','##lang.dbconnection.title##','##lang.dbconnection.delay## : ##dbconnection.delay##','&lt;p&gt;##lang.dbconnection.delay## : ##dbconnection.delay##&lt;/p&gt;'),(2,2,'','##reservation.action##','======================================================================\n##lang.reservation.user##: ##reservation.user##\n##lang.reservation.item.name##: ##reservation.itemtype## - ##reservation.item.name##\n##IFreservation.tech## ##lang.reservation.tech## ##reservation.tech## ##ENDIFreservation.tech##\n##lang.reservation.begin##: ##reservation.begin##\n##lang.reservation.end##: ##reservation.end##\n##lang.reservation.comment##: ##reservation.comment##\n======================================================================','&lt;!-- description{ color: inherit; background: #ebebeb;border-style: solid;border-color: #8d8d8d; border-width: 0px 1px 1px 0px; } --&gt;\n&lt;p&gt;&lt;span style=\"color: #8b8c8f; font-weight: bold; text-decoration: underline;\"&gt;##lang.reservation.user##:&lt;/span&gt;##reservation.user##&lt;br /&gt; &lt;span style=\"color: #8b8c8f; font-weight: bold; text-decoration: underline;\"&gt;##lang.reservation.item.name##:&lt;/span&gt;##reservation.itemtype## - ##reservation.item.name##&lt;br /&gt;##IFreservation.tech## ##lang.reservation.tech## ##reservation.tech####ENDIFreservation.tech##&lt;br /&gt; &lt;span style=\"color: #8b8c8f; font-weight: bold; text-decoration: underline;\"&gt;##lang.reservation.begin##:&lt;/span&gt; ##reservation.begin##&lt;br /&gt; &lt;span style=\"color: #8b8c8f; font-weight: bold; text-decoration: underline;\"&gt;##lang.reservation.end##:&lt;/span&gt;##reservation.end##&lt;br /&gt; &lt;span style=\"color: #8b8c8f; font-weight: bold; text-decoration: underline;\"&gt;##lang.reservation.comment##:&lt;/span&gt; ##reservation.comment##&lt;/p&gt;'),(3,3,'','##reservation.action##  ##reservation.entity##','##lang.reservation.entity## : ##reservation.entity##\n\n\n##FOREACHreservations##\n##lang.reservation.itemtype## : ##reservation.itemtype##\n\n ##lang.reservation.item## : ##reservation.item##\n\n ##reservation.url##\n\n ##ENDFOREACHreservations##','&lt;p&gt;##lang.reservation.entity## : ##reservation.entity## &lt;br /&gt; &lt;br /&gt;\n##FOREACHreservations## &lt;br /&gt;##lang.reservation.itemtype## :  ##reservation.itemtype##&lt;br /&gt;\n ##lang.reservation.item## :  ##reservation.item##&lt;br /&gt; &lt;br /&gt;\n &lt;a href=\"##reservation.url##\"&gt; ##reservation.url##&lt;/a&gt;&lt;br /&gt;\n ##ENDFOREACHreservations##&lt;/p&gt;'),(4,4,'','##ticket.action## ##ticket.title##',' ##IFticket.storestatus=5##\n ##lang.ticket.url## : ##ticket.urlapprove##\n ##lang.ticket.autoclosewarning##\n ##lang.ticket.solvedate## : ##ticket.solvedate##\n ##lang.ticket.solution.type## : ##ticket.solution.type##\n ##lang.ticket.solution.description## : ##ticket.solution.description## ##ENDIFticket.storestatus##\n ##ELSEticket.storestatus## ##lang.ticket.url## : ##ticket.url## ##ENDELSEticket.storestatus##\n\n ##lang.ticket.description##\n\n ##lang.ticket.title## : ##ticket.title##\n ##lang.ticket.authors## : ##IFticket.authors## ##ticket.authors## ##ENDIFticket.authors## ##ELSEticket.authors##--##ENDELSEticket.authors##\n ##lang.ticket.creationdate## : ##ticket.creationdate##\n ##lang.ticket.closedate## : ##ticket.closedate##\n ##lang.ticket.requesttype## : ##ticket.requesttype##\n##lang.ticket.item.name## :\n\n##FOREACHitems##\n\n ##IFticket.itemtype##\n  ##ticket.itemtype## - ##ticket.item.name##\n  ##IFticket.item.model## ##lang.ticket.item.model## : ##ticket.item.model## ##ENDIFticket.item.model##\n  ##IFticket.item.serial## ##lang.ticket.item.serial## : ##ticket.item.serial## ##ENDIFticket.item.serial##\n  ##IFticket.item.otherserial## ##lang.ticket.item.otherserial## : ##ticket.item.otherserial## ##ENDIFticket.item.otherserial##\n ##ENDIFticket.itemtype##\n\n##ENDFOREACHitems##\n##IFticket.assigntousers## ##lang.ticket.assigntousers## : ##ticket.assigntousers## ##ENDIFticket.assigntousers##\n ##lang.ticket.status## : ##ticket.status##\n##IFticket.assigntogroups## ##lang.ticket.assigntogroups## : ##ticket.assigntogroups## ##ENDIFticket.assigntogroups##\n ##lang.ticket.urgency## : ##ticket.urgency##\n ##lang.ticket.impact## : ##ticket.impact##\n ##lang.ticket.priority## : ##ticket.priority##\n##IFticket.user.email## ##lang.ticket.user.email## : ##ticket.user.email ##ENDIFticket.user.email##\n##IFticket.category## ##lang.ticket.category## : ##ticket.category## ##ENDIFticket.category## ##ELSEticket.category## ##lang.ticket.nocategoryassigned## ##ENDELSEticket.category##\n ##lang.ticket.content## : ##ticket.content##\n ##IFticket.storestatus=6##\n\n ##lang.ticket.solvedate## : ##ticket.solvedate##\n ##lang.ticket.solution.type## : ##ticket.solution.type##\n ##lang.ticket.solution.description## : ##ticket.solution.description##\n ##ENDIFticket.storestatus##\n ##lang.ticket.numberoffollowups## : ##ticket.numberoffollowups##\n\n##FOREACHfollowups##\n\n [##followup.date##] ##lang.followup.isprivate## : ##followup.isprivate##\n ##lang.followup.author## ##followup.author##\n ##lang.followup.description## ##followup.description##\n ##lang.followup.date## ##followup.date##\n ##lang.followup.requesttype## ##followup.requesttype##\n\n##ENDFOREACHfollowups##\n ##lang.ticket.numberoftasks## : ##ticket.numberoftasks##\n\n##FOREACHtasks##\n\n [##task.date##] ##lang.task.isprivate## : ##task.isprivate##\n ##lang.task.author## ##task.author##\n ##lang.task.description## ##task.description##\n ##lang.task.time## ##task.time##\n ##lang.task.category## ##task.category##\n\n##ENDFOREACHtasks##','<!-- description{ color: inherit; background: #ebebeb; border-style: solid;border-color: #8d8d8d; border-width: 0px 1px 1px 0px; }    -->\n<div>##IFticket.storestatus=5##</div>\n<div>##lang.ticket.url## : <a href=\"##ticket.urlapprove##\">##ticket.urlapprove##</a> <strong>&#160;</strong></div>\n<div><strong>##lang.ticket.autoclosewarning##</strong></div>\n<div><span style=\"color: #888888;\"><strong><span style=\"text-decoration: underline;\">##lang.ticket.solvedate##</span></strong></span> : ##ticket.solvedate##<br /><span style=\"text-decoration: underline; color: #888888;\"><strong>##lang.ticket.solution.type##</strong></span> : ##ticket.solution.type##<br /><span style=\"text-decoration: underline; color: #888888;\"><strong>##lang.ticket.solution.description##</strong></span> : ##ticket.solution.description## ##ENDIFticket.storestatus##</div>\n<div>##ELSEticket.storestatus## ##lang.ticket.url## : <a href=\"##ticket.url##\">##ticket.url##</a> ##ENDELSEticket.storestatus##</div>\n<p class=\"description b\"><strong>##lang.ticket.description##</strong></p>\n<p><span style=\"color: #8b8c8f; font-weight: bold; text-decoration: underline;\"> ##lang.ticket.title##</span>&#160;:##ticket.title## <br /> <span style=\"color: #8b8c8f; font-weight: bold; text-decoration: underline;\"> ##lang.ticket.authors##</span>&#160;:##IFticket.authors## ##ticket.authors## ##ENDIFticket.authors##    ##ELSEticket.authors##--##ENDELSEticket.authors## <br /> <span style=\"color: #8b8c8f; font-weight: bold; text-decoration: underline;\"> ##lang.ticket.creationdate##</span>&#160;:##ticket.creationdate## <br /> <span style=\"color: #8b8c8f; font-weight: bold; text-decoration: underline;\"> ##lang.ticket.closedate##</span>&#160;:##ticket.closedate## <br /> <span style=\"color: #8b8c8f; font-weight: bold; text-decoration: underline;\"> ##lang.ticket.requesttype##</span>&#160;:##ticket.requesttype##<br />\n<br /><span style=\"color: #8b8c8f; font-weight: bold; text-decoration: underline;\"> ##lang.ticket.item.name##</span>&#160;:\n<p>##FOREACHitems##</p>\n<div class=\"description b\">##IFticket.itemtype## ##ticket.itemtype##&#160;- ##ticket.item.name## ##IFticket.item.model## ##lang.ticket.item.model## : ##ticket.item.model## ##ENDIFticket.item.model## ##IFticket.item.serial## ##lang.ticket.item.serial## : ##ticket.item.serial## ##ENDIFticket.item.serial## ##IFticket.item.otherserial## ##lang.ticket.item.otherserial## : ##ticket.item.otherserial## ##ENDIFticket.item.otherserial## ##ENDIFticket.itemtype## </div><br />\n<p>##ENDFOREACHitems##</p>\n##IFticket.assigntousers## <span style=\"color: #8b8c8f; font-weight: bold; text-decoration: underline;\"> ##lang.ticket.assigntousers##</span>&#160;: ##ticket.assigntousers## ##ENDIFticket.assigntousers##<br /> <span style=\"color: #8b8c8f; font-weight: bold; text-decoration: underline;\">##lang.ticket.status## </span>&#160;: ##ticket.status##<br /> ##IFticket.assigntogroups## <span style=\"color: #8b8c8f; font-weight: bold; text-decoration: underline;\"> ##lang.ticket.assigntogroups##</span>&#160;: ##ticket.assigntogroups## ##ENDIFticket.assigntogroups##<br /> <span style=\"color: #8b8c8f; font-weight: bold; text-decoration: underline;\"> ##lang.ticket.urgency##</span>&#160;: ##ticket.urgency##<br /> <span style=\"color: #8b8c8f; font-weight: bold; text-decoration: underline;\"> ##lang.ticket.impact##</span>&#160;: ##ticket.impact##<br /> <span style=\"color: #8b8c8f; font-weight: bold; text-decoration: underline;\"> ##lang.ticket.priority##</span>&#160;: ##ticket.priority## <br /> ##IFticket.user.email##<span style=\"color: #8b8c8f; font-weight: bold; text-decoration: underline;\"> ##lang.ticket.user.email##</span>&#160;: ##ticket.user.email ##ENDIFticket.user.email##    <br /> ##IFticket.category##<span style=\"color: #8b8c8f; font-weight: bold; text-decoration: underline;\">##lang.ticket.category## </span>&#160;:##ticket.category## ##ENDIFticket.category## ##ELSEticket.category## ##lang.ticket.nocategoryassigned## ##ENDELSEticket.category##    <br /> <span style=\"color: #8b8c8f; font-weight: bold; text-decoration: underline;\"> ##lang.ticket.content##</span>&#160;: ##ticket.content##</p>\n<br />##IFticket.storestatus=6##<br /><span style=\"text-decoration: underline;\"><strong><span style=\"color: #888888;\">##lang.ticket.solvedate##</span></strong></span> : ##ticket.solvedate##<br /><span style=\"color: #888888;\"><strong><span style=\"text-decoration: underline;\">##lang.ticket.solution.type##</span></strong></span> : ##ticket.solution.type##<br /><span style=\"text-decoration: underline; color: #888888;\"><strong>##lang.ticket.solution.description##</strong></span> : ##ticket.solution.description##<br />##ENDIFticket.storestatus##</p>\n<div class=\"description b\">##lang.ticket.numberoffollowups##&#160;: ##ticket.numberoffollowups##</div>\n<p>##FOREACHfollowups##</p>\n<div class=\"description b\"><br /> <strong> [##followup.date##] <em>##lang.followup.isprivate## : ##followup.isprivate## </em></strong><br /> <span style=\"color: #8b8c8f; font-weight: bold; text-decoration: underline;\"> ##lang.followup.author## </span> ##followup.author##<br /> <span style=\"color: #8b8c8f; font-weight: bold; text-decoration: underline;\"> ##lang.followup.description## </span> ##followup.description##<br /> <span style=\"color: #8b8c8f; font-weight: bold; text-decoration: underline;\"> ##lang.followup.date## </span> ##followup.date##<br /> <span style=\"color: #8b8c8f; font-weight: bold; text-decoration: underline;\"> ##lang.followup.requesttype## </span> ##followup.requesttype##</div>\n<p>##ENDFOREACHfollowups##</p>\n<div class=\"description b\">##lang.ticket.numberoftasks##&#160;: ##ticket.numberoftasks##</div>\n<p>##FOREACHtasks##</p>\n<div class=\"description b\"><br /> <strong> [##task.date##] <em>##lang.task.isprivate## : ##task.isprivate## </em></strong><br /> <span style=\"color: #8b8c8f; font-weight: bold; text-decoration: underline;\"> ##lang.task.author##</span> ##task.author##<br /> <span style=\"color: #8b8c8f; font-weight: bold; text-decoration: underline;\"> ##lang.task.description##</span> ##task.description##<br /> <span style=\"color: #8b8c8f; font-weight: bold; text-decoration: underline;\"> ##lang.task.time##</span> ##task.time##<br /> <span style=\"color: #8b8c8f; font-weight: bold; text-decoration: underline;\"> ##lang.task.category##</span> ##task.category##</div>\n<p>##ENDFOREACHtasks##</p>'),(5,12,'','##contract.action##  ##contract.entity##','##lang.contract.entity## : ##contract.entity##\n\n##FOREACHcontracts##\n##lang.contract.name## : ##contract.name##\n##lang.contract.number## : ##contract.number##\n##lang.contract.time## : ##contract.time##\n##IFcontract.type####lang.contract.type## : ##contract.type####ENDIFcontract.type##\n##contract.url##\n##ENDFOREACHcontracts##','&lt;p&gt;##lang.contract.entity## : ##contract.entity##&lt;br /&gt;\n&lt;br /&gt;##FOREACHcontracts##&lt;br /&gt;##lang.contract.name## :\n##contract.name##&lt;br /&gt;\n##lang.contract.number## : ##contract.number##&lt;br /&gt;\n##lang.contract.time## : ##contract.time##&lt;br /&gt;\n##IFcontract.type####lang.contract.type## : ##contract.type##\n##ENDIFcontract.type##&lt;br /&gt;\n&lt;a href=\"##contract.url##\"&gt;\n##contract.url##&lt;/a&gt;&lt;br /&gt;\n##ENDFOREACHcontracts##&lt;/p&gt;'),(6,5,'','##ticket.action## ##ticket.title##','##lang.ticket.url## : ##ticket.url##\n\n##lang.ticket.description##\n\n\n##lang.ticket.title##  :##ticket.title##\n\n##lang.ticket.authors##  :##IFticket.authors##\n##ticket.authors## ##ENDIFticket.authors##\n##ELSEticket.authors##--##ENDELSEticket.authors##\n\n##IFticket.category## ##lang.ticket.category##  :##ticket.category##\n##ENDIFticket.category## ##ELSEticket.category##\n##lang.ticket.nocategoryassigned## ##ENDELSEticket.category##\n\n##lang.ticket.content##  : ##ticket.content##\n##IFticket.itemtype##\n##lang.ticket.item.name##  : ##ticket.itemtype## - ##ticket.item.name##\n##ENDIFticket.itemtype##','&lt;div&gt;##lang.ticket.url## : &lt;a href=\"##ticket.url##\"&gt;\n##ticket.url##&lt;/a&gt;&lt;/div&gt;\n&lt;div class=\"description b\"&gt;\n##lang.ticket.description##&lt;/div&gt;\n&lt;p&gt;&lt;span\nstyle=\"color: #8b8c8f; font-weight: bold; text-decoration: underline;\"&gt;\n##lang.ticket.title##&lt;/span&gt;&#160;:##ticket.title##\n&lt;br /&gt; &lt;span style=\"color: #8b8c8f; font-weight: bold; text-decoration: underline;\"&gt;\n##lang.ticket.authors##&lt;/span&gt;\n##IFticket.authors## ##ticket.authors##\n##ENDIFticket.authors##\n##ELSEticket.authors##--##ENDELSEticket.authors##\n&lt;span style=\"color: #8b8c8f; font-weight: bold; text-decoration: underline;\"&gt;&#160\n;&lt;/span&gt;&lt;br /&gt; &lt;span style=\"color: #8b8c8f; font-weight: bold; text-decoration: underline;\"&gt; &lt;/span&gt;\n##IFticket.category##&lt;span style=\"color: #8b8c8f; font-weight: bold; text-decoration: underline;\"&gt;\n##lang.ticket.category## &lt;/span&gt;&#160;:##ticket.category##\n##ENDIFticket.category## ##ELSEticket.category##\n##lang.ticket.nocategoryassigned## ##ENDELSEticket.category##\n&lt;br /&gt; &lt;span style=\"color: #8b8c8f; font-weight: bold; text-decoration: underline;\"&gt;\n##lang.ticket.content##&lt;/span&gt;&#160;:\n##ticket.content##&lt;br /&gt;##IFticket.itemtype##\n&lt;span style=\"color: #8b8c8f; font-weight: bold; text-decoration: underline;\"&gt;\n##lang.ticket.item.name##&lt;/span&gt;&#160;:\n##ticket.itemtype## - ##ticket.item.name##\n##ENDIFticket.itemtype##&lt;/p&gt;'),(7,7,'','##ticket.action## ##ticket.title##','##FOREACHvalidations##\n\n##IFvalidation.storestatus=2##\n##validation.submission.title##\n##lang.validation.commentsubmission## : ##validation.commentsubmission##\n##ENDIFvalidation.storestatus##\n##ELSEvalidation.storestatus## ##validation.answer.title## ##ENDELSEvalidation.storestatus##\n\n##lang.ticket.url## : ##ticket.urlvalidation##\n\n##IFvalidation.status## ##lang.validation.status## : ##validation.status## ##ENDIFvalidation.status##\n##IFvalidation.commentvalidation##\n##lang.validation.commentvalidation## : ##validation.commentvalidation##\n##ENDIFvalidation.commentvalidation##\n##ENDFOREACHvalidations##','&lt;div&gt;##FOREACHvalidations##&lt;/div&gt;\n&lt;p&gt;##IFvalidation.storestatus=2##&lt;/p&gt;\n&lt;div&gt;##validation.submission.title##&lt;/div&gt;\n&lt;div&gt;##lang.validation.commentsubmission## : ##validation.commentsubmission##&lt;/div&gt;\n&lt;div&gt;##ENDIFvalidation.storestatus##&lt;/div&gt;\n&lt;div&gt;##ELSEvalidation.storestatus## ##validation.answer.title## ##ENDELSEvalidation.storestatus##&lt;/div&gt;\n&lt;div&gt;&lt;/div&gt;\n&lt;div&gt;\n&lt;div&gt;##lang.ticket.url## : &lt;a href=\"##ticket.urlvalidation##\"&gt; ##ticket.urlvalidation## &lt;/a&gt;&lt;/div&gt;\n&lt;/div&gt;\n&lt;p&gt;##IFvalidation.status## ##lang.validation.status## : ##validation.status## ##ENDIFvalidation.status##\n&lt;br /&gt; ##IFvalidation.commentvalidation##&lt;br /&gt; ##lang.validation.commentvalidation## :\n&#160; ##validation.commentvalidation##&lt;br /&gt; ##ENDIFvalidation.commentvalidation##\n&lt;br /&gt;##ENDFOREACHvalidations##&lt;/p&gt;'),(8,6,'','##ticket.action## ##ticket.entity##','##lang.ticket.entity## : ##ticket.entity##\n\n##FOREACHtickets##\n\n##lang.ticket.title## : ##ticket.title##\n ##lang.ticket.status## : ##ticket.status##\n\n ##ticket.url##\n ##ENDFOREACHtickets##','&lt;table class=\"tab_cadre\" border=\"1\" cellspacing=\"2\" cellpadding=\"3\"&gt;\n&lt;tbody&gt;\n&lt;tr&gt;\n&lt;td style=\"text-align: left;\" width=\"auto\" bgcolor=\"#cccccc\"&gt;&lt;span style=\"font-size: 11px; text-align: left;\"&gt;##lang.ticket.authors##&lt;/span&gt;&lt;/td&gt;\n&lt;td style=\"text-align: left;\" width=\"auto\" bgcolor=\"#cccccc\"&gt;&lt;span style=\"font-size: 11px; text-align: left;\"&gt;##lang.ticket.title##&lt;/span&gt;&lt;/td&gt;\n&lt;td style=\"text-align: left;\" width=\"auto\" bgcolor=\"#cccccc\"&gt;&lt;span style=\"font-size: 11px; text-align: left;\"&gt;##lang.ticket.priority##&lt;/span&gt;&lt;/td&gt;\n&lt;td style=\"text-align: left;\" width=\"auto\" bgcolor=\"#cccccc\"&gt;&lt;span style=\"font-size: 11px; text-align: left;\"&gt;##lang.ticket.status##&lt;/span&gt;&lt;/td&gt;\n&lt;td style=\"text-align: left;\" width=\"auto\" bgcolor=\"#cccccc\"&gt;&lt;span style=\"font-size: 11px; text-align: left;\"&gt;##lang.ticket.attribution##&lt;/span&gt;&lt;/td&gt;\n&lt;td style=\"text-align: left;\" width=\"auto\" bgcolor=\"#cccccc\"&gt;&lt;span style=\"font-size: 11px; text-align: left;\"&gt;##lang.ticket.creationdate##&lt;/span&gt;&lt;/td&gt;\n&lt;td style=\"text-align: left;\" width=\"auto\" bgcolor=\"#cccccc\"&gt;&lt;span style=\"font-size: 11px; text-align: left;\"&gt;##lang.ticket.content##&lt;/span&gt;&lt;/td&gt;\n&lt;/tr&gt;\n##FOREACHtickets##\n&lt;tr&gt;\n&lt;td width=\"auto\"&gt;&lt;span style=\"font-size: 11px; text-align: left;\"&gt;##ticket.authors##&lt;/span&gt;&lt;/td&gt;\n&lt;td width=\"auto\"&gt;&lt;span style=\"font-size: 11px; text-align: left;\"&gt;&lt;a href=\"##ticket.url##\"&gt;##ticket.title##&lt;/a&gt;&lt;/span&gt;&lt;/td&gt;\n&lt;td width=\"auto\"&gt;&lt;span style=\"font-size: 11px; text-align: left;\"&gt;##ticket.priority##&lt;/span&gt;&lt;/td&gt;\n&lt;td width=\"auto\"&gt;&lt;span style=\"font-size: 11px; text-align: left;\"&gt;##ticket.status##&lt;/span&gt;&lt;/td&gt;\n&lt;td width=\"auto\"&gt;&lt;span style=\"font-size: 11px; text-align: left;\"&gt;##IFticket.assigntousers####ticket.assigntousers##&lt;br /&gt;##ENDIFticket.assigntousers####IFticket.assigntogroups##&lt;br /&gt;##ticket.assigntogroups## ##ENDIFticket.assigntogroups####IFticket.assigntosupplier##&lt;br /&gt;##ticket.assigntosupplier## ##ENDIFticket.assigntosupplier##&lt;/span&gt;&lt;/td&gt;\n&lt;td width=\"auto\"&gt;&lt;span style=\"font-size: 11px; text-align: left;\"&gt;##ticket.creationdate##&lt;/span&gt;&lt;/td&gt;\n&lt;td width=\"auto\"&gt;&lt;span style=\"font-size: 11px; text-align: left;\"&gt;##ticket.content##&lt;/span&gt;&lt;/td&gt;\n&lt;/tr&gt;\n##ENDFOREACHtickets##\n&lt;/tbody&gt;\n&lt;/table&gt;'),(9,9,'','##consumable.action##  ##consumable.entity##','##lang.consumable.entity## : ##consumable.entity##\n\n\n##FOREACHconsumables##\n##lang.consumable.item## : ##consumable.item##\n\n\n##lang.consumable.reference## : ##consumable.reference##\n\n##lang.consumable.remaining## : ##consumable.remaining##\n\n##consumable.url##\n\n##ENDFOREACHconsumables##','&lt;p&gt;\n##lang.consumable.entity## : ##consumable.entity##\n&lt;br /&gt; &lt;br /&gt;##FOREACHconsumables##\n&lt;br /&gt;##lang.consumable.item## : ##consumable.item##&lt;br /&gt;\n&lt;br /&gt;##lang.consumable.reference## : ##consumable.reference##&lt;br /&gt;\n##lang.consumable.remaining## : ##consumable.remaining##&lt;br /&gt;\n&lt;a href=\"##consumable.url##\"&gt; ##consumable.url##&lt;/a&gt;&lt;br /&gt;\n   ##ENDFOREACHconsumables##&lt;/p&gt;'),(10,8,'','##cartridge.action##  ##cartridge.entity##','##lang.cartridge.entity## : ##cartridge.entity##\n\n\n##FOREACHcartridges##\n##lang.cartridge.item## : ##cartridge.item##\n\n\n##lang.cartridge.reference## : ##cartridge.reference##\n\n##lang.cartridge.remaining## : ##cartridge.remaining##\n\n##cartridge.url##\n ##ENDFOREACHcartridges##','&lt;p&gt;##lang.cartridge.entity## : ##cartridge.entity##\n&lt;br /&gt; &lt;br /&gt;##FOREACHcartridges##\n&lt;br /&gt;##lang.cartridge.item## :\n##cartridge.item##&lt;br /&gt; &lt;br /&gt;\n##lang.cartridge.reference## :\n##cartridge.reference##&lt;br /&gt;\n##lang.cartridge.remaining## :\n##cartridge.remaining##&lt;br /&gt;\n&lt;a href=\"##cartridge.url##\"&gt;\n##cartridge.url##&lt;/a&gt;&lt;br /&gt;\n##ENDFOREACHcartridges##&lt;/p&gt;'),(11,10,'','##infocom.action##  ##infocom.entity##','##lang.infocom.entity## : ##infocom.entity##\n\n\n##FOREACHinfocoms##\n\n##lang.infocom.itemtype## : ##infocom.itemtype##\n\n##lang.infocom.item## : ##infocom.item##\n\n\n##lang.infocom.expirationdate## : ##infocom.expirationdate##\n\n##infocom.url##\n ##ENDFOREACHinfocoms##','&lt;p&gt;##lang.infocom.entity## : ##infocom.entity##\n&lt;br /&gt; &lt;br /&gt;##FOREACHinfocoms##\n&lt;br /&gt;##lang.infocom.itemtype## : ##infocom.itemtype##&lt;br /&gt;\n##lang.infocom.item## : ##infocom.item##&lt;br /&gt; &lt;br /&gt;\n##lang.infocom.expirationdate## : ##infocom.expirationdate##\n&lt;br /&gt; &lt;a href=\"##infocom.url##\"&gt;\n##infocom.url##&lt;/a&gt;&lt;br /&gt;\n##ENDFOREACHinfocoms##&lt;/p&gt;'),(12,11,'','##license.action##  ##license.entity##','##lang.license.entity## : ##license.entity##\n\n##FOREACHlicenses##\n\n##lang.license.item## : ##license.item##\n\n##lang.license.serial## : ##license.serial##\n\n##lang.license.expirationdate## : ##license.expirationdate##\n\n##license.url##\n ##ENDFOREACHlicenses##','&lt;p&gt;\n##lang.license.entity## : ##license.entity##&lt;br /&gt;\n##FOREACHlicenses##\n&lt;br /&gt;##lang.license.item## : ##license.item##&lt;br /&gt;\n##lang.license.serial## : ##license.serial##&lt;br /&gt;\n##lang.license.expirationdate## : ##license.expirationdate##\n&lt;br /&gt; &lt;a href=\"##license.url##\"&gt; ##license.url##\n&lt;/a&gt;&lt;br /&gt; ##ENDFOREACHlicenses##&lt;/p&gt;'),(13,13,'','##user.action##','##user.realname## ##user.firstname##\n\n##lang.passwordforget.information##\n\n##lang.passwordforget.link## ##user.passwordforgeturl##','&lt;p&gt;&lt;strong&gt;##user.realname## ##user.firstname##&lt;/strong&gt;&lt;/p&gt;\n&lt;p&gt;##lang.passwordforget.information##&lt;/p&gt;\n&lt;p&gt;##lang.passwordforget.link## &lt;a title=\"##user.passwordforgeturl##\" href=\"##user.passwordforgeturl##\"&gt;##user.passwordforgeturl##&lt;/a&gt;&lt;/p&gt;'),(14,14,'','##ticket.action## ##ticket.title##','##lang.ticket.title## : ##ticket.title##\n\n##lang.ticket.closedate## : ##ticket.closedate##\n\n##lang.satisfaction.text## ##ticket.urlsatisfaction##','&lt;p&gt;##lang.ticket.title## : ##ticket.title##&lt;/p&gt;\n&lt;p&gt;##lang.ticket.closedate## : ##ticket.closedate##&lt;/p&gt;\n&lt;p&gt;##lang.satisfaction.text## &lt;a href=\"##ticket.urlsatisfaction##\"&gt;##ticket.urlsatisfaction##&lt;/a&gt;&lt;/p&gt;'),(15,15,'','##lang.unicity.action##','##lang.unicity.entity## : ##unicity.entity##\n\n##lang.unicity.itemtype## : ##unicity.itemtype##\n\n##lang.unicity.message## : ##unicity.message##\n\n##lang.unicity.action_user## : ##unicity.action_user##\n\n##lang.unicity.action_type## : ##unicity.action_type##\n\n##lang.unicity.date## : ##unicity.date##','&lt;p&gt;##lang.unicity.entity## : ##unicity.entity##&lt;/p&gt;\n&lt;p&gt;##lang.unicity.itemtype## : ##unicity.itemtype##&lt;/p&gt;\n&lt;p&gt;##lang.unicity.message## : ##unicity.message##&lt;/p&gt;\n&lt;p&gt;##lang.unicity.action_user## : ##unicity.action_user##&lt;/p&gt;\n&lt;p&gt;##lang.unicity.action_type## : ##unicity.action_type##&lt;/p&gt;\n&lt;p&gt;##lang.unicity.date## : ##unicity.date##&lt;/p&gt;'),(16,16,'','##crontask.action##','##lang.crontask.warning##\n\n##FOREACHcrontasks##\n ##crontask.name## : ##crontask.description##\n\n##ENDFOREACHcrontasks##','&lt;p&gt;##lang.crontask.warning##&lt;/p&gt;\n&lt;p&gt;##FOREACHcrontasks## &lt;br /&gt;&lt;a href=\"##crontask.url##\"&gt;##crontask.name##&lt;/a&gt; : ##crontask.description##&lt;br /&gt; &lt;br /&gt;##ENDFOREACHcrontasks##&lt;/p&gt;'),(17,17,'','##problem.action## ##problem.title##','##IFproblem.storestatus=5##\n ##lang.problem.url## : ##problem.urlapprove##\n ##lang.problem.solvedate## : ##problem.solvedate##\n ##lang.problem.solution.type## : ##problem.solution.type##\n ##lang.problem.solution.description## : ##problem.solution.description## ##ENDIFproblem.storestatus##\n ##ELSEproblem.storestatus## ##lang.problem.url## : ##problem.url## ##ENDELSEproblem.storestatus##\n\n ##lang.problem.description##\n\n ##lang.problem.title##  :##problem.title##\n ##lang.problem.authors##  :##IFproblem.authors## ##problem.authors## ##ENDIFproblem.authors## ##ELSEproblem.authors##--##ENDELSEproblem.authors##\n ##lang.problem.creationdate##  :##problem.creationdate##\n ##IFproblem.assigntousers## ##lang.problem.assigntousers##  : ##problem.assigntousers## ##ENDIFproblem.assigntousers##\n ##lang.problem.status##  : ##problem.status##\n ##IFproblem.assigntogroups## ##lang.problem.assigntogroups##  : ##problem.assigntogroups## ##ENDIFproblem.assigntogroups##\n ##lang.problem.urgency##  : ##problem.urgency##\n ##lang.problem.impact##  : ##problem.impact##\n ##lang.problem.priority## : ##problem.priority##\n##IFproblem.category## ##lang.problem.category##  :##problem.category## ##ENDIFproblem.category## ##ELSEproblem.category## ##lang.problem.nocategoryassigned## ##ENDELSEproblem.category##\n ##lang.problem.content##  : ##problem.content##\n\n##IFproblem.storestatus=6##\n ##lang.problem.solvedate## : ##problem.solvedate##\n ##lang.problem.solution.type## : ##problem.solution.type##\n ##lang.problem.solution.description## : ##problem.solution.description##\n##ENDIFproblem.storestatus##\n ##lang.problem.numberoffollowups## : ##problem.numberoffollowups##\n\n##FOREACHfollowups##\n\n [##followup.date##] ##lang.followup.isprivate## : ##followup.isprivate##\n ##lang.followup.author## ##followup.author##\n ##lang.followup.description## ##followup.description##\n ##lang.followup.date## ##followup.date##\n ##lang.followup.requesttype## ##followup.requesttype##\n\n##ENDFOREACHfollowups##\n ##lang.problem.numberoftickets## : ##problem.numberoftickets##\n\n##FOREACHtickets##\n [##ticket.date##] ##lang.problem.title## : ##ticket.title##\n ##lang.problem.content## ##ticket.content##\n\n##ENDFOREACHtickets##\n ##lang.problem.numberoftasks## : ##problem.numberoftasks##\n\n##FOREACHtasks##\n [##task.date##]\n ##lang.task.author## ##task.author##\n ##lang.task.description## ##task.description##\n ##lang.task.time## ##task.time##\n ##lang.task.category## ##task.category##\n\n##ENDFOREACHtasks##\n','&lt;p&gt;##IFproblem.storestatus=5##&lt;/p&gt;\n&lt;div&gt;##lang.problem.url## : &lt;a href=\"##problem.urlapprove##\"&gt;##problem.urlapprove##&lt;/a&gt;&lt;/div&gt;\n&lt;div&gt;&lt;span style=\"color: #888888;\"&gt;&lt;strong&gt;&lt;span style=\"text-decoration: underline;\"&gt;##lang.problem.solvedate##&lt;/span&gt;&lt;/strong&gt;&lt;/span&gt; : ##problem.solvedate##&lt;br /&gt;&lt;span style=\"text-decoration: underline; color: #888888;\"&gt;&lt;strong&gt;##lang.problem.solution.type##&lt;/strong&gt;&lt;/span&gt; : ##problem.solution.type##&lt;br /&gt;&lt;span style=\"text-decoration: underline; color: #888888;\"&gt;&lt;strong&gt;##lang.problem.solution.description##&lt;/strong&gt;&lt;/span&gt; : ##problem.solution.description## ##ENDIFproblem.storestatus##&lt;/div&gt;\n&lt;div&gt;##ELSEproblem.storestatus## ##lang.problem.url## : &lt;a href=\"##problem.url##\"&gt;##problem.url##&lt;/a&gt; ##ENDELSEproblem.storestatus##&lt;/div&gt;\n&lt;p class=\"description b\"&gt;&lt;strong&gt;##lang.problem.description##&lt;/strong&gt;&lt;/p&gt;\n&lt;p&gt;&lt;span style=\"color: #8b8c8f; font-weight: bold; text-decoration: underline;\"&gt; ##lang.problem.title##&lt;/span&gt;&#160;:##problem.title## &lt;br /&gt; &lt;span style=\"color: #8b8c8f; font-weight: bold; text-decoration: underline;\"&gt; ##lang.problem.authors##&lt;/span&gt;&#160;:##IFproblem.authors## ##problem.authors## ##ENDIFproblem.authors##    ##ELSEproblem.authors##--##ENDELSEproblem.authors## &lt;br /&gt; &lt;span style=\"color: #8b8c8f; font-weight: bold; text-decoration: underline;\"&gt; ##lang.problem.creationdate##&lt;/span&gt;&#160;:##problem.creationdate## &lt;br /&gt; ##IFproblem.assigntousers## &lt;span style=\"color: #8b8c8f; font-weight: bold; text-decoration: underline;\"&gt; ##lang.problem.assigntousers##&lt;/span&gt;&#160;: ##problem.assigntousers## ##ENDIFproblem.assigntousers##&lt;br /&gt; &lt;span style=\"color: #8b8c8f; font-weight: bold; text-decoration: underline;\"&gt;##lang.problem.status## &lt;/span&gt;&#160;: ##problem.status##&lt;br /&gt; ##IFproblem.assigntogroups## &lt;span style=\"color: #8b8c8f; font-weight: bold; text-decoration: underline;\"&gt; ##lang.problem.assigntogroups##&lt;/span&gt;&#160;: ##problem.assigntogroups## ##ENDIFproblem.assigntogroups##&lt;br /&gt; &lt;span style=\"color: #8b8c8f; font-weight: bold; text-decoration: underline;\"&gt; ##lang.problem.urgency##&lt;/span&gt;&#160;: ##problem.urgency##&lt;br /&gt; &lt;span style=\"color: #8b8c8f; font-weight: bold; text-decoration: underline;\"&gt; ##lang.problem.impact##&lt;/span&gt;&#160;: ##problem.impact##&lt;br /&gt; &lt;span style=\"color: #8b8c8f; font-weight: bold; text-decoration: underline;\"&gt; ##lang.problem.priority##&lt;/span&gt; : ##problem.priority## &lt;br /&gt;##IFproblem.category##&lt;span style=\"color: #8b8c8f; font-weight: bold; text-decoration: underline;\"&gt;##lang.problem.category## &lt;/span&gt;&#160;:##problem.category##  ##ENDIFproblem.category## ##ELSEproblem.category##  ##lang.problem.nocategoryassigned## ##ENDELSEproblem.category##    &lt;br /&gt; &lt;span style=\"color: #8b8c8f; font-weight: bold; text-decoration: underline;\"&gt; ##lang.problem.content##&lt;/span&gt;&#160;: ##problem.content##&lt;/p&gt;\n&lt;p&gt;##IFproblem.storestatus=6##&lt;br /&gt;&lt;span style=\"text-decoration: underline;\"&gt;&lt;strong&gt;&lt;span style=\"color: #888888;\"&gt;##lang.problem.solvedate##&lt;/span&gt;&lt;/strong&gt;&lt;/span&gt; : ##problem.solvedate##&lt;br /&gt;&lt;span style=\"color: #888888;\"&gt;&lt;strong&gt;&lt;span style=\"text-decoration: underline;\"&gt;##lang.problem.solution.type##&lt;/span&gt;&lt;/strong&gt;&lt;/span&gt; : ##problem.solution.type##&lt;br /&gt;&lt;span style=\"text-decoration: underline; color: #888888;\"&gt;&lt;strong&gt;##lang.problem.solution.description##&lt;/strong&gt;&lt;/span&gt; : ##problem.solution.description##&lt;br /&gt;##ENDIFproblem.storestatus##&lt;/p&gt;\n<div class=\"description b\">##lang.problem.numberoffollowups##&#160;: ##problem.numberoffollowups##</div>\n<p>##FOREACHfollowups##</p>\n<div class=\"description b\"><br /> <strong> [##followup.date##] <em>##lang.followup.isprivate## : ##followup.isprivate## </em></strong><br /> <span style=\"color: #8b8c8f; font-weight: bold; text-decoration: underline;\"> ##lang.followup.author## </span> ##followup.author##<br /> <span style=\"color: #8b8c8f; font-weight: bold; text-decoration: underline;\"> ##lang.followup.description## </span> ##followup.description##<br /> <span style=\"color: #8b8c8f; font-weight: bold; text-decoration: underline;\"> ##lang.followup.date## </span> ##followup.date##<br /> <span style=\"color: #8b8c8f; font-weight: bold; text-decoration: underline;\"> ##lang.followup.requesttype## </span> ##followup.requesttype##</div>\n<p>##ENDFOREACHfollowups##</p>\n&lt;div class=\"description b\"&gt;##lang.problem.numberoftickets##&#160;: ##problem.numberoftickets##&lt;/div&gt;\n&lt;p&gt;##FOREACHtickets##&lt;/p&gt;\n&lt;div&gt;&lt;strong&gt; [##ticket.date##] &lt;em&gt;##lang.problem.title## : &lt;a href=\"##ticket.url##\"&gt;##ticket.title## &lt;/a&gt;&lt;/em&gt;&lt;/strong&gt;&lt;br /&gt; &lt;span style=\"color: #8b8c8f; font-weight: bold; text-decoration: underline;\"&gt; &lt;/span&gt;&lt;span style=\"color: #8b8c8f; font-weight: bold; text-decoration: underline;\"&gt;##lang.problem.content## &lt;/span&gt; ##ticket.content##\n&lt;p&gt;##ENDFOREACHtickets##&lt;/p&gt;\n&lt;div class=\"description b\"&gt;##lang.problem.numberoftasks##&#160;: ##problem.numberoftasks##&lt;/div&gt;\n&lt;p&gt;##FOREACHtasks##&lt;/p&gt;\n&lt;div class=\"description b\"&gt;&lt;strong&gt;[##task.date##] &lt;/strong&gt;&lt;br /&gt; &lt;span style=\"color: #8b8c8f; font-weight: bold; text-decoration: underline;\"&gt; ##lang.task.author##&lt;/span&gt; ##task.author##&lt;br /&gt; &lt;span style=\"color: #8b8c8f; font-weight: bold; text-decoration: underline;\"&gt; ##lang.task.description##&lt;/span&gt; ##task.description##&lt;br /&gt; &lt;span style=\"color: #8b8c8f; font-weight: bold; text-decoration: underline;\"&gt; ##lang.task.time##&lt;/span&gt; ##task.time##&lt;br /&gt; &lt;span style=\"color: #8b8c8f; font-weight: bold; text-decoration: underline;\"&gt; ##lang.task.category##&lt;/span&gt; ##task.category##&lt;/div&gt;\n&lt;p&gt;##ENDFOREACHtasks##&lt;/p&gt;\n&lt;/div&gt;'),(18,18,'','##recall.action##: ##recall.item.name##','##recall.action##: ##recall.item.name##\n\n##recall.item.content##\n\n##lang.recall.planning.begin##: ##recall.planning.begin##\n##lang.recall.planning.end##: ##recall.planning.end##\n##lang.recall.planning.state##: ##recall.planning.state##\n##lang.recall.item.private##: ##recall.item.private##','&lt;p&gt;##recall.action##: &lt;a href=\"##recall.item.url##\"&gt;##recall.item.name##&lt;/a&gt;&lt;/p&gt;\n&lt;p&gt;##recall.item.content##&lt;/p&gt;\n&lt;p&gt;##lang.recall.planning.begin##: ##recall.planning.begin##&lt;br /&gt;##lang.recall.planning.end##: ##recall.planning.end##&lt;br /&gt;##lang.recall.planning.state##: ##recall.planning.state##&lt;br /&gt;##lang.recall.item.private##: ##recall.item.private##&lt;br /&gt;&lt;br /&gt;&lt;/p&gt;\n&lt;p&gt;&lt;br /&gt;&lt;br /&gt;&lt;/p&gt;'),(19,19,'','##change.action## ##change.title##','##IFchange.storestatus=5##\n ##lang.change.url## : ##change.urlapprove##\n ##lang.change.solvedate## : ##change.solvedate##\n ##lang.change.solution.type## : ##change.solution.type##\n ##lang.change.solution.description## : ##change.solution.description## ##ENDIFchange.storestatus##\n ##ELSEchange.storestatus## ##lang.change.url## : ##change.url## ##ENDELSEchange.storestatus##\n\n ##lang.change.description##\n\n ##lang.change.title##  :##change.title##\n ##lang.change.authors##  :##IFchange.authors## ##change.authors## ##ENDIFchange.authors## ##ELSEchange.authors##--##ENDELSEchange.authors##\n ##lang.change.creationdate##  :##change.creationdate##\n ##IFchange.assigntousers## ##lang.change.assigntousers##  : ##change.assigntousers## ##ENDIFchange.assigntousers##\n ##lang.change.status##  : ##change.status##\n ##IFchange.assigntogroups## ##lang.change.assigntogroups##  : ##change.assigntogroups## ##ENDIFchange.assigntogroups##\n ##lang.change.urgency##  : ##change.urgency##\n ##lang.change.impact##  : ##change.impact##\n ##lang.change.priority## : ##change.priority##\n##IFchange.category## ##lang.change.category##  :##change.category## ##ENDIFchange.category## ##ELSEchange.category## ##lang.change.nocategoryassigned## ##ENDELSEchange.category##\n ##lang.change.content##  : ##change.content##\n\n##IFchange.storestatus=6##\n ##lang.change.solvedate## : ##change.solvedate##\n ##lang.change.solution.type## : ##change.solution.type##\n ##lang.change.solution.description## : ##change.solution.description##\n##ENDIFchange.storestatus##\n ##lang.change.numberoffollowups## : ##change.numberoffollowups##\n\n##FOREACHfollowups##\n\n [##followup.date##] ##lang.followup.isprivate## : ##followup.isprivate##\n ##lang.followup.author## ##followup.author##\n ##lang.followup.description## ##followup.description##\n ##lang.followup.date## ##followup.date##\n ##lang.followup.requesttype## ##followup.requesttype##\n\n##ENDFOREACHfollowups##\n ##lang.change.numberofproblems## : ##change.numberofproblems##\n\n##FOREACHproblems##\n [##problem.date##] ##lang.change.title## : ##problem.title##\n ##lang.change.content## ##problem.content##\n\n##ENDFOREACHproblems##\n ##lang.change.numberoftasks## : ##change.numberoftasks##\n\n##FOREACHtasks##\n [##task.date##]\n ##lang.task.author## ##task.author##\n ##lang.task.description## ##task.description##\n ##lang.task.time## ##task.time##\n ##lang.task.category## ##task.category##\n\n##ENDFOREACHtasks##\n','&lt;p&gt;##IFchange.storestatus=5##&lt;/p&gt;\n&lt;div&gt;##lang.change.url## : &lt;a href=\"##change.urlapprove##\"&gt;##change.urlapprove##&lt;/a&gt;&lt;/div&gt;\n&lt;div&gt;&lt;span style=\"color: #888888;\"&gt;&lt;strong&gt;&lt;span style=\"text-decoration: underline;\"&gt;##lang.change.solvedate##&lt;/span&gt;&lt;/strong&gt;&lt;/span&gt; : ##change.solvedate##&lt;br /&gt;&lt;span style=\"text-decoration: underline; color: #888888;\"&gt;&lt;strong&gt;##lang.change.solution.type##&lt;/strong&gt;&lt;/span&gt; : ##change.solution.type##&lt;br /&gt;&lt;span style=\"text-decoration: underline; color: #888888;\"&gt;&lt;strong&gt;##lang.change.solution.description##&lt;/strong&gt;&lt;/span&gt; : ##change.solution.description## ##ENDIFchange.storestatus##&lt;/div&gt;\n&lt;div&gt;##ELSEchange.storestatus## ##lang.change.url## : &lt;a href=\"##change.url##\"&gt;##change.url##&lt;/a&gt; ##ENDELSEchange.storestatus##&lt;/div&gt;\n&lt;p class=\"description b\"&gt;&lt;strong&gt;##lang.change.description##&lt;/strong&gt;&lt;/p&gt;\n&lt;p&gt;&lt;span style=\"color: #8b8c8f; font-weight: bold; text-decoration: underline;\"&gt; ##lang.change.title##&lt;/span&gt;&#160;:##change.title## &lt;br /&gt; &lt;span style=\"color: #8b8c8f; font-weight: bold; text-decoration: underline;\"&gt; ##lang.change.authors##&lt;/span&gt;&#160;:##IFchange.authors## ##change.authors## ##ENDIFchange.authors##    ##ELSEchange.authors##--##ENDELSEchange.authors## &lt;br /&gt; &lt;span style=\"color: #8b8c8f; font-weight: bold; text-decoration: underline;\"&gt; ##lang.change.creationdate##&lt;/span&gt;&#160;:##change.creationdate## &lt;br /&gt; ##IFchange.assigntousers## &lt;span style=\"color: #8b8c8f; font-weight: bold; text-decoration: underline;\"&gt; ##lang.change.assigntousers##&lt;/span&gt;&#160;: ##change.assigntousers## ##ENDIFchange.assigntousers##&lt;br /&gt; &lt;span style=\"color: #8b8c8f; font-weight: bold; text-decoration: underline;\"&gt;##lang.change.status## &lt;/span&gt;&#160;: ##change.status##&lt;br /&gt; ##IFchange.assigntogroups## &lt;span style=\"color: #8b8c8f; font-weight: bold; text-decoration: underline;\"&gt; ##lang.change.assigntogroups##&lt;/span&gt;&#160;: ##change.assigntogroups## ##ENDIFchange.assigntogroups##&lt;br /&gt; &lt;span style=\"color: #8b8c8f; font-weight: bold; text-decoration: underline;\"&gt; ##lang.change.urgency##&lt;/span&gt;&#160;: ##change.urgency##&lt;br /&gt; &lt;span style=\"color: #8b8c8f; font-weight: bold; text-decoration: underline;\"&gt; ##lang.change.impact##&lt;/span&gt;&#160;: ##change.impact##&lt;br /&gt; &lt;span style=\"color: #8b8c8f; font-weight: bold; text-decoration: underline;\"&gt; ##lang.change.priority##&lt;/span&gt; : ##change.priority## &lt;br /&gt;##IFchange.category##&lt;span style=\"color: #8b8c8f; font-weight: bold; text-decoration: underline;\"&gt;##lang.change.category## &lt;/span&gt;&#160;:##change.category##  ##ENDIFchange.category## ##ELSEchange.category##  ##lang.change.nocategoryassigned## ##ENDELSEchange.category##    &lt;br /&gt; &lt;span style=\"color: #8b8c8f; font-weight: bold; text-decoration: underline;\"&gt; ##lang.change.content##&lt;/span&gt;&#160;: ##change.content##&lt;/p&gt;\n&lt;p&gt;##IFchange.storestatus=6##&lt;br /&gt;&lt;span style=\"text-decoration: underline;\"&gt;&lt;strong&gt;&lt;span style=\"color: #888888;\"&gt;##lang.change.solvedate##&lt;/span&gt;&lt;/strong&gt;&lt;/span&gt; : ##change.solvedate##&lt;br /&gt;&lt;span style=\"color: #888888;\"&gt;&lt;strong&gt;&lt;span style=\"text-decoration: underline;\"&gt;##lang.change.solution.type##&lt;/span&gt;&lt;/strong&gt;&lt;/span&gt; : ##change.solution.type##&lt;br /&gt;&lt;span style=\"text-decoration: underline; color: #888888;\"&gt;&lt;strong&gt;##lang.change.solution.description##&lt;/strong&gt;&lt;/span&gt; : ##change.solution.description##&lt;br /&gt;##ENDIFchange.storestatus##&lt;/p&gt;\n<div class=\"description b\">##lang.change.numberoffollowups##&#160;: ##change.numberoffollowups##</div>\n<p>##FOREACHfollowups##</p>\n<div class=\"description b\"><br /> <strong> [##followup.date##] <em>##lang.followup.isprivate## : ##followup.isprivate## </em></strong><br /> <span style=\"color: #8b8c8f; font-weight: bold; text-decoration: underline;\"> ##lang.followup.author## </span> ##followup.author##<br /> <span style=\"color: #8b8c8f; font-weight: bold; text-decoration: underline;\"> ##lang.followup.description## </span> ##followup.description##<br /> <span style=\"color: #8b8c8f; font-weight: bold; text-decoration: underline;\"> ##lang.followup.date## </span> ##followup.date##<br /> <span style=\"color: #8b8c8f; font-weight: bold; text-decoration: underline;\"> ##lang.followup.requesttype## </span> ##followup.requesttype##</div>\n<p>##ENDFOREACHfollowups##</p>\n&lt;div class=\"description b\"&gt;##lang.change.numberofproblems##&#160;: ##change.numberofproblems##&lt;/div&gt;\n&lt;p&gt;##FOREACHproblems##&lt;/p&gt;\n&lt;div&gt;&lt;strong&gt; [##problem.date##] &lt;em&gt;##lang.change.title## : &lt;a href=\"##problem.url##\"&gt;##problem.title## &lt;/a&gt;&lt;/em&gt;&lt;/strong&gt;&lt;br /&gt; &lt;span style=\"color: #8b8c8f; font-weight: bold; text-decoration: underline;\"&gt; &lt;/span&gt;&lt;span style=\"color: #8b8c8f; font-weight: bold; text-decoration: underline;\"&gt;##lang.change.content## &lt;/span&gt; ##problem.content##\n&lt;p&gt;##ENDFOREACHproblems##&lt;/p&gt;\n&lt;div class=\"description b\"&gt;##lang.change.numberoftasks##&#160;: ##change.numberoftasks##&lt;/div&gt;\n&lt;p&gt;##FOREACHtasks##&lt;/p&gt;\n&lt;div class=\"description b\"&gt;&lt;strong&gt;[##task.date##] &lt;/strong&gt;&lt;br /&gt; &lt;span style=\"color: #8b8c8f; font-weight: bold; text-decoration: underline;\"&gt; ##lang.task.author##&lt;/span&gt; ##task.author##&lt;br /&gt; &lt;span style=\"color: #8b8c8f; font-weight: bold; text-decoration: underline;\"&gt; ##lang.task.description##&lt;/span&gt; ##task.description##&lt;br /&gt; &lt;span style=\"color: #8b8c8f; font-weight: bold; text-decoration: underline;\"&gt; ##lang.task.time##&lt;/span&gt; ##task.time##&lt;br /&gt; &lt;span style=\"color: #8b8c8f; font-weight: bold; text-decoration: underline;\"&gt; ##lang.task.category##&lt;/span&gt; ##task.category##&lt;/div&gt;\n&lt;p&gt;##ENDFOREACHtasks##&lt;/p&gt;\n&lt;/div&gt;'),(20,20,'','##mailcollector.action##','##FOREACHmailcollectors##\n##lang.mailcollector.name## : ##mailcollector.name##\n##lang.mailcollector.errors## : ##mailcollector.errors##\n##mailcollector.url##\n##ENDFOREACHmailcollectors##','&lt;p&gt;##FOREACHmailcollectors##&lt;br /&gt;##lang.mailcollector.name## : ##mailcollector.name##&lt;br /&gt; ##lang.mailcollector.errors## : ##mailcollector.errors##&lt;br /&gt;&lt;a href=\"##mailcollector.url##\"&gt;##mailcollector.url##&lt;/a&gt;&lt;br /&gt; ##ENDFOREACHmailcollectors##&lt;/p&gt;\n&lt;p&gt;&lt;/p&gt;'),(21,21,'','##project.action## ##project.name## ##project.code##','##lang.project.url## : ##project.url##\n\n##lang.project.description##\n\n##lang.project.name## : ##project.name##\n##lang.project.code## : ##project.code##\n##lang.project.manager## : ##project.manager##\n##lang.project.managergroup## : ##project.managergroup##\n##lang.project.creationdate## : ##project.creationdate##\n##lang.project.priority## : ##project.priority##\n##lang.project.state## : ##project.state##\n##lang.project.type## : ##project.type##\n##lang.project.description## : ##project.description##\n\n##lang.project.numberoftasks## : ##project.numberoftasks##\n\n\n\n##FOREACHtasks##\n\n[##task.creationdate##]\n##lang.task.name## : ##task.name##\n##lang.task.state## : ##task.state##\n##lang.task.type## : ##task.type##\n##lang.task.percent## : ##task.percent##\n##lang.task.description## : ##task.description##\n\n##ENDFOREACHtasks##','&lt;p&gt;##lang.project.url## : &lt;a href=\"##project.url##\"&gt;##project.url##&lt;/a&gt;&lt;/p&gt;\n&lt;p&gt;&lt;strong&gt;##lang.project.description##&lt;/strong&gt;&lt;/p&gt;\n&lt;p&gt;##lang.project.name## : ##project.name##&lt;br /&gt;##lang.project.code## : ##project.code##&lt;br /&gt; ##lang.project.manager## : ##project.manager##&lt;br /&gt;##lang.project.managergroup## : ##project.managergroup##&lt;br /&gt; ##lang.project.creationdate## : ##project.creationdate##&lt;br /&gt;##lang.project.priority## : ##project.priority## &lt;br /&gt;##lang.project.state## : ##project.state##&lt;br /&gt;##lang.project.type## : ##project.type##&lt;br /&gt;##lang.project.description## : ##project.description##&lt;/p&gt;\n&lt;p&gt;##lang.project.numberoftasks## : ##project.numberoftasks##&lt;/p&gt;\n&lt;div&gt;\n&lt;p&gt;##FOREACHtasks##&lt;/p&gt;\n&lt;div&gt;&lt;strong&gt;[##task.creationdate##] &lt;/strong&gt;&lt;br /&gt; ##lang.task.name## : ##task.name##&lt;br /&gt;##lang.task.state## : ##task.state##&lt;br /&gt;##lang.task.type## : ##task.type##&lt;br /&gt;##lang.task.percent## : ##task.percent##&lt;br /&gt;##lang.task.description## : ##task.description##&lt;/div&gt;\n&lt;p&gt;##ENDFOREACHtasks##&lt;/p&gt;\n&lt;/div&gt;'),(22,22,'','##projecttask.action## ##projecttask.name##','##lang.projecttask.url## : ##projecttask.url##\n\n##lang.projecttask.description##\n\n##lang.projecttask.name## : ##projecttask.name##\n##lang.projecttask.project## : ##projecttask.project##\n##lang.projecttask.creationdate## : ##projecttask.creationdate##\n##lang.projecttask.state## : ##projecttask.state##\n##lang.projecttask.type## : ##projecttask.type##\n##lang.projecttask.description## : ##projecttask.description##\n\n##lang.projecttask.numberoftasks## : ##projecttask.numberoftasks##\n\n\n\n##FOREACHtasks##\n\n[##task.creationdate##]\n##lang.task.name## : ##task.name##\n##lang.task.state## : ##task.state##\n##lang.task.type## : ##task.type##\n##lang.task.percent## : ##task.percent##\n##lang.task.description## : ##task.description##\n\n##ENDFOREACHtasks##','&lt;p&gt;##lang.projecttask.url## : &lt;a href=\"##projecttask.url##\"&gt;##projecttask.url##&lt;/a&gt;&lt;/p&gt;\n&lt;p&gt;&lt;strong&gt;##lang.projecttask.description##&lt;/strong&gt;&lt;/p&gt;\n&lt;p&gt;##lang.projecttask.name## : ##projecttask.name##&lt;br /&gt;##lang.projecttask.project## : &lt;a href=\"##projecttask.projecturl##\"&gt;##projecttask.project##&lt;/a&gt;&lt;br /&gt;##lang.projecttask.creationdate## : ##projecttask.creationdate##&lt;br /&gt;##lang.projecttask.state## : ##projecttask.state##&lt;br /&gt;##lang.projecttask.type## : ##projecttask.type##&lt;br /&gt;##lang.projecttask.description## : ##projecttask.description##&lt;/p&gt;\n&lt;p&gt;##lang.projecttask.numberoftasks## : ##projecttask.numberoftasks##&lt;/p&gt;\n&lt;div&gt;\n&lt;p&gt;##FOREACHtasks##&lt;/p&gt;\n&lt;div&gt;&lt;strong&gt;[##task.creationdate##] &lt;/strong&gt;&lt;br /&gt;##lang.task.name## : ##task.name##&lt;br /&gt;##lang.task.state## : ##task.state##&lt;br /&gt;##lang.task.type## : ##task.type##&lt;br /&gt;##lang.task.percent## : ##task.percent##&lt;br /&gt;##lang.task.description## : ##task.description##&lt;/div&gt;\n&lt;p&gt;##ENDFOREACHtasks##&lt;/p&gt;\n&lt;/div&gt;'),(23,23,'','##objectlock.action##','##objectlock.type## ###objectlock.id## - ##objectlock.name##\n\n      ##lang.objectlock.url##\n      ##objectlock.url##\n\n      ##lang.objectlock.date_mod##\n      ##objectlock.date_mod##\n\n      Hello ##objectlock.lockedby.firstname##,\n      Could go to this item and unlock it for me?\n      Thank you,\n      Regards,\n      ##objectlock.requester.firstname##','&lt;table&gt;\n      &lt;tbody&gt;\n      &lt;tr&gt;&lt;th colspan=\"2\"&gt;&lt;a href=\"##objectlock.url##\"&gt;##objectlock.type## ###objectlock.id## - ##objectlock.name##&lt;/a&gt;&lt;/th&gt;&lt;/tr&gt;\n      &lt;tr&gt;\n      &lt;td&gt;##lang.objectlock.url##&lt;/td&gt;\n      &lt;td&gt;##objectlock.url##&lt;/td&gt;\n      &lt;/tr&gt;\n      &lt;tr&gt;\n      &lt;td&gt;##lang.objectlock.date_mod##&lt;/td&gt;\n      &lt;td&gt;##objectlock.date_mod##&lt;/td&gt;\n      &lt;/tr&gt;\n      &lt;/tbody&gt;\n      &lt;/table&gt;\n      &lt;p&gt;&lt;span style=\"font-size: small;\"&gt;Hello ##objectlock.lockedby.firstname##,&lt;br /&gt;Could go to this item and unlock it for me?&lt;br /&gt;Thank you,&lt;br /&gt;Regards,&lt;br /&gt;##objectlock.requester.firstname## ##objectlock.requester.lastname##&lt;/span&gt;&lt;/p&gt;'),(24,24,'','##savedsearch.action## ##savedsearch.name##','##savedsearch.type## ###savedsearch.id## - ##savedsearch.name##\n\n      ##savedsearch.message##\n\n      ##lang.savedsearch.url##\n      ##savedsearch.url##\n\n      Regards,','&lt;table&gt;\n      &lt;tbody&gt;\n      &lt;tr&gt;&lt;th colspan=\"2\"&gt;&lt;a href=\"##savedsearch.url##\"&gt;##savedsearch.type## ###savedsearch.id## - ##savedsearch.name##&lt;/a&gt;&lt;/th&gt;&lt;/tr&gt;\n      &lt;tr&gt;&lt;td colspan=\"2\"&gt;&lt;a href=\"##savedsearch.url##\"&gt;##savedsearch.message##&lt;/a&gt;&lt;/td&gt;&lt;/tr&gt;\n      &lt;tr&gt;\n      &lt;td&gt;##lang.savedsearch.url##&lt;/td&gt;\n      &lt;td&gt;##savedsearch.url##&lt;/td&gt;\n      &lt;/tr&gt;\n      &lt;/tbody&gt;\n      &lt;/table&gt;\n      &lt;p&gt;&lt;span style=\"font-size: small;\"&gt;Hello &lt;br /&gt;Regards,&lt;/span&gt;&lt;/p&gt;'),(25,25,'','##certificate.action##  ##certificate.entity##','##lang.certificate.entity## : ##certificate.entity##\n\n##FOREACHcertificates##\n\n##lang.certificate.serial## : ##certificate.serial##\n\n##lang.certificate.expirationdate## : ##certificate.expirationdate##\n\n##certificate.url##\n ##ENDFOREACHcertificates##','&lt;p&gt;\n##lang.certificate.entity## : ##certificate.entity##&lt;br /&gt;\n##FOREACHcertificates##\n&lt;br /&gt;##lang.certificate.name## : ##certificate.name##&lt;br /&gt;\n##lang.certificate.serial## : ##certificate.serial##&lt;br /&gt;\n##lang.certificate.expirationdate## : ##certificate.expirationdate##\n&lt;br /&gt; &lt;a href=\"##certificate.url##\"&gt; ##certificate.url##\n&lt;/a&gt;&lt;br /&gt; ##ENDFOREACHcertificates##&lt;/p&gt;'),(26,26,'','##domain.action## : ##domain.entity##','##lang.domain.entity## :##domain.entity##\n   ##FOREACHdomains##\n   ##lang.domain.name## : ##domain.name## - ##lang.domain.dateexpiration## : ##domain.dateexpiration##\n   ##ENDFOREACHdomains##','&lt;p&gt;##lang.domain.entity## :##domain.entity##&lt;br /&gt; &lt;br /&gt;\n                        ##FOREACHdomains##&lt;br /&gt;\n                        ##lang.domain.name##  : ##domain.name## - ##lang.domain.dateexpiration## :  ##domain.dateexpiration##&lt;br /&gt;\n                        ##ENDFOREACHdomains##&lt;/p&gt;'),(27,27,'','##user.action##','##user.realname## ##user.firstname##,\n\n##IFuser.password.has_expired=1##\n##lang.password.has_expired.information##\n##ENDIFuser.password.has_expired##\n##ELSEuser.password.has_expired##\n##lang.password.expires_soon.information##\n##ENDELSEuser.password.has_expired##\n##lang.user.password.expiration.date##: ##user.password.expiration.date##\n##IFuser.account.lock.date##\n##lang.user.account.lock.date##: ##user.account.lock.date##\n##ENDIFuser.account.lock.date##\n\n##password.update.link## ##user.password.update.url##','&lt;p&gt;&lt;strong&gt;##user.realname## ##user.firstname##&lt;/strong&gt;&lt;/p&gt;\n\n##IFuser.password.has_expired=1##\n&lt;p&gt;##lang.password.has_expired.information##&lt;/p&gt;\n##ENDIFuser.password.has_expired##\n##ELSEuser.password.has_expired##\n&lt;p&gt;##lang.password.expires_soon.information##&lt;/p&gt;\n##ENDELSEuser.password.has_expired##\n&lt;p&gt;##lang.user.password.expiration.date##: ##user.password.expiration.date##&lt;/p&gt;\n##IFuser.account.lock.date##\n&lt;p&gt;##lang.user.account.lock.date##: ##user.account.lock.date##&lt;/p&gt;\n##ENDIFuser.account.lock.date##\n\n&lt;p&gt;##lang.password.update.link## &lt;a href=\"##user.password.update.url##\"&gt;##user.password.update.url##&lt;/a&gt;&lt;/p&gt;'),(28,28,'','##lang.plugins_updates_available##','##lang.plugins_updates_available##\n\n##FOREACHplugins##\n##plugin.name## :##plugin.old_version## -&gt; ##plugin.version##\n##ENDFOREACHplugins##','&lt;p&gt;##lang.plugins_updates_available##&lt;/p&gt;\n&lt;ul&gt;##FOREACHplugins##\n&lt;li&gt;##plugin.name## :##plugin.old_version## -&gt; ##plugin.version##&lt;/li&gt;\n##ENDFOREACHplugins##&lt;/ul&gt;'),(29,29,'','##lang.notimported.action## : ##notimported.entity##','\r\n\n##lang.notimported.action## :&#160;##notimported.entity##\n\n##FOREACHnotimported##&#160;\n##lang.notimported.reason## : ##notimported.reason##\n##lang.notimported.name## : ##notimported.name##\n##lang.notimported.deviceid## : ##notimported.deviceid##\n##lang.notimported.tag## : ##notimported.tag##\n##lang.notimported.serial## : ##notimported.serial## \r\n\n ##notimported.url## \n##ENDFOREACHnotimported## \r\n','&lt;p&gt;##lang.notimported.action## :&#160;##notimported.entity##&lt;br /&gt;&lt;br /&gt;##FOREACHnotimported##&#160;&lt;br /&gt;##lang.notimported.reason## : ##notimported.reason##&lt;br /&gt;##lang.notimported.name## : ##notimported.name##&lt;br /&gt;##lang.notimported.deviceid## : ##notimported.deviceid##&lt;br /&gt;##lang.notimported.tag## : ##notimported.tag##&lt;br /&gt;##lang.notimported.serial## : ##notimported.serial##&lt;/p&gt;\r\n&lt;p&gt;&lt;a href=\"##notimported.url##\"&gt;##notimported.url##&lt;/a&gt;&lt;br /&gt;##ENDFOREACHnotimported##&lt;/p&gt;'),(30,30,'','[##checkruleimportentity.date##] ##checkruleimportentity.title## : ##checkruleimportentity.entity##','##FOREACHcheckruleimportentityitems##\n##lang.checkruleimportentity.entity## : ##checkruleimportentity.entity##\n##lang.checkruleimportentity.computer## : ##checkruleimportentity.computer##\n##lang.checkruleimportentity.location## : ##checkruleimportentity.location##\n##lang.checkruleimportentity.error## : ##checkruleimportentity.error##\n##lang.checkruleimportentity.dataerror## : ##checkruleimportentity.dataerror##\n##lang.checkruleimportentity.name_rule## ##checkruleimportentity.name_rule##\n##ENDFOREACHcheckruleimportentityitems##','&lt;table class=\"tab_cadre\" border=\"1\" cellspacing=\"2\" cellpadding=\"3\"&gt;\n&lt;tbody&gt;\n&lt;tr&gt;\n&lt;td style=\"text-align: left;\" bgcolor=\"#cccccc\"&gt;&lt;span style=\"font-family: Verdana; font-size: 11px; text-align: left;\"&gt;##lang.checkruleimportentity.entity##&lt;/span&gt;&lt;/td&gt;\n&lt;td style=\"text-align: left;\" bgcolor=\"#cccccc\"&gt;&lt;span style=\"font-family: Verdana; font-size: 11px; text-align: left;\"&gt;##lang.checkruleimportentity.computer##&lt;/span&gt;&lt;/td&gt;\n&lt;td style=\"text - align: left;\" bgcolor=\"#cccccc\"&gt;&lt;span style=\"font-family: Verdana; font-size: 11px; text-align: left;\"&gt;##lang.checkruleimportentity.location##&lt;/span&gt;&lt;/td&gt;\n&lt;td style=\"text-align: left;\" bgcolor=\"#cccccc\"&gt;&lt;span style=\"font-family: Verdana; font-size: 11px; text-align: left;\"&gt;##lang.checkruleimportentity.error##&lt;/span&gt;&lt;/td&gt;\n&lt;td style=\"text-align: left;\" bgcolor=\"#cccccc\"&gt;&lt;span style=\"font-family: Verdana; font-size: 11px; text-align: left;\"&gt;##lang.checkruleimportentity.dataerror##&lt;/span&gt;&lt;/td&gt;\n&lt;td style=\"text-align: left;\" bgcolor=\"#cccccc\"&gt;&lt;span style=\"font-family: Verdana; font-size: 11px; text-align: left;\"&gt;##lang.checkruleimportentity.name_rule##&lt;/span&gt;&lt;/td&gt;\n&lt;/tr&gt;\n##FOREACHcheckruleimportentityitems##\n&lt;tr&gt;\n&lt;td&gt;&lt;span style=\"font-family: Verdana; font-size: 11px; text-align: left;\"&gt;##checkruleimportentity.entity##&lt;/span&gt;&lt;/td&gt;\n&lt;td&gt;&lt;a href=\"##checkruleimportentity.url##\" target=\"_blank\"&gt;&lt;span style=\"font-family: Verdana; font-size: 11px; text-align: left;\"&gt;##checkruleimportentity.computer##&lt;/span&gt;&lt;/a&gt;&lt;/td&gt;\n&lt;td&gt;&lt;span style=\"font-family: Verdana; font-size: 11px; text-align: left;\"&gt;##checkruleimportentity.location##&lt;/span&gt;&lt;/td&gt;\n&lt;td&gt;&lt;span style=\"font-family: Verdana; font-size: 11px; text-align: left;\"&gt;##checkruleimportentity.error##&lt;/span&gt;&lt;/td&gt;\n&lt;td&gt;&lt;span style=\"font-family: Verdana; font-size: 11px; text-align: left;\"&gt;##checkruleimportentity.dataerror##&lt;/span&gt;&lt;/td&gt;\n&lt;td&gt;&lt;a href=\"##checkruleimportentity.url_rule##\" target=\"_blank\"&gt;&lt;span style=\"font-family: Verdana; font-size: 11px; text-align: left;\"&gt;##checkruleimportentity.name_rule##&lt;/span&gt;&lt;/a&gt;&lt;/td&gt;\n&lt;/tr&gt;\n##ENDFOREACHcheckruleimportentityitems##\n&lt;/tbody&gt;\n&lt;/table&gt;'),(31,31,'','##lang.ocsmachine.title## : ##ocsmachine.entity##','##FOREACHocsmachines##\n   ##lang.ocsmachine.name## : ##ocsmachine.name##\n   ##lang.ocsmachine.operatingsystem## : ##ocsmachine.operatingsystem##\n   ##lang.ocsmachine.state## : ##ocsmachine.state##\n   ##lang.ocsmachine.location## : ##ocsmachine.location##\n   ##lang.ocsmachine.user## : ##ocsmachine.user## / ##lang.ocsmachine.group## : ##ocsmachine.group## / ##lang.ocsmachine.contact## : ##ocsmachine.contact##\n   ##lang.ocsmachine.lastocsupdate## : ##ocsmachine.lastocsupdate##\n   ##lang.ocsmachine.lastupdate## : ##ocsmachine.lastupdate##\n   ##lang.ocsmachine.ocsserver## : ##ocsmachine.ocsserver##\n   ##ENDFOREACHocsmachines##','&lt;table class=\"tab_cadre\" border=\"1\" cellspacing=\"2\" cellpadding=\"3\"&gt;\n   &lt;tbody&gt;\n   &lt;tr&gt;\n   &lt;td style=\"text-align: left;\" bgcolor=\"#cccccc\"&gt;&lt;span style=\"font-family: Verdana; font-size: 11px; text-align: left;\"&gt;##lang.ocsmachine.name##&lt;/span&gt;&lt;/td&gt;\n   &lt;td style=\"text-align: left;\" bgcolor=\"#cccccc\"&gt;&lt;span style=\"font-family: Verdana; font-size: 11px; text-align: left;\"&gt;##lang.ocsmachine.operatingsystem##&lt;/span&gt;&lt;/td&gt;\n   &lt;td style=\"text-align: left;\" bgcolor=\"#cccccc\"&gt;&lt;span style=\"font-family: Verdana; font-size: 11px; text-align: left;\"&gt;##lang.ocsmachine.state##&lt;/span&gt;&lt;/td&gt;\n   &lt;td style=\"text-align: left;\" bgcolor=\"#cccccc\"&gt;&lt;span style=\"font-family: Verdana; font-size: 11px; text-align: left;\"&gt;##lang.ocsmachine.location##&lt;/span&gt;&lt;/td&gt;\n   &lt;td style=\"text-align: left;\" bgcolor=\"#cccccc\"&gt;&lt;span style=\"font-family: Verdana; font-size: 11px; text-align: left;\"&gt;##lang.ocsmachine.user##&lt;/span&gt;&lt;/td&gt;\n   &lt;td style=\"text-align: left;\" bgcolor=\"#cccccc\"&gt;&lt;span style=\"font-family: Verdana; font-size: 11px; text-align: left;\"&gt;##lang.ocsmachine.lastocsupdate##&lt;/span&gt;&lt;/td&gt;\n   &lt;td style=\"text-align: left;\" bgcolor=\"#cccccc\"&gt;&lt;span style=\"font-family: Verdana; font-size: 11px; text-align: left;\"&gt;##lang.ocsmachine.lastupdate##&lt;/span&gt;&lt;/td&gt;\n   &lt;td style=\"text-align: left;\" bgcolor=\"#cccccc\"&gt;&lt;span style=\"font-family: Verdana; font-size: 11px; text-align: left;\"&gt;##lang.ocsmachine.ocsserver##&lt;/span&gt;&lt;/td&gt;\n   &lt;/tr&gt;\n   ##FOREACHocsmachines##\n   &lt;tr&gt;\n   &lt;td&gt;&lt;a href=\"##ocsmachine.urlname##\"&gt;&lt;span style=\"font-family: Verdana; font-size: 11px; text-align: left;\"&gt;##ocsmachine.name##&lt;/span&gt;&lt;/a&gt;&lt;/td&gt;\n   &lt;td&gt;&lt;span style=\"font-family: Verdana; font-size: 11px; text-align: left;\"&gt;##ocsmachine.operatingsystem##&lt;/span&gt;&lt;/td&gt;\n   &lt;td&gt;&lt;span style=\"font-family: Verdana; font-size: 11px; text-align: left;\"&gt;##ocsmachine.state##&lt;/span&gt;&lt;/td&gt;\n   &lt;td&gt;&lt;span style=\"font-family: Verdana; font-size: 11px; text-align: left;\"&gt;##ocsmachine.location##&lt;/span&gt;&lt;/td&gt;\n   &lt;td&gt;##IFocsmachine.user##&lt;a href=\"##ocsmachine.urluser##\"&gt;&lt;span style=\"font-family: Verdana; font-size: 11px; text-align: left;\"&gt;##ocsmachine.user##&lt;/span&gt;&lt;/a&gt; / ##ENDIFocsmachine.user####IFocsmachine.group##&lt;a href=\"##ocsmachine.urlgroup##\"&gt;&lt;span style=\"font-family: Verdana; font-size: 11px; text-align: left;\"&gt;##ocsmachine.group##&lt;/span&gt;&lt;/a&gt; / ##ENDIFocsmachine.group####IFocsmachine.contact##&lt;span style=\"font-family: Verdana; font-size: 11px; text-align: left;\"&gt;##ocsmachine.contact####ENDIFocsmachine.contact##&lt;/span&gt;&lt;/td&gt;\n   &lt;td&gt;&lt;span style=\"font-family: Verdana; font-size: 11px; text-align: left;\"&gt;##ocsmachine.lastocsupdate##&lt;/span&gt;&lt;/td&gt;\n   &lt;td&gt;&lt;span style=\"font-family: Verdana; font-size: 11px; text-align: left;\"&gt;##ocsmachine.lastupdate##&lt;/span&gt;&lt;/td&gt;\n   &lt;td&gt;&lt;span style=\"font-family: Verdana; font-size: 11px; text-align: left;\"&gt;##ocsmachine.ocsserver##&lt;/span&gt;&lt;/td&gt;\n   &lt;/tr&gt;\n   ##ENDFOREACHocsmachines##\n   &lt;/tbody&gt;\n   &lt;/table&gt;');

--
