(8502791,9,8502790,'2023-08-04 15:08:01',1,0.060364,0,'Collect mails from suporte@direitofranca.br ({imap.gmail.com:993/imap/ssl/novalidate-cert/notls/debug})\n'),(8502792,9,8502790,'2023-08-04 15:08:01',1,1.75039,0,'Número de mensagens: disponível= 0 ,atualmente importado= 0 ,recuperado= 0,recusado= 0, erros=0,lista negra= 0\n'),(8502793,9,8502790,'2023-08-04 15:08:01',2,2.01816,0,'Action completed, no processing required'),(8502794,13,0,'2023-08-04 15:08:01',0,0,0,'Run mode: CLI'),(8502795,13,8502794,'2023-08-04 15:08:01',2,0.00860214,0,'Action completed, no processing required'),(8502796,20,0,'2023-08-04 15:08:01',0,0,0,'Run mode: CLI'),(8502797,20,8502796,'2023-08-04 15:08:01',2,0.00899506,0,'Action completed, no processing required'),(8502798,22,0,'2023-08-04 15:08:01',0,0,0,'Run mode: CLI'),(8502799,22,8502798,'2023-08-04 15:08:01',2,0.018635,0,'Action completed, no processing required'),(8502800,23,0,'2023-08-04 15:08:01',0,0,0,'Run mode: CLI'),(8502801,23,8502800,'2023-08-04 15:08:01',2,0.00981688,0,'Action completed, no processing required'),(8502802,9,0,'2023-08-04 15:09:01',0,0,0,'Run mode: CLI'),(8502803,9,8502802,'2023-08-04 15:09:01',1,0.0882468,0,'Collect mails from suporte@direitofranca.br ({imap.gmail.com:993/imap/ssl/novalidate-cert/notls/debug})\n'),(8502804,9,8502802,'2023-08-04 15:09:01',1,1.59487,0,'Número de mensagens: disponível= 0 ,atualmente importado= 0 ,recuperado= 0,recusado= 0, erros=0,lista negra= 0\n'),(8502805,9,8502802,'2023-08-04 15:09:01',2,1.83415,0,'Action completed, no processing required'),(8502806,13,0,'2023-08-04 15:09:01',0,0,0,'Run mode: CLI'),(8502807,13,8502806,'2023-08-04 15:09:01',2,0.00929713,0,'Action completed, no processing required'),(8502808,20,0,'2023-08-04 15:09:01',0,0,0,'Run mode: CLI'),(8502809,20,8502808,'2023-08-04 15:09:01',2,0.0079639,0,'Action completed, no processing required'),(8502810,22,0,'2023-08-04 15:09:01',0,0,0,'Run mode: CLI'),(8502811,22,8502810,'2023-08-04 15:09:01',2,0.016783,0,'Action completed, no processing required'),(8502812,23,0,'2023-08-04 15:09:01',0,0,0,'Run mode: CLI'),(8502813,23,8502812,'2023-08-04 15:09:01',2,0.00968289,0,'Action completed, no processing required'),(8502814,9,0,'2023-08-04 15:10:01',0,0,0,'Run mode: CLI'),(8502815,9,8502814,'2023-08-04 15:10:01',1,0.0575891,0,'Collect mails from suporte@direitofranca.br ({imap.gmail.com:993/imap/ssl/novalidate-cert/notls/debug})\n'),(8502816,9,8502814,'2023-08-04 15:10:01',1,1.62892,0,'Número de mensagens: disponível= 0 ,atualmente importado= 0 ,recuperado= 0,recusado= 0, erros=0,lista negra= 0\n'),(8502817,9,8502814,'2023-08-04 15:10:01',2,1.86458,0,'Action completed, no processing required'),(8502818,13,0,'2023-08-04 15:10:01',0,0,0,'Run mode: CLI'),(8502819,13,8502818,'2023-08-04 15:10:01',2,0.00945401,0,'Action completed, no processing required'),(8502820,20,0,'2023-08-04 15:10:01',0,0,0,'Run mode: CLI'),(8502821,20,8502820,'2023-08-04 15:10:01',2,0.00915599,0,'Action completed, no processing required'),(8502822,22,0,'2023-08-04 15:10:01',0,0,0,'Run mode: CLI'),(8502823,22,8502822,'2023-08-04 15:10:01',2,0.0170491,0,'Action completed, no processing required'),(8502824,23,0,'2023-08-04 15:10:01',0,0,0,'Run mode: CLI'),(8502825,23,8502824,'2023-08-04 15:10:01',2,0.00958395,0,'Action completed, no processing required'),(8502826,9,0,'2023-08-04 15:11:01',0,0,0,'Run mode: CLI'),(8502827,9,8502826,'2023-08-04 15:11:01',1,0.0620642,0,'Collect mails from suporte@direitofranca.br ({imap.gmail.com:993/imap/ssl/novalidate-cert/notls/debug})\n'),(8502828,9,8502826,'2023-08-04 15:11:01',1,1.53382,0,'Número de mensagens: disponível= 0 ,atualmente importado= 0 ,recuperado= 0,recusado= 0, erros=0,lista negra= 0\n'),(8502829,9,8502826,'2023-08-04 15:11:01',2,1.75659,0,'Action completed, no processing required'),(8502830,13,0,'2023-08-04 15:11:01',0,0,0,'Run mode: CLI'),(8502831,13,8502830,'2023-08-04 15:11:01',2,0.00671005,0,'Action completed, no processing required'),(8502832,20,0,'2023-08-04 15:11:01',0,0,0,'Run mode: CLI'),(8502833,20,8502832,'2023-08-04 15:11:01',2,0.00941706,0,'Action completed, no processing required'),(8502834,22,0,'2023-08-04 15:11:01',0,0,0,'Run mode: CLI'),(8502835,22,8502834,'2023-08-04 15:11:01',2,0.0172431,0,'Action completed, no processing required'),(8502836,23,0,'2023-08-04 15:11:01',0,0,0,'Run mode: CLI'),(8502837,23,8502836,'2023-08-04 15:11:01',2,0.00963402,0,'Action completed, no processing required'),(8502838,9,0,'2023-08-04 15:12:01',0,0,0,'Run mode: CLI'),(8502839,9,8502838,'2023-08-04 15:12:01',1,0.060427,0,'Collect mails from suporte@direitofranca.br ({imap.gmail.com:993/imap/ssl/novalidate-cert/notls/debug})\n'),(8502840,9,8502838,'2023-08-04 15:12:01',1,1.50556,0,'Número de mensagens: disponível= 0 ,atualmente importado= 0 ,recuperado= 0,recusado= 0, erros=0,lista negra= 0\n'),(8502841,9,8502838,'2023-08-04 15:12:01',2,1.74641,0,'Action completed, no processing required'),(8502842,13,0,'2023-08-04 15:12:01',0,0,0,'Run mode: CLI'),(8502843,13,8502842,'2023-08-04 15:12:01',2,0.00914192,0,'Action completed, no processing required'),(8502844,20,0,'2023-08-04 15:12:01',0,0,0,'Run mode: CLI'),(8502845,20,8502844,'2023-08-04 15:12:01',2,0.00900197,0,'Action completed, no processing required'),(8502846,22,0,'2023-08-04 15:12:01',0,0,0,'Run mode: CLI'),(8502847,22,8502846,'2023-08-04 15:12:01',2,0.0169311,0,'Action completed, no processing required'),(8502848,23,0,'2023-08-04 15:12:01',0,0,0,'Run mode: CLI'),(8502849,23,8502848,'2023-08-04 15:12:01',2,0.00907421,0,'Action completed, no processing required'),(8502850,25,0,'2023-08-04 15:12:01',0,0,0,'Run mode: CLI'),(8502851,25,8502850,'2023-08-04 15:12:01',2,0.00872493,0,'Action completed, no processing required'),(8502852,9,0,'2023-08-04 15:13:01',0,0,0,'Run mode: CLI'),(8502853,9,8502852,'2023-08-04 15:13:01',1,0.0588889,0,'Collect mails from suporte@direitofranca.br ({imap.gmail.com:993/imap/ssl/novalidate-cert/notls/debug})\n'),(8502854,9,8502852,'2023-08-04 15:13:01',1,1.53845,0,'Número de mensagens: disponível= 0 ,atualmente importado= 0 ,recuperado= 0,recusado= 0, erros=0,lista negra= 0\n'),(8502855,9,8502852,'2023-08-04 15:13:01',2,1.76939,0,'Action completed, no processing required'),(8502856,13,0,'2023-08-04 15:13:01',0,0,0,'Run mode: CLI'),(8502857,13,8502856,'2023-08-04 15:13:01',2,0.00693083,0,'Action completed, no processing required'),(8502858,20,0,'2023-08-04 15:13:01',0,0,0,'Run mode: CLI'),(8502859,20,8502858,'2023-08-04 15:13:01',2,0.00797701,0,'Action completed, no processing required'),(8502860,22,0,'2023-08-04 15:13:01',0,0,0,'Run mode: CLI'),(8502861,22,8502860,'2023-08-04 15:13:01',2,0.010937,0,'Action completed, no processing required'),(8502862,23,0,'2023-08-04 15:13:01',0,0,0,'Run mode: CLI'),(8502863,23,8502862,'2023-08-04 15:13:01',2,0.010339,0,'Action completed, no processing required'),(8502864,9,0,'2023-08-04 15:14:01',0,0,0,'Run mode: CLI'),(8502865,9,8502864,'2023-08-04 15:14:01',1,0.062043,0,'Collect mails from suporte@direitofranca.br ({imap.gmail.com:993/imap/ssl/novalidate-cert/notls/debug})\n'),(8502866,9,8502864,'2023-08-04 15:14:01',1,1.46032,0,'Número de mensagens: disponível= 0 ,atualmente importado= 0 ,recuperado= 0,recusado= 0, erros=0,lista negra= 0\n'),(8502867,9,8502864,'2023-08-04 15:14:01',2,1.67763,0,'Action completed, no processing required'),(8502868,13,0,'2023-08-04 15:14:01',0,0,0,'Run mode: CLI'),(8502869,13,8502868,'2023-08-04 15:14:01',2,0.00826287,0,'Action completed, no processing required'),(8502870,20,0,'2023-08-04 15:14:01',0,0,0,'Run mode: CLI'),(8502871,20,8502870,'2023-08-04 15:14:01',2,0.0094471,0,'Action completed, no processing required'),(8502872,22,0,'2023-08-04 15:14:01',0,0,0,'Run mode: CLI'),(8502873,22,8502872,'2023-08-04 15:14:01',2,0.017978,0,'Action completed, no processing required'),(8502874,23,0,'2023-08-04 15:14:01',0,0,0,'Run mode: CLI'),(8502875,23,8502874,'2023-08-04 15:14:01',2,0.00947094,0,'Action completed, no processing required'),(8502876,9,0,'2023-08-04 15:15:01',0,0,0,'Run mode: CLI'),(8502877,9,8502876,'2023-08-04 15:15:01',1,0.062861,0,'Collect mails from suporte@direitofranca.br ({imap.gmail.com:993/imap/ssl/novalidate-cert/notls/debug})\n'),(8502878,9,8502876,'2023-08-04 15:15:01',1,1.44075,0,'Número de mensagens: disponível= 0 ,atualmente importado= 0 ,recuperado= 0,recusado= 0, erros=0,lista negra= 0\n'),(8502879,9,8502876,'2023-08-04 15:15:01',2,1.64757,0,'Action completed, no processing required'),(8502880,10,0,'2023-08-04 15:15:01',0,0,0,'Run mode: CLI'),(8502881,10,8502880,'2023-08-04 15:15:01',2,0.00834394,0,'Action completed, no processing required'),(8502882,13,0,'2023-08-04 15:15:01',0,0,0,'Run mode: CLI'),(8502883,13,8502882,'2023-08-04 15:15:01',2,0.0085721,0,'Action completed, no processing required'),(8502884,20,0,'2023-08-04 15:15:01',0,0,0,'Run mode: CLI'),(8502885,20,8502884,'2023-08-04 15:15:01',2,0.00991416,0,'Action completed, no processing required'),(8502886,22,0,'2023-08-04 15:15:01',0,0,0,'Run mode: CLI'),(8502887,22,8502886,'2023-08-04 15:15:01',2,0.0166521,0,'Action completed, no processing required'),(8502888,23,0,'2023-08-04 15:15:01',0,0,0,'Run mode: CLI'),(8502889,23,8502888,'2023-08-04 15:15:01',2,0.00909996,0,'Action completed, no processing required'),(8502890,24,0,'2023-08-04 15:15:01',0,0,0,'Run mode: CLI'),(8502891,24,8502890,'2023-08-04 15:15:01',2,0.00585198,0,'Action completed, no processing required'),(8502892,9,0,'2023-08-04 15:16:01',0,0,0,'Run mode: CLI'),(8502893,9,8502892,'2023-08-04 15:16:01',1,0.058229,0,'Collect mails from suporte@direitofranca.br ({imap.gmail.com:993/imap/ssl/novalidate-cert/notls/debug})\n'),(8502894,9,8502892,'2023-08-04 15:16:01',1,1.48305,0,'Número de mensagens: disponível= 0 ,atualmente importado= 0 ,recuperado= 0,recusado= 0, erros=0,lista negra= 0\n'),(8502895,9,8502892,'2023-08-04 15:16:01',2,1.72045,0,'Action completed, no processing required'),(8502896,13,0,'2023-08-04 15:16:01',0,0,0,'Run mode: CLI'),(8502897,13,8502896,'2023-08-04 15:16:01',2,0.00984597,0,'Action completed, no processing required'),(8502898,20,0,'2023-08-04 15:16:01',0,0,0,'Run mode: CLI'),(8502899,20,8502898,'2023-08-04 15:16:01',2,0.00917506,0,'Action completed, no processing required'),(8502900,22,0,'2023-08-04 15:16:01',0,0,0,'Run mode: CLI'),(8502901,22,8502900,'2023-08-04 15:16:01',2,0.0169041,0,'Action completed, no processing required'),(8502902,23,0,'2023-08-04 15:16:01',0,0,0,'Run mode: CLI'),(8502903,23,8502902,'2023-08-04 15:16:01',2,0.0102251,0,'Action completed, no processing required'),(8502904,39,0,'2023-08-04 15:16:01',0,0,0,'Run mode: CLI'),(8502905,39,8502904,'2023-08-04 15:16:01',2,0.00688791,1,'Action completed, fully processed'),(8502906,9,0,'2023-08-04 15:17:01',0,0,0,'Run mode: CLI'),(8502907,9,8502906,'2023-08-04 15:17:01',1,0.0581172,0,'Collect mails from suporte@direitofranca.br ({imap.gmail.com:993/imap/ssl/novalidate-cert/notls/debug})\n'),(8502908,9,8502906,'2023-08-04 15:17:01',1,1.61503,0,'Número de mensagens: disponível= 0 ,atualmente importado= 0 ,recuperado= 0,recusado= 0, erros=0,lista negra= 0\n'),(8502909,9,8502906,'2023-08-04 15:17:01',2,1.86501,0,'Action completed, no processing required'),(8502910,13,0,'2023-08-04 15:17:01',0,0,0,'Run mode: CLI'),(8502911,13,8502910,'2023-08-04 15:17:01',2,0.00893211,0,'Action completed, no processing required'),(8502912,20,0,'2023-08-04 15:17:01',0,0,0,'Run mode: CLI'),(8502913,20,8502912,'2023-08-04 15:17:01',2,0.00902009,0,'Action completed, no processing required'),(8502914,22,0,'2023-08-04 15:17:01',0,0,0,'Run mode: CLI'),(8502915,22,8502914,'2023-08-04 15:17:01',2,0.016973,0,'Action completed, no processing required'),(8502916,23,0,'2023-08-04 15:17:01',0,0,0,'Run mode: CLI'),(8502917,23,8502916,'2023-08-04 15:17:01',2,0.0107989,0,'Action completed, no processing required'),(8502918,25,0,'2023-08-04 15:17:01',0,0,0,'Run mode: CLI'),(8502919,25,8502918,'2023-08-04 15:17:01',2,0.00838804,0,'Action completed, no processing required'),(8502920,46,0,'2023-08-04 15:17:01',0,0,0,'Run mode: CLI'),(8502921,46,8502920,'2023-08-04 15:17:01',2,0.013958,0,'Action completed, no processing required'),(8502922,9,0,'2023-08-04 15:18:01',0,0,0,'Run mode: CLI'),(8502923,9,8502922,'2023-08-04 15:18:01',1,0.057343,0,'Collect mails from suporte@direitofranca.br ({imap.gmail.com:993/imap/ssl/novalidate-cert/notls/debug})\n'),(8502924,9,8502922,'2023-08-04 15:18:01',1,1.5296,0,'Número de mensagens: disponível= 0 ,atualmente importado= 0 ,recuperado= 0,recusado= 0, erros=0,lista negra= 0\n'),(8502925,9,8502922,'2023-08-04 15:18:01',2,1.7762,0,'Action completed, no processing required'),(8502926,13,0,'2023-08-04 15:18:01',0,0,0,'Run mode: CLI'),(8502927,13,8502926,'2023-08-04 15:18:01',2,0.00845289,0,'Action completed, no processing required'),(8502928,20,0,'2023-08-04 15:18:01',0,0,0,'Run mode: CLI'),(8502929,20,8502928,'2023-08-04 15:18:01',2,0.010464,0,'Action completed, no processing required'),(8502930,22,0,'2023-08-04 15:18:01',0,0,0,'Run mode: CLI'),(8502931,22,8502930,'2023-08-04 15:18:01',2,0.0170538,0,'Action completed, no processing required'),(8502932,23,0,'2023-08-04 15:18:01',0,0,0,'Run mode: CLI'),(8502933,23,8502932,'2023-08-04 15:18:01',2,0.011169,0,'Action completed, no processing required'),(8502934,9,0,'2023-08-04 15:19:01',0,0,0,'Run mode: CLI'),(8502935,9,8502934,'2023-08-04 15:19:01',1,0.06159,0,'Collect mails from suporte@direitofranca.br ({imap.gmail.com:993/imap/ssl/novalidate-cert/notls/debug})\n'),(8502936,9,8502934,'2023-08-04 15:19:01',1,1.4987,0,'Número de mensagens: disponível= 0 ,atualmente importado= 0 ,recuperado= 0,recusado= 0, erros=0,lista negra= 0\n'),(8502937,9,8502934,'2023-08-04 15:19:01',2,1.72565,0,'Action completed, no processing required'),(8502938,13,0,'2023-08-04 15:19:01',0,0,0,'Run mode: CLI'),(8502939,13,8502938,'2023-08-04 15:19:01',2,0.00962019,0,'Action completed, no processing required'),(8502940,20,0,'2023-08-04 15:19:01',0,0,0,'Run mode: CLI'),(8502941,20,8502940,'2023-08-04 15:19:01',2,0.00695419,0,'Action completed, no processing required'),(8502942,22,0,'2023-08-04 15:19:01',0,0,0,'Run mode: CLI'),(8502943,22,8502942,'2023-08-04 15:19:01',2,0.0174859,0,'Action completed, no processing required'),(8502944,23,0,'2023-08-04 15:19:01',0,0,0,'Run mode: CLI'),(8502945,23,8502944,'2023-08-04 15:19:01',2,0.00969505,0,'Action completed, no processing required'),(8502946,9,0,'2023-08-04 15:20:01',0,0,0,'Run mode: CLI'),(8502947,9,8502946,'2023-08-04 15:20:01',1,0.0574341,0,'Collect mails from suporte@direitofranca.br ({imap.gmail.com:993/imap/ssl/novalidate-cert/notls/debug})\n'),(8502948,9,8502946,'2023-08-04 15:20:01',1,1.59668,0,'Número de mensagens: disponível= 0 ,atualmente importado= 0 ,recuperado= 0,recusado= 0, erros=0,lista negra= 0\n'),(8502949,9,8502946,'2023-08-04 15:20:01',2,1.8288,0,'Action completed, no processing required'),(8502950,13,0,'2023-08-04 15:20:01',0,0,0,'Run mode: CLI'),(8502951,13,8502950,'2023-08-04 15:20:01',2,0.00833797,0,'Action completed, no processing required'),(8502952,20,0,'2023-08-04 15:20:01',0,0,0,'Run mode: CLI'),(8502953,20,8502952,'2023-08-04 15:20:01',2,0.00903893,0,'Action completed, no processing required'),(8502954,22,0,'2023-08-04 15:20:01',0,0,0,'Run mode: CLI'),(8502955,22,8502954,'2023-08-04 15:20:01',2,0.016968,0,'Action completed, no processing required'),(8502956,23,0,'2023-08-04 15:20:01',0,0,0,'Run mode: CLI'),(8502957,23,8502956,'2023-08-04 15:20:01',2,0.00966907,0,'Action completed, no processing required'),(8502958,9,0,'2023-08-04 15:21:01',0,0,0,'Run mode: CLI'),(8502959,9,8502958,'2023-08-04 15:21:01',1,0.0624018,0,'Collect mails from suporte@direitofranca.br ({imap.gmail.com:993/imap/ssl/novalidate-cert/notls/debug})\n'),(8502960,9,8502958,'2023-08-04 15:21:01',1,1.55864,0,'Número de mensagens: disponível= 0 ,atualmente importado= 0 ,recuperado= 0,recusado= 0, erros=0,lista negra= 0\n'),(8502961,9,8502958,'2023-08-04 15:21:01',2,1.79431,0,'Action completed, no processing required'),(8502962,13,0,'2023-08-04 15:21:01',0,0,0,'Run mode: CLI'),(8502963,13,8502962,'2023-08-04 15:21:01',2,0.00852203,0,'Action completed, no processing required'),(8502964,20,0,'2023-08-04 15:21:01',0,0,0,'Run mode: CLI'),(8502965,20,8502964,'2023-08-04 15:21:01',2,0.00890207,0,'Action completed, no processing required'),(8502966,22,0,'2023-08-04 15:21:01',0,0,0,'Run mode: CLI'),(8502967,22,8502966,'2023-08-04 15:21:01',2,0.0172019,0,'Action completed, no processing required'),(8502968,23,0,'2023-08-04 15:21:01',0,0,0,'Run mode: CLI'),(8502969,23,8502968,'2023-08-04 15:21:01',2,0.0101781,0,'Action completed, no processing required'),(8502970,9,0,'2023-08-04 15:22:01',0,0,0,'Run mode: CLI'),(8502971,9,8502970,'2023-08-04 15:22:01',1,0.058748,0,'Collect mails from suporte@direitofranca.br ({imap.gmail.com:993/imap/ssl/novalidate-cert/notls/debug})\n'),(8502972,9,8502970,'2023-08-04 15:22:01',1,1.44485,0,'Número de mensagens: disponível= 0 ,atualmente importado= 0 ,recuperado= 0,recusado= 0, erros=0,lista negra= 0\n'),(8502973,9,8502970,'2023-08-04 15:22:01',2,1.66699,0,'Action completed, no processing required'),(8502974,13,0,'2023-08-04 15:22:01',0,0,0,'Run mode: CLI'),(8502975,13,8502974,'2023-08-04 15:22:01',2,0.00972605,0,'Action completed, no processing required'),(8502976,20,0,'2023-08-04 15:22:01',0,0,0,'Run mode: CLI'),(8502977,20,8502976,'2023-08-04 15:22:01',2,0.00873399,0,'Action completed, no processing required'),(8502978,22,0,'2023-08-04 15:22:01',0,0,0,'Run mode: CLI'),(8502979,22,8502978,'2023-08-04 15:22:01',2,0.0159881,0,'Action completed, no processing required'),(8502980,23,0,'2023-08-04 15:22:01',0,0,0,'Run mode: CLI'),(8502981,23,8502980,'2023-08-04 15:22:01',2,0.0071609,0,'Action completed, no processing required'),(8502982,25,0,'2023-08-04 15:22:01',0,0,0,'Run mode: CLI'),(8502983,25,8502982,'2023-08-04 15:22:01',2,0.0065639,0,'Action completed, no processing required'),(8502984,9,0,'2023-08-04 15:23:01',0,0,0,'Run mode: CLI'),(8502985,9,8502984,'2023-08-04 15:23:01',1,0.0598421,0,'Collect mails from suporte@direitofranca.br ({imap.gmail.com:993/imap/ssl/novalidate-cert/notls/debug})\n'),(8502986,9,8502984,'2023-08-04 15:23:01',1,1.61067,0,'Número de mensagens: disponível= 0 ,atualmente importado= 0 ,recuperado= 0,recusado= 0, erros=0,lista negra= 0\n'),(8502987,9,8502984,'2023-08-04 15:23:01',2,1.86041,0,'Action completed, no processing required'),(8502988,13,0,'2023-08-04 15:23:01',0,0,0,'Run mode: CLI'),(8502989,13,8502988,'2023-08-04 15:23:01',2,0.00865889,0,'Action completed, no processing required'),(8502990,20,0,'2023-08-04 15:23:01',0,0,0,'Run mode: CLI'),(8502991,20,8502990,'2023-08-04 15:23:01',2,0.0100379,0,'Action completed, no processing required'),(8502992,22,0,'2023-08-04 15:23:01',0,0,0,'Run mode: CLI'),(8502993,22,8502992,'2023-08-04 15:23:01',2,0.0169418,0,'Action completed, no processing required'),(8502994,23,0,'2023-08-04 15:23:01',0,0,0,'Run mode: CLI'),(8502995,23,8502994,'2023-08-04 15:23:01',2,0.0109119,0,'Action completed, no processing required'),(8502996,9,0,'2023-08-04 15:24:01',0,0,0,'Run mode: CLI'),(8502997,9,8502996,'2023-08-04 15:24:01',1,0.0606351,0,'Collect mails from suporte@direitofranca.br ({imap.gmail.com:993/imap/ssl/novalidate-cert/notls/debug})\n'),(8502998,9,8502996,'2023-08-04 15:24:01',1,2.00584,0,'Número de mensagens: disponível= 0 ,atualmente importado= 0 ,recuperado= 0,recusado= 0, erros=0,lista negra= 0\n'),(8502999,9,8502996,'2023-08-04 15:24:01',2,2.24943,0,'Action completed, no processing required'),(8503000,13,0,'2023-08-04 15:24:01',0,0,0,'Run mode: CLI'),(8503001,13,8503000,'2023-08-04 15:24:01',2,0.00826406,0,'Action completed, no processing required'),(8503002,20,0,'2023-08-04 15:24:01',0,0,0,'Run mode: CLI'),(8503003,20,8503002,'2023-08-04 15:24:01',2,0.00873113,0,'Action completed, no processing required'),(8503004,22,0,'2023-08-04 15:24:01',0,0,0,'Run mode: CLI'),(8503005,22,8503004,'2023-08-04 15:24:01',2,0.017468,0,'Action completed, no processing required'),(8503006,23,0,'2023-08-04 15:24:01',0,0,0,'Run mode: CLI'),(8503007,23,8503006,'2023-08-04 15:24:01',2,0.0106349,0,'Action completed, no processing required'),(8503008,9,0,'2023-08-04 15:25:01',0,0,0,'Run mode: CLI'),(8503009,9,8503008,'2023-08-04 15:25:01',1,0.0599568,0,'Collect mails from suporte@direitofranca.br ({imap.gmail.com:993/imap/ssl/novalidate-cert/notls/debug})\n'),(8503010,9,8503008,'2023-08-04 15:25:01',1,1.62343,0,'Número de mensagens: disponível= 0 ,atualmente importado= 0 ,recuperado= 0,recusado= 0, erros=0,lista negra= 0\n'),(8503011,9,8503008,'2023-08-04 15:25:01',2,1.85185,0,'Action completed, no processing required'),(8503012,13,0,'2023-08-04 15:25:01',0,0,0,'Run mode: CLI'),(8503013,13,8503012,'2023-08-04 15:25:01',2,0.00894308,0,'Action completed, no processing required'),(8503014,20,0,'2023-08-04 15:25:01',0,0,0,'Run mode: CLI'),(8503015,20,8503014,'2023-08-04 15:25:01',2,0.00900793,0,'Action completed, no processing required'),(8503016,22,0,'2023-08-04 15:25:01',0,0,0,'Run mode: CLI'),(8503017,22,8503016,'2023-08-04 15:25:01',2,0.0172739,0,'Action completed, no processing required'),(8503018,23,0,'2023-08-04 15:25:01',0,0,0,'Run mode: CLI'),(8503019,23,8503018,'2023-08-04 15:25:01',2,0.00925493,0,'Action completed, no processing required'),(8503020,9,0,'2023-08-04 15:26:01',0,0,0,'Run mode: CLI'),(8503021,9,8503020,'2023-08-04 15:26:01',1,0.0620708,0,'Collect mails from suporte@direitofranca.br ({imap.gmail.com:993/imap/ssl/novalidate-cert/notls/debug})\n'),(8503022,9,8503020,'2023-08-04 15:26:01',1,1.5522,0,'Número de mensagens: disponível= 0 ,atualmente importado= 0 ,recuperado= 0,recusado= 0, erros=0,lista negra= 0\n'),(8503023,9,8503020,'2023-08-04 15:26:01',2,1.76306,0,'Action completed, no processing required'),(8503024,13,0,'2023-08-04 15:26:01',0,0,0,'Run mode: CLI'),(8503025,13,8503024,'2023-08-04 15:26:01',2,0.00833392,0,'Action completed, no processing required'),(8503026,20,0,'2023-08-04 15:26:01',0,0,0,'Run mode: CLI'),(8503027,20,8503026,'2023-08-04 15:26:01',2,0.00965095,0,'Action completed, no processing required'),(8503028,22,0,'2023-08-04 15:26:01',0,0,0,'Run mode: CLI'),(8503029,22,8503028,'2023-08-04 15:26:01',2,0.0167491,0,'Action completed, no processing required'),(8503030,23,0,'2023-08-04 15:26:01',0,0,0,'Run mode: CLI'),(8503031,23,8503030,'2023-08-04 15:26:01',2,0.00719213,0,'Action completed, no processing required'),(8503032,9,0,'2023-08-04 15:27:01',0,0,0,'Run mode: CLI'),(8503033,9,8503032,'2023-08-04 15:27:01',1,0.0565979,0,'Collect mails from suporte@direitofranca.br ({imap.gmail.com:993/imap/ssl/novalidate-cert/notls/debug})\n'),(8503034,9,8503032,'2023-08-04 15:27:01',1,1.64794,0,'Número de mensagens: disponível= 0 ,atualmente importado= 0 ,recuperado= 0,recusado= 0, erros=0,lista negra= 0\n'),(8503035,9,8503032,'2023-08-04 15:27:01',2,1.86412,0,'Action completed, no processing required'),(8503036,13,0,'2023-08-04 15:27:01',0,0,0,'Run mode: CLI'),(8503037,13,8503036,'2023-08-04 15:27:01',2,0.0088048,0,'Action completed, no processing required'),(8503038,20,0,'2023-08-04 15:27:01',0,0,0,'Run mode: CLI'),(8503039,20,8503038,'2023-08-04 15:27:01',2,0.00883603,0,'Action completed, no processing required'),(8503040,22,0,'2023-08-04 15:27:01',0,0,0,'Run mode: CLI'),(8503041,22,8503040,'2023-08-04 15:27:01',2,0.0179491,0,'Action completed, no processing required'),(8503042,23,0,'2023-08-04 15:27:01',0,0,0,'Run mode: CLI'),(8503043,23,8503042,'2023-08-04 15:27:01',2,0.00972104,0,'Action completed, no processing required'),(8503044,25,0,'2023-08-04 15:27:01',0,0,0,'Run mode: CLI'),(8503045,25,8503044,'2023-08-04 15:27:01',2,0.008569,0,'Action completed, no processing required'),(8503046,9,0,'2023-08-04 15:28:01',0,0,0,'Run mode: CLI'),(8503047,9,8503046,'2023-08-04 15:28:01',1,0.058924,0,'Collect mails from suporte@direitofranca.br ({imap.gmail.com:993/imap/ssl/novalidate-cert/notls/debug})\n'),(8503048,9,8503046,'2023-08-04 15:28:01',1,1.46809,0,'Número de mensagens: disponível= 0 ,atualmente importado= 0 ,recuperado= 0,recusado= 0, erros=0,lista negra= 0\n'),(8503049,9,8503046,'2023-08-04 15:28:01',2,1.67712,0,'Action completed, no processing required'),(8503050,13,0,'2023-08-04 15:28:01',0,0,0,'Run mode: CLI'),(8503051,13,8503050,'2023-08-04 15:28:01',2,0.00918818,0,'Action completed, no processing required'),(8503052,20,0,'2023-08-04 15:28:01',0,0,0,'Run mode: CLI'),(8503053,20,8503052,'2023-08-04 15:28:01',2,0.00897503,0,'Action completed, no processing required'),(8503054,22,0,'2023-08-04 15:28:01',0,0,0,'Run mode: CLI'),(8503055,22,8503054,'2023-08-04 15:28:01',2,0.0243189,0,'Action completed, no processing required'),(8503056,23,0,'2023-08-04 15:28:01',0,0,0,'Run mode: CLI'),(8503057,23,8503056,'2023-08-04 15:28:01',2,0.00961494,0,'Action completed, no processing required'),(8503058,9,0,'2023-08-04 15:29:01',0,0,0,'Run mode: CLI'),(8503059,9,8503058,'2023-08-04 15:29:01',1,0.0589869,0,'Collect mails from suporte@direitofranca.br ({imap.gmail.com:993/imap/ssl/novalidate-cert/notls/debug})\n'),(8503060,9,8503058,'2023-08-04 15:29:01',1,1.49111,0,'Número de mensagens: disponível= 0 ,atualmente importado= 0 ,recuperado= 0,recusado= 0, erros=0,lista negra= 0\n'),(8503061,9,8503058,'2023-08-04 15:29:01',2,1.75024,0,'Action completed, no processing required'),(8503062,13,0,'2023-08-04 15:29:01',0,0,0,'Run mode: CLI'),(8503063,13,8503062,'2023-08-04 15:29:01',2,0.00855803,0,'Action completed, no processing required'),(8503064,20,0,'2023-08-04 15:29:01',0,0,0,'Run mode: CLI'),(8503065,20,8503064,'2023-08-04 15:29:01',2,0.00668907,0,'Action completed, no processing required'),(8503066,22,0,'2023-08-04 15:29:01',0,0,0,'Run mode: CLI'),(8503067,22,8503066,'2023-08-04 15:29:01',2,0.016896,0,'Action completed, no processing required'),(8503068,23,0,'2023-08-04 15:29:01',0,0,0,'Run mode: CLI'),(8503069,23,8503068,'2023-08-04 15:29:01',2,0.00708485,0,'Action completed, no processing required'),(8503070,9,0,'2023-08-04 15:30:01',0,0,0,'Run mode: CLI'),(8503071,9,8503070,'2023-08-04 15:30:01',1,0.060823,0,'Collect mails from suporte@direitofranca.br ({imap.gmail.com:993/imap/ssl/novalidate-cert/notls/debug})\n'),(8503072,9,8503070,'2023-08-04 15:30:01',1,1.85747,0,'Número de mensagens: disponível= 0 ,atualmente importado= 0 ,recuperado= 0,recusado= 0, erros=0,lista negra= 0\n'),(8503073,9,8503070,'2023-08-04 15:30:01',2,2.10362,0,'Action completed, no processing required'),(8503074,13,0,'2023-08-04 15:30:01',0,0,0,'Run mode: CLI'),(8503075,13,8503074,'2023-08-04 15:30:01',2,0.009197,0,'Action completed, no processing required'),(8503076,20,0,'2023-08-04 15:30:01',0,0,0,'Run mode: CLI'),(8503077,20,8503076,'2023-08-04 15:30:01',2,0.0087049,0,'Action completed, no processing required'),(8503078,22,0,'2023-08-04 15:30:01',0,0,0,'Run mode: CLI'),(8503079,22,8503078,'2023-08-04 15:30:01',2,0.0171299,0,'Action completed, no processing required'),(8503080,23,0,'2023-08-04 15:30:01',0,0,0,'Run mode: CLI'),(8503081,23,8503080,'2023-08-04 15:30:01',2,0.0101418,0,'Action completed, no processing required'),(8503082,9,0,'2023-08-04 15:31:01',0,0,0,'Run mode: CLI'),(8503083,9,8503082,'2023-08-04 15:31:01',1,0.061743,0,'Collect mails from suporte@direitofranca.br ({imap.gmail.com:993/imap/ssl/novalidate-cert/notls/debug})\n'),(8503084,9,8503082,'2023-08-04 15:31:01',1,1.36436,0,'Número de mensagens: disponível= 0 ,atualmente importado= 0 ,recuperado= 0,recusado= 0, erros=0,lista negra= 0\n'),(8503085,9,8503082,'2023-08-04 15:31:01',2,1.57267,0,'Action completed, no processing required'),(8503086,13,0,'2023-08-04 15:31:01',0,0,0,'Run mode: CLI'),(8503087,13,8503086,'2023-08-04 15:31:01',2,0.00862098,0,'Action completed, no processing required'),(8503088,20,0,'2023-08-04 15:31:01',0,0,0,'Run mode: CLI'),(8503089,20,8503088,'2023-08-04 15:31:01',2,0.00983095,0,'Action completed, no processing required'),(8503090,22,0,'2023-08-04 15:31:01',0,0,0,'Run mode: CLI'),(8503091,22,8503090,'2023-08-04 15:31:01',2,0.016876,0,'Action completed, no processing required'),(8503092,23,0,'2023-08-04 15:31:01',0,0,0,'Run mode: CLI'),(8503093,23,8503092,'2023-08-04 15:31:01',2,0.00985193,0,'Action completed, no processing required'),(8503094,9,0,'2023-08-04 15:32:01',0,0,0,'Run mode: CLI'),(8503095,9,8503094,'2023-08-04 15:32:01',1,0.0594528,0,'Collect mails from suporte@direitofranca.br ({imap.gmail.com:993/imap/ssl/novalidate-cert/notls/debug})\n'),(8503096,9,8503094,'2023-08-04 15:32:01',1,1.51696,0,'Número de mensagens: disponível= 0 ,atualmente importado= 0 ,recuperado= 0,recusado= 0, erros=0,lista negra= 0\n'),(8503097,9,8503094,'2023-08-04 15:32:01',2,1.76511,0,'Action completed, no processing required'),(8503098,13,0,'2023-08-04 15:32:01',0,0,0,'Run mode: CLI'),(8503099,13,8503098,'2023-08-04 15:32:01',2,0.00890517,0,'Action completed, no processing required'),(8503100,20,0,'2023-08-04 15:32:01',0,0,0,'Run mode: CLI'),(8503101,20,8503100,'2023-08-04 15:32:01',2,0.00914907,0,'Action completed, no processing required'),(8503102,22,0,'2023-08-04 15:32:01',0,0,0,'Run mode: CLI'),(8503103,22,8503102,'2023-08-04 15:32:01',2,0.0238099,0,'Action completed, no processing required'),(8503104,23,0,'2023-08-04 15:32:01',0,0,0,'Run mode: CLI'),(8503105,23,8503104,'2023-08-04 15:32:01',2,0.00964999,0,'Action completed, no processing required'),(8503106,25,0,'2023-08-04 15:32:01',0,0,0,'Run mode: CLI'),(8503107,25,8503106,'2023-08-04 15:32:01',2,0.00860715,0,'Action completed, no processing required'),(8503108,9,0,'2023-08-04 15:33:01',0,0,0,'Run mode: CLI'),(8503109,9,8503108,'2023-08-04 15:33:01',1,0.0566931,0,'Collect mails from suporte@direitofranca.br ({imap.gmail.com:993/imap/ssl/novalidate-cert/notls/debug})\n'),(8503110,9,8503108,'2023-08-04 15:33:01',1,2.55544,0,'Número de mensagens: disponível= 0 ,atualmente importado= 0 ,recuperado= 0,recusado= 0, erros=0,lista negra= 0\n'),(8503111,9,8503108,'2023-08-04 15:33:01',2,2.77541,0,'Action completed, no processing required'),(8503112,13,0,'2023-08-04 15:33:01',0,0,0,'Run mode: CLI'),(8503113,13,8503112,'2023-08-04 15:33:01',2,0.00911093,0,'Action completed, no processing required'),(8503114,20,0,'2023-08-04 15:33:01',0,0,0,'Run mode: CLI'),(8503115,20,8503114,'2023-08-04 15:33:01',2,0.00936913,0,'Action completed, no processing required'),(8503116,22,0,'2023-08-04 15:33:01',0,0,0,'Run mode: CLI'),(8503117,22,8503116,'2023-08-04 15:33:01',2,0.0172181,0,'Action completed, no processing required'),(8503118,23,0,'2023-08-04 15:33:01',0,0,0,'Run mode: CLI'),(8503119,23,8503118,'2023-08-04 15:33:01',2,0.00759912,0,'Action completed, no processing required'),(8503120,9,0,'2023-08-04 15:34:01',0,0,0,'Run mode: CLI'),(8503121,9,8503120,'2023-08-04 15:34:01',1,0.061378,0,'Collect mails from suporte@direitofranca.br ({imap.gmail.com:993/imap/ssl/novalidate-cert/notls/debug})\n'),(8503122,9,8503120,'2023-08-04 15:34:01',1,1.57323,0,'Número de mensagens: disponível= 0 ,atualmente importado= 0 ,recuperado= 0,recusado= 0, erros=0,lista negra= 0\n'),(8503123,9,8503120,'2023-08-04 15:34:01',2,1.79763,0,'Action completed, no processing required'),(8503124,13,0,'2023-08-04 15:34:01',0,0,0,'Run mode: CLI'),(8503125,13,8503124,'2023-08-04 15:34:01',2,0.00846791,0,'Action completed, no processing required'),(8503126,20,0,'2023-08-04 15:34:01',0,0,0,'Run mode: CLI'),(8503127,20,8503126,'2023-08-04 15:34:01',2,0.009624,0,'Action completed, no processing required'),(8503128,22,0,'2023-08-04 15:34:01',0,0,0,'Run mode: CLI'),(8503129,22,8503128,'2023-08-04 15:34:01',2,0.024235,0,'Action completed, no processing required'),(8503130,23,0,'2023-08-04 15:34:01',0,0,0,'Run mode: CLI'),(8503131,23,8503130,'2023-08-04 15:34:01',2,0.0119278,0,'Action completed, no processing required'),(8503132,9,0,'2023-08-04 15:35:01',0,0,0,'Run mode: CLI'),(8503133,9,8503132,'2023-08-04 15:35:01',1,0.057394,0,'Collect mails from suporte@direitofranca.br ({imap.gmail.com:993/imap/ssl/novalidate-cert/notls/debug})\n'),(8503134,9,8503132,'2023-08-04 15:35:01',1,1.60306,0,'Número de mensagens: disponível= 0 ,atualmente importado= 0 ,recuperado= 0,recusado= 0, erros=0,lista negra= 0\n'),(8503135,9,8503132,'2023-08-04 15:35:01',2,1.83381,0,'Action completed, no processing required'),(8503136,13,0,'2023-08-04 15:35:01',0,0,0,'Run mode: CLI'),(8503137,13,8503136,'2023-08-04 15:35:01',2,0.00910592,0,'Action completed, no processing required'),(8503138,20,0,'2023-08-04 15:35:01',0,0,0,'Run mode: CLI'),(8503139,20,8503138,'2023-08-04 15:35:01',2,0.00839281,0,'Action completed, no processing required'),(8503140,22,0,'2023-08-04 15:35:01',0,0,0,'Run mode: CLI'),(8503141,22,8503140,'2023-08-04 15:35:01',2,0.016367,0,'Action completed, no processing required'),(8503142,23,0,'2023-08-04 15:35:01',0,0,0,'Run mode: CLI'),(8503143,23,8503142,'2023-08-04 15:35:01',2,0.00978804,0,'Action completed, no processing required'),(8503144,9,0,'2023-08-04 15:36:01',0,0,0,'Run mode: CLI'),(8503145,9,8503144,'2023-08-04 15:36:01',1,0.0577972,0,'Collect mails from suporte@direitofranca.br ({imap.gmail.com:993/imap/ssl/novalidate-cert/notls/debug})\n'),(8503146,9,8503144,'2023-08-04 15:36:01',1,1.75885,0,'Número de mensagens: disponível= 0 ,atualmente importado= 0 ,recuperado= 0,recusado= 0, erros=0,lista negra= 0\n'),(8503147,9,8503144,'2023-08-04 15:36:01',2,1.98679,0,'Action completed, no processing required'),(8503148,13,0,'2023-08-04 15:36:01',0,0,0,'Run mode: CLI'),(8503149,13,8503148,'2023-08-04 15:36:01',2,0.00834894,0,'Action completed, no processing required'),(8503150,20,0,'2023-08-04 15:36:01',0,0,0,'Run mode: CLI'),(8503151,20,8503150,'2023-08-04 15:36:01',2,0.00884819,0,'Action completed, no processing required'),(8503152,22,0,'2023-08-04 15:36:01',0,0,0,'Run mode: CLI'),(8503153,22,8503152,'2023-08-04 15:36:01',2,0.016834,0,'Action completed, no processing required'),(8503154,23,0,'2023-08-04 15:36:01',0,0,0,'Run mode: CLI'),(8503155,23,8503154,'2023-08-04 15:36:01',2,0.00937605,0,'Action completed, no processing required'),(8503156,9,0,'2023-08-04 15:37:01',0,0,0,'Run mode: CLI'),(8503157,9,8503156,'2023-08-04 15:37:01',1,0.0596318,0,'Collect mails from suporte@direitofranca.br ({imap.gmail.com:993/imap/ssl/novalidate-cert/notls/debug})\n'),(8503158,9,8503156,'2023-08-04 15:37:01',1,1.52771,0,'Número de mensagens: disponível= 0 ,atualmente importado= 0 ,recuperado= 0,recusado= 0, erros=0,lista negra= 0\n'),(8503159,9,8503156,'2023-08-04 15:37:01',2,1.75277,0,'Action completed, no processing required'),(8503160,13,0,'2023-08-04 15:37:01',0,0,0,'Run mode: CLI'),(8503161,13,8503160,'2023-08-04 15:37:01',2,0.00909495,0,'Action completed, no processing required'),(8503162,20,0,'2023-08-04 15:37:01',0,0,0,'Run mode: CLI'),(8503163,20,8503162,'2023-08-04 15:37:01',2,0.011445,0,'Action completed, no processing required'),(8503164,22,0,'2023-08-04 15:37:01',0,0,0,'Run mode: CLI'),(8503165,22,8503164,'2023-08-04 15:37:01',2,0.023277,0,'Action completed, no processing required'),(8503166,23,0,'2023-08-04 15:37:01',0,0,0,'Run mode: CLI'),(8503167,23,8503166,'2023-08-04 15:37:01',2,0.010242,0,'Action completed, no processing required'),(8503168,25,0,'2023-08-04 15:37:01',0,0,0,'Run mode: CLI'),(8503169,25,8503168,'2023-08-04 15:37:01',2,0.00905514,0,'Action completed, no processing required'),(8503170,9,0,'2023-08-04 15:38:01',0,0,0,'Run mode: CLI'),(8503171,9,8503170,'2023-08-04 15:38:01',1,0.0603058,0,'Collect mails from suporte@direitofranca.br ({imap.gmail.com:993/imap/ssl/novalidate-cert/notls/debug})\n'),(8503172,9,8503170,'2023-08-04 15:38:01',1,1.57035,0,'Número de mensagens: disponível= 0 ,atualmente importado= 0 ,recuperado= 0,recusado= 0, erros=0,lista negra= 0\n'),(8503173,9,8503170,'2023-08-04 15:38:01',2,1.81747,0,'Action completed, no processing required'),(8503174,13,0,'2023-08-04 15:38:01',0,0,0,'Run mode: CLI'),(8503175,13,8503174,'2023-08-04 15:38:01',2,0.00907803,0,'Action completed, no processing required'),(8503176,20,0,'2023-08-04 15:38:01',0,0,0,'Run mode: CLI'),(8503177,20,8503176,'2023-08-04 15:38:01',2,0.00882697,0,'Action completed, no processing required'),(8503178,22,0,'2023-08-04 15:38:01',0,0,0,'Run mode: CLI'),(8503179,22,8503178,'2023-08-04 15:38:01',2,0.0206108,0,'Action completed, no processing required'),(8503180,23,0,'2023-08-04 15:38:01',0,0,0,'Run mode: CLI'),(8503181,23,8503180,'2023-08-04 15:38:01',2,0.00919604,0,'Action completed, no processing required'),(8503182,9,0,'2023-08-04 15:39:01',0,0,0,'Run mode: CLI'),(8503183,9,8503182,'2023-08-04 15:39:01',1,0.0744109,0,'Collect mails from suporte@direitofranca.br ({imap.gmail.com:993/imap/ssl/novalidate-cert/notls/debug})\n'),(8503184,9,8503182,'2023-08-04 15:39:01',1,1.5548,0,'Número de mensagens: disponível= 0 ,atualmente importado= 0 ,recuperado= 0,recusado= 0, erros=0,lista negra= 0\n'),(8503185,9,8503182,'2023-08-04 15:39:01',2,1.81409,0,'Action completed, no processing required'),(8503186,13,0,'2023-08-04 15:39:01',0,0,0,'Run mode: CLI'),(8503187,13,8503186,'2023-08-04 15:39:01',2,0.00898504,0,'Action completed, no processing required'),(8503188,20,0,'2023-08-04 15:39:01',0,0,0,'Run mode: CLI'),(8503189,20,8503188,'2023-08-04 15:39:01',2,0.00911188,0,'Action completed, no processing required'),(8503190,22,0,'2023-08-04 15:39:01',0,0,0,'Run mode: CLI'),(8503191,22,8503190,'2023-08-04 15:39:01',2,0.0164442,0,'Action completed, no processing required'),(8503192,23,0,'2023-08-04 15:39:01',0,0,0,'Run mode: CLI'),(8503193,23,8503192,'2023-08-04 15:39:01',2,0.00891209,0,'Action completed, no processing required'),(8503194,9,0,'2023-08-04 15:40:01',0,0,0,'Run mode: CLI'),(8503195,9,8503194,'2023-08-04 15:40:01',1,0.0567319,0,'Collect mails from suporte@direitofranca.br ({imap.gmail.com:993/imap/ssl/novalidate-cert/notls/debug})\n'),(8503196,9,8503194,'2023-08-04 15:40:01',1,1.62176,0,'Número de mensagens: disponível= 0 ,atualmente importado= 0 ,recuperado= 0,recusado= 0, erros=0,lista negra= 0\n'),(8503197,9,8503194,'2023-08-04 15:40:01',2,1.86687,0,'Action completed, no processing required'),(8503198,13,0,'2023-08-04 15:40:01',0,0,0,'Run mode: CLI'),(8503199,13,8503198,'2023-08-04 15:40:01',2,0.00871587,0,'Action completed, no processing required'),(8503200,20,0,'2023-08-04 15:40:01',0,0,0,'Run mode: CLI'),(8503201,20,8503200,'2023-08-04 15:40:01',2,0.00864005,0,'Action completed, no processing required'),(8503202,22,0,'2023-08-04 15:40:01',0,0,0,'Run mode: CLI'),(8503203,22,8503202,'2023-08-04 15:40:01',2,0.016382,0,'Action completed, no processing required'),(8503204,23,0,'2023-08-04 15:40:01',0,0,0,'Run mode: CLI'),(8503205,23,8503204,'2023-08-04 15:40:01',2,0.00901604,0,'Action completed, no processing required'),(8503206,9,0,'2023-08-04 15:41:01',0,0,0,'Run mode: CLI'),(8503207,9,8503206,'2023-08-04 15:41:01',1,0.0591118,0,'Collect mails from suporte@direitofranca.br ({imap.gmail.com:993/imap/ssl/novalidate-cert/notls/debug})\n'),(8503208,9,8503206,'2023-08-04 15:41:01',1,1.56473,0,'Número de mensagens: disponível= 0 ,atualmente importado= 0 ,recuperado= 0,recusado= 0, erros=0,lista negra= 0\n'),(8503209,9,8503206,'2023-08-04 15:41:01',2,1.8019,0,'Action completed, no processing required'),(8503210,13,0,'2023-08-04 15:41:01',0,0,0,'Run mode: CLI'),(8503211,13,8503210,'2023-08-04 15:41:01',2,0.00901794,0,'Action completed, no processing required'),(8503212,20,0,'2023-08-04 15:41:01',0,0,0,'Run mode: CLI'),(8503213,20,8503212,'2023-08-04 15:41:01',2,0.00840712,0,'Action completed, no processing required'),(8503214,22,0,'2023-08-04 15:41:01',0,0,0,'Run mode: CLI'),(8503215,22,8503214,'2023-08-04 15:41:01',2,0.016557,0,'Action completed, no processing required'),(8503216,23,0,'2023-08-04 15:41:01',0,0,0,'Run mode: CLI'),(8503217,23,8503216,'2023-08-04 15:41:01',2,0.00947595,0,'Action completed, no processing required'),(8503218,9,0,'2023-08-04 15:42:01',0,0,0,'Run mode: CLI'),(8503219,9,8503218,'2023-08-04 15:42:01',1,0.0595682,0,'Collect mails from suporte@direitofranca.br ({imap.gmail.com:993/imap/ssl/novalidate-cert/notls/debug})\n'),(8503220,9,8503218,'2023-08-04 15:42:01',1,1.69533,0,'Número de mensagens: disponível= 0 ,atualmente importado= 0 ,recuperado= 0,recusado= 0, erros=0,lista negra= 0\n'),(8503221,9,8503218,'2023-08-04 15:42:01',2,1.92546,0,'Action completed, no processing required'),(8503222,13,0,'2023-08-04 15:42:01',0,0,0,'Run mode: CLI'),(8503223,13,8503222,'2023-08-04 15:42:01',2,0.00837898,0,'Action completed, no processing required'),(8503224,20,0,'2023-08-04 15:42:01',0,0,0,'Run mode: CLI'),(8503225,20,8503224,'2023-08-04 15:42:01',2,0.010273,0,'Action completed, no processing required'),(8503226,22,0,'2023-08-04 15:42:01',0,0,0,'Run mode: CLI'),(8503227,22,8503226,'2023-08-04 15:42:01',2,0.0243809,0,'Action completed, no processing required'),(8503228,23,0,'2023-08-04 15:42:01',0,0,0,'Run mode: CLI'),(8503229,23,8503228,'2023-08-04 15:42:01',2,0.00978994,0,'Action completed, no processing required'),(8503230,25,0,'2023-08-04 15:42:01',0,0,0,'Run mode: CLI'),(8503231,25,8503230,'2023-08-04 15:42:01',2,0.00776696,0,'Action completed, no processing required'),(8503232,9,0,'2023-08-04 15:43:01',0,0,0,'Run mode: CLI'),(8503233,9,8503232,'2023-08-04 15:43:01',1,0.0569739,0,'Collect mails from suporte@direitofranca.br ({imap.gmail.com:993/imap/ssl/novalidate-cert/notls/debug})\n'),(8503234,9,8503232,'2023-08-04 15:43:01',1,1.73918,0,'Número de mensagens: disponível= 0 ,atualmente importado= 0 ,recuperado= 0,recusado= 0, erros=0,lista negra= 0\n'),(8503235,9,8503232,'2023-08-04 15:43:01',2,1.98217,0,'Action completed, no processing required'),(8503236,13,0,'2023-08-04 15:43:01',0,0,0,'Run mode: CLI'),(8503237,13,8503236,'2023-08-04 15:43:01',2,0.00902081,0,'Action completed, no processing required'),(8503238,20,0,'2023-08-04 15:43:01',0,0,0,'Run mode: CLI'),(8503239,20,8503238,'2023-08-04 15:43:01',2,0.0105391,0,'Action completed, no processing required'),(8503240,22,0,'2023-08-04 15:43:01',0,0,0,'Run mode: CLI'),(8503241,22,8503240,'2023-08-04 15:43:01',2,0.0168409,0,'Action completed, no processing required'),(8503242,23,0,'2023-08-04 15:43:01',0,0,0,'Run mode: CLI'),(8503243,23,8503242,'2023-08-04 15:43:01',2,0.01021,0,'Action completed, no processing required'),(8503244,9,0,'2023-08-04 15:44:01',0,0,0,'Run mode: CLI'),(8503245,9,8503244,'2023-08-04 15:44:01',1,0.059706,0,'Collect mails from suporte@direitofranca.br ({imap.gmail.com:993/imap/ssl/novalidate-cert/notls/debug})\n'),(8503246,9,8503244,'2023-08-04 15:44:01',1,1.53289,0,'Número de mensagens: disponível= 0 ,atualmente importado= 0 ,recuperado= 0,recusado= 0, erros=0,lista negra= 0\n'),(8503247,9,8503244,'2023-08-04 15:44:01',2,1.75635,0,'Action completed, no processing required'),(8503248,13,0,'2023-08-04 15:44:01',0,0,0,'Run mode: CLI'),(8503249,13,8503248,'2023-08-04 15:44:01',2,0.00896096,0,'Action completed, no processing required'),(8503250,20,0,'2023-08-04 15:44:01',0,0,0,'Run mode: CLI'),(8503251,20,8503250,'2023-08-04 15:44:01',2,0.00872588,0,'Action completed, no processing required'),(8503252,22,0,'2023-08-04 15:44:01',0,0,0,'Run mode: CLI'),(8503253,22,8503252,'2023-08-04 15:44:01',2,0.017055,0,'Action completed, no processing required'),(8503254,23,0,'2023-08-04 15:44:01',0,0,0,'Run mode: CLI'),(8503255,23,8503254,'2023-08-04 15:44:01',2,0.00975299,0,'Action completed, no processing required'),(8503256,9,0,'2023-08-04 15:45:01',0,0,0,'Run mode: CLI'),(8503257,9,8503256,'2023-08-04 15:45:01',1,0.058449,0,'Collect mails from suporte@direitofranca.br ({imap.gmail.com:993/imap/ssl/novalidate-cert/notls/debug})\n'),(8503258,9,8503256,'2023-08-04 15:45:01',1,1.54427,0,'Número de mensagens: disponível= 0 ,atualmente importado= 0 ,recuperado= 0,recusado= 0, erros=0,lista negra= 0\n'),(8503259,9,8503256,'2023-08-04 15:45:01',2,1.76698,0,'Action completed, no processing required'),(8503260,13,0,'2023-08-04 15:45:01',0,0,0,'Run mode: CLI'),(8503261,13,8503260,'2023-08-04 15:45:01',2,0.00954199,0,'Action completed, no processing required'),(8503262,20,0,'2023-08-04 15:45:01',0,0,0,'Run mode: CLI'),(8503263,20,8503262,'2023-08-04 15:45:01',2,0.00896001,0,'Action completed, no processing required'),(8503264,22,0,'2023-08-04 15:45:01',0,0,0,'Run mode: CLI'),(8503265,22,8503264,'2023-08-04 15:45:01',2,0.0173202,0,'Action completed, no processing required'),(8503266,23,0,'2023-08-04 15:45:01',0,0,0,'Run mode: CLI'),(8503267,23,8503266,'2023-08-04 15:45:01',2,0.00930691,0,'Action completed, no processing required'),(8503268,9,0,'2023-08-04 15:46:01',0,0,0,'Run mode: CLI'),(8503269,9,8503268,'2023-08-04 15:46:01',1,0.0573559,0,'Collect mails from suporte@direitofranca.br ({imap.gmail.com:993/imap/ssl/novalidate-cert/notls/debug})\n'),(8503270,9,8503268,'2023-08-04 15:46:01',1,1.60827,0,'Número de mensagens: disponível= 0 ,atualmente importado= 0 ,recuperado= 0,recusado= 0, erros=0,lista negra= 0\n'),(8503271,9,8503268,'2023-08-04 15:46:01',2,1.92934,0,'Action completed, no processing required'),(8503272,13,0,'2023-08-04 15:46:01',0,0,0,'Run mode: CLI'),(8503273,13,8503272,'2023-08-04 15:46:01',2,0.00840116,0,'Action completed, no processing required'),(8503274,20,0,'2023-08-04 15:46:01',0,0,0,'Run mode: CLI'),(8503275,20,8503274,'2023-08-04 15:46:01',2,0.00893497,0,'Action completed, no processing required'),(8503276,22,0,'2023-08-04 15:46:01',0,0,0,'Run mode: CLI'),(8503277,22,8503276,'2023-08-04 15:46:01',2,0.0173299,0,'Action completed, no processing required'),(8503278,23,0,'2023-08-04 15:46:01',0,0,0,'Run mode: CLI'),(8503279,23,8503278,'2023-08-04 15:46:01',2,0.00986004,0,'Action completed, no processing required'),(8503280,9,0,'2023-08-04 15:47:01',0,0,0,'Run mode: CLI'),(8503281,9,8503280,'2023-08-04 15:47:01',1,0.05516,0,'Collect mails from suporte@direitofranca.br ({imap.gmail.com:993/imap/ssl/novalidate-cert/notls/debug})\n'),(8503282,9,8503280,'2023-08-04 15:47:01',1,1.51978,0,'Número de mensagens: disponível= 0 ,atualmente importado= 0 ,recuperado= 0,recusado= 0, erros=0,lista negra= 0\n'),(8503283,9,8503280,'2023-08-04 15:47:01',2,1.74812,0,'Action completed, no processing required'),(8503284,13,0,'2023-08-04 15:47:01',0,0,0,'Run mode: CLI'),(8503285,13,8503284,'2023-08-04 15:47:01',2,0.00847697,0,'Action completed, no processing required'),(8503286,20,0,'2023-08-04 15:47:01',0,0,0,'Run mode: CLI'),(8503287,20,8503286,'2023-08-04 15:47:01',2,0.00891089,0,'Action completed, no processing required'),(8503288,22,0,'2023-08-04 15:47:01',0,0,0,'Run mode: CLI'),(8503289,22,8503288,'2023-08-04 15:47:01',2,0.01649,0,'Action completed, no processing required'),(8503290,23,0,'2023-08-04 15:47:01',0,0,0,'Run mode: CLI'),(8503291,23,8503290,'2023-08-04 15:47:01',2,0.0120251,0,'Action completed, no processing required'),(8503292,25,0,'2023-08-04 15:47:01',0,0,0,'Run mode: CLI'),(8503293,25,8503292,'2023-08-04 15:47:01',2,0.0081892,0,'Action completed, no processing required'),(8503294,9,0,'2023-08-04 15:48:01',0,0,0,'Run mode: CLI'),(8503295,9,8503294,'2023-08-04 15:48:01',1,0.0550709,0,'Collect mails from suporte@direitofranca.br ({imap.gmail.com:993/imap/ssl/novalidate-cert/notls/debug})\n'),(8503296,9,8503294,'2023-08-04 15:48:01',1,1.64612,0,'Número de mensagens: disponível= 0 ,atualmente importado= 0 ,recuperado= 0,recusado= 0, erros=0,lista negra= 0\n'),(8503297,9,8503294,'2023-08-04 15:48:01',2,1.87351,0,'Action completed, no processing required'),(8503298,13,0,'2023-08-04 15:48:01',0,0,0,'Run mode: CLI'),(8503299,13,8503298,'2023-08-04 15:48:01',2,0.00886393,0,'Action completed, no processing required'),(8503300,20,0,'2023-08-04 15:48:01',0,0,0,'Run mode: CLI'),(8503301,20,8503300,'2023-08-04 15:48:01',2,0.00926495,0,'Action completed, no processing required'),(8503302,22,0,'2023-08-04 15:48:01',0,0,0,'Run mode: CLI'),(8503303,22,8503302,'2023-08-04 15:48:01',2,0.017189,0,'Action completed, no processing required'),(8503304,23,0,'2023-08-04 15:48:01',0,0,0,'Run mode: CLI'),(8503305,23,8503304,'2023-08-04 15:48:01',2,0.010323,0,'Action completed, no processing required'),(8503306,9,0,'2023-08-04 15:49:01',0,0,0,'Run mode: CLI'),(8503307,9,8503306,'2023-08-04 15:49:01',1,0.058377,0,'Collect mails from suporte@direitofranca.br ({imap.gmail.com:993/imap/ssl/novalidate-cert/notls/debug})\n'),(8503308,9,8503306,'2023-08-04 15:49:01',1,1.6026,0,'Número de mensagens: disponível= 0 ,atualmente importado= 0 ,recuperado= 0,recusado= 0, erros=0,lista negra= 0\n'),(8503309,9,8503306,'2023-08-04 15:49:01',2,1.8501,0,'Action completed, no processing required'),(8503310,13,0,'2023-08-04 15:49:01',0,0,0,'Run mode: CLI'),(8503311,13,8503310,'2023-08-04 15:49:01',2,0.00928617,0,'Action completed, no processing required'),(8503312,20,0,'2023-08-04 15:49:01',0,0,0,'Run mode: CLI'),(8503313,20,8503312,'2023-08-04 15:49:01',2,0.00867987,0,'Action completed, no processing required'),(8503314,22,0,'2023-08-04 15:49:01',0,0,0,'Run mode: CLI'),(8503315,22,8503314,'2023-08-04 15:49:01',2,0.018419,0,'Action completed, no processing required'),(8503316,23,0,'2023-08-04 15:49:01',0,0,0,'Run mode: CLI'),(8503317,23,8503316,'2023-08-04 15:49:01',2,0.00926089,0,'Action completed, no processing required'),(8503318,9,0,'2023-08-04 15:50:01',0,0,0,'Run mode: CLI'),(8503319,9,8503318,'2023-08-04 15:50:01',1,0.0561681,0,'Collect mails from suporte@direitofranca.br ({imap.gmail.com:993/imap/ssl/novalidate-cert/notls/debug})\n'),(8503320,9,8503318,'2023-08-04 15:50:01',1,1.55048,0,'Número de mensagens: disponível= 0 ,atualmente importado= 0 ,recuperado= 0,recusado= 0, erros=0,lista negra= 0\n'),(8503321,9,8503318,'2023-08-04 15:50:01',2,1.77884,0,'Action completed, no processing required'),(8503322,13,0,'2023-08-04 15:50:01',0,0,0,'Run mode: CLI'),(8503323,13,8503322,'2023-08-04 15:50:01',2,0.00869989,0,'Action completed, no processing required'),(8503324,20,0,'2023-08-04 15:50:01',0,0,0,'Run mode: CLI'),(8503325,20,8503324,'2023-08-04 15:50:01',2,0.008955,0,'Action completed, no processing required'),(8503326,22,0,'2023-08-04 15:50:01',0,0,0,'Run mode: CLI'),(8503327,22,8503326,'2023-08-04 15:50:01',2,0.018127,0,'Action completed, no processing required'),(8503328,23,0,'2023-08-04 15:50:01',0,0,0,'Run mode: CLI'),(8503329,23,8503328,'2023-08-04 15:50:01',2,0.00974393,0,'Action completed, no processing required'),(8503330,9,0,'2023-08-04 15:51:01',0,0,0,'Run mode: CLI'),(8503331,9,8503330,'2023-08-04 15:51:01',1,0.0555971,0,'Collect mails from suporte@direitofranca.br ({imap.gmail.com:993/imap/ssl/novalidate-cert/notls/debug})\n'),(8503332,9,8503330,'2023-08-04 15:51:01',1,1.52425,0,'Número de mensagens: disponível= 0 ,atualmente importado= 0 ,recuperado= 0,recusado= 0, erros=0,lista negra= 0\n'),(8503333,9,8503330,'2023-08-04 15:51:01',2,1.75268,0,'Action completed, no processing required'),(8503334,13,0,'2023-08-04 15:51:01',0,0,0,'Run mode: CLI'),(8503335,13,8503334,'2023-08-04 15:51:01',2,0.00841594,0,'Action completed, no processing required'),(8503336,20,0,'2023-08-04 15:51:01',0,0,0,'Run mode: CLI'),(8503337,20,8503336,'2023-08-04 15:51:01',2,0.00909805,0,'Action completed, no processing required'),(8503338,22,0,'2023-08-04 15:51:01',0,0,0,'Run mode: CLI'),(8503339,22,8503338,'2023-08-04 15:51:01',2,0.0168159,0,'Action completed, no processing required'),(8503340,23,0,'2023-08-04 15:51:01',0,0,0,'Run mode: CLI'),(8503341,23,8503340,'2023-08-04 15:51:01',2,0.00879693,0,'Action completed, no processing required'),(8503342,9,0,'2023-08-04 15:52:01',0,0,0,'Run mode: CLI'),(8503343,9,8503342,'2023-08-04 15:52:01',1,0.0569942,0,'Collect mails from suporte@direitofranca.br ({imap.gmail.com:993/imap/ssl/novalidate-cert/notls/debug})\n'),(8503344,9,8503342,'2023-08-04 15:52:01',1,1.48596,0,'Número de mensagens: disponível= 0 ,atualmente importado= 0 ,recuperado= 0,recusado= 0, erros=0,lista negra= 0\n'),(8503345,9,8503342,'2023-08-04 15:52:01',2,1.71077,0,'Action completed, no processing required'),(8503346,13,0,'2023-08-04 15:52:01',0,0,0,'Run mode: CLI'),(8503347,13,8503346,'2023-08-04 15:52:01',2,0.00966096,0,'Action completed, no processing required'),(8503348,20,0,'2023-08-04 15:52:01',0,0,0,'Run mode: CLI'),(8503349,20,8503348,'2023-08-04 15:52:01',2,0.00953317,0,'Action completed, no processing required'),(8503350,22,0,'2023-08-04 15:52:01',0,0,0,'Run mode: CLI'),(8503351,22,8503350,'2023-08-04 15:52:01',2,0.014858,0,'Action completed, no processing required'),(8503352,23,0,'2023-08-04 15:52:01',0,0,0,'Run mode: CLI'),(8503353,23,8503352,'2023-08-04 15:52:01',2,0.00955486,0,'Action completed, no processing required'),(8503354,25,0,'2023-08-04 15:52:01',0,0,0,'Run mode: CLI'),(8503355,25,8503354,'2023-08-04 15:52:01',2,0.00929689,0,'Action completed, no processing required'),(8503356,9,0,'2023-08-04 15:53:01',0,0,0,'Run mode: CLI'),(8503357,9,8503356,'2023-08-04 15:53:01',1,0.063158,0,'Collect mails from suporte@direitofranca.br ({imap.gmail.com:993/imap/ssl/novalidate-cert/notls/debug})\n'),(8503358,9,8503356,'2023-08-04 15:53:01',1,1.56948,0,'Número de mensagens: disponível= 0 ,atualmente importado= 0 ,recuperado= 0,recusado= 0, erros=0,lista negra= 0\n'),(8503359,9,8503356,'2023-08-04 15:53:01',2,1.8035,0,'Action completed, no processing required'),(8503360,13,0,'2023-08-04 15:53:01',0,0,0,'Run mode: CLI'),(8503361,13,8503360,'2023-08-04 15:53:01',2,0.00914598,0,'Action completed, no processing required'),(8503362,20,0,'2023-08-04 15:53:01',0,0,0,'Run mode: CLI'),(8503363,20,8503362,'2023-08-04 15:53:01',2,0.00981402,0,'Action completed, no processing required'),(8503364,22,0,'2023-08-04 15:53:01',0,0,0,'Run mode: CLI'),(8503365,22,8503364,'2023-08-04 15:53:01',2,0.0167081,0,'Action completed, no processing required'),(8503366,23,0,'2023-08-04 15:53:01',0,0,0,'Run mode: CLI'),(8503367,23,8503366,'2023-08-04 15:53:01',2,0.00973415,0,'Action completed, no processing required'),(8503368,9,0,'2023-08-04 15:54:01',0,0,0,'Run mode: CLI'),(8503369,9,8503368,'2023-08-04 15:54:01',1,0.0534439,0,'Collect mails from suporte@direitofranca.br ({imap.gmail.com:993/imap/ssl/novalidate-cert/notls/debug})\n'),(8503370,9,8503368,'2023-08-04 15:54:01',1,1.47788,0,'Número de mensagens: disponível= 0 ,atualmente importado= 0 ,recuperado= 0,recusado= 0, erros=0,lista negra= 0\n'),(8503371,9,8503368,'2023-08-04 15:54:01',2,1.6877,0,'Action completed, no processing required'),(8503372,13,0,'2023-08-04 15:54:01',0,0,0,'Run mode: CLI'),(8503373,13,8503372,'2023-08-04 15:54:01',2,0.00934982,0,'Action completed, no processing required'),(8503374,20,0,'2023-08-04 15:54:01',0,0,0,'Run mode: CLI'),(8503375,20,8503374,'2023-08-04 15:54:01',2,0.00879502,0,'Action completed, no processing required'),(8503376,22,0,'2023-08-04 15:54:01',0,0,0,'Run mode: CLI'),(8503377,22,8503376,'2023-08-04 15:54:01',2,0.016953,0,'Action completed, no processing required'),(8503378,23,0,'2023-08-04 15:54:01',0,0,0,'Run mode: CLI'),(8503379,23,8503378,'2023-08-04 15:54:01',2,0.00989985,0,'Action completed, no processing required'),(8503380,9,0,'2023-08-04 15:55:01',0,0,0,'Run mode: CLI'),(8503381,9,8503380,'2023-08-04 15:55:01',1,0.052938,0,'Collect mails from suporte@direitofranca.br ({imap.gmail.com:993/imap/ssl/novalidate-cert/notls/debug})\n'),(8503382,9,8503380,'2023-08-04 15:55:01',1,1.47279,0,'Número de mensagens: disponível= 0 ,atualmente importado= 0 ,recuperado= 0,recusado= 0, erros=0,lista negra= 0\n'),(8503383,9,8503380,'2023-08-04 15:55:01',2,1.69447,0,'Action completed, no processing required'),(8503384,13,0,'2023-08-04 15:55:01',0,0,0,'Run mode: CLI'),(8503385,13,8503384,'2023-08-04 15:55:01',2,0.00885892,0,'Action completed, no processing required'),(8503386,20,0,'2023-08-04 15:55:01',0,0,0,'Run mode: CLI'),(8503387,20,8503386,'2023-08-04 15:55:01',2,0.00982189,0,'Action completed, no processing required'),(8503388,22,0,'2023-08-04 15:55:01',0,0,0,'Run mode: CLI'),(8503389,22,8503388,'2023-08-04 15:55:01',2,0.0148189,0,'Action completed, no processing required'),(8503390,23,0,'2023-08-04 15:55:01',0,0,0,'Run mode: CLI'),(8503391,23,8503390,'2023-08-04 15:55:01',2,0.00970912,0,'Action completed, no processing required'),(8503392,9,0,'2023-08-04 15:56:01',0,0,0,'Run mode: CLI'),(8503393,9,8503392,'2023-08-04 15:56:01',1,0.051553,0,'Collect mails from suporte@direitofranca.br ({imap.gmail.com:993/imap/ssl/novalidate-cert/notls/debug})\n'),(8503394,9,8503392,'2023-08-04 15:56:01',1,1.4892,0,'Número de mensagens: disponível= 0 ,atualmente importado= 0 ,recuperado= 0,recusado= 0, erros=0,lista negra= 0\n'),(8503395,9,8503392,'2023-08-04 15:56:01',2,1.71727,0,'Action completed, no processing required'),(8503396,13,0,'2023-08-04 15:56:01',0,0,0,'Run mode: CLI'),(8503397,13,8503396,'2023-08-04 15:56:01',2,0.00853515,0,'Action completed, no processing required'),(8503398,20,0,'2023-08-04 15:56:01',0,0,0,'Run mode: CLI'),(8503399,20,8503398,'2023-08-04 15:56:01',2,0.00865507,0,'Action completed, no processing required'),(8503400,22,0,'2023-08-04 15:56:01',0,0,0,'Run mode: CLI'),(8503401,22,8503400,'2023-08-04 15:56:01',2,0.0171309,0,'Action completed, no processing required'),(8503402,23,0,'2023-08-04 15:56:01',0,0,0,'Run mode: CLI'),(8503403,23,8503402,'2023-08-04 15:56:01',2,0.00984907,0,'Action completed, no processing required'),(8503404,9,0,'2023-08-04 15:57:01',0,0,0,'Run mode: CLI'),(8503405,9,8503404,'2023-08-04 15:57:01',1,0.0563662,0,'Collect mails from suporte@direitofranca.br ({imap.gmail.com:993/imap/ssl/novalidate-cert/notls/debug})\n'),(8503406,9,8503404,'2023-08-04 15:57:01',1,1.58235,0,'Número de mensagens: disponível= 0 ,atualmente importado= 0 ,recuperado= 0,recusado= 0, erros=0,lista negra= 0\n'),(8503407,9,8503404,'2023-08-04 15:57:01',2,1.82315,0,'Action completed, no processing required'),(8503408,13,0,'2023-08-04 15:57:01',0,0,0,'Run mode: CLI'),(8503409,13,8503408,'2023-08-04 15:57:01',2,0.00883508,0,'Action completed, no processing required'),(8503410,20,0,'2023-08-04 15:57:01',0,0,0,'Run mode: CLI'),(8503411,20,8503410,'2023-08-04 15:57:01',2,0.010504,0,'Action completed, no processing required'),(8503412,22,0,'2023-08-04 15:57:01',0,0,0,'Run mode: CLI'),(8503413,22,8503412,'2023-08-04 15:57:01',2,0.0169461,0,'Action completed, no processing required'),(8503414,23,0,'2023-08-04 15:57:01',0,0,0,'Run mode: CLI'),(8503415,23,8503414,'2023-08-04 15:57:01',2,0.00910687,0,'Action completed, no processing required'),(8503416,25,0,'2023-08-04 15:57:01',0,0,0,'Run mode: CLI'),(8503417,25,8503416,'2023-08-04 15:57:01',2,0.00658393,0,'Action completed, no processing required'),(8503418,9,0,'2023-08-04 15:58:01',0,0,0,'Run mode: CLI'),(8503419,9,8503418,'2023-08-04 15:58:01',1,0.059804,0,'Collect mails from suporte@direitofranca.br ({imap.gmail.com:993/imap/ssl/novalidate-cert/notls/debug})\n'),(8503420,9,8503418,'2023-08-04 15:58:01',1,1.4033,0,'Número de mensagens: disponível= 0 ,atualmente importado= 0 ,recuperado= 0,recusado= 0, erros=0,lista negra= 0\n'),(8503421,9,8503418,'2023-08-04 15:58:01',2,1.61142,0,'Action completed, no processing required'),(8503422,13,0,'2023-08-04 15:58:01',0,0,0,'Run mode: CLI'),(8503423,13,8503422,'2023-08-04 15:58:01',2,0.00842905,0,'Action completed, no processing required'),(8503424,20,0,'2023-08-04 15:58:01',0,0,0,'Run mode: CLI'),(8503425,20,8503424,'2023-08-04 15:58:01',2,0.00903296,0,'Action completed, no processing required'),(8503426,22,0,'2023-08-04 15:58:01',0,0,0,'Run mode: CLI'),(8503427,22,8503426,'2023-08-04 15:58:01',2,0.017426,0,'Action completed, no processing required'),(8503428,23,0,'2023-08-04 15:58:01',0,0,0,'Run mode: CLI'),(8503429,23,8503428,'2023-08-04 15:58:01',2,0.00926781,0,'Action completed, no processing required'),(8503430,9,0,'2023-08-04 15:59:01',0,0,0,'Run mode: CLI'),(8503431,9,8503430,'2023-08-04 15:59:01',1,0.0543261,0,'Collect mails from suporte@direitofranca.br ({imap.gmail.com:993/imap/ssl/novalidate-cert/notls/debug})\n'),(8503432,9,8503430,'2023-08-04 15:59:01',1,1.47845,0,'Número de mensagens: disponível= 0 ,atualmente importado= 0 ,recuperado= 0,recusado= 0, erros=0,lista negra= 0\n'),(8503433,9,8503430,'2023-08-04 15:59:01',2,1.71656,0,'Action completed, no processing required'),(8503434,13,0,'2023-08-04 15:59:01',0,0,0,'Run mode: CLI'),(8503435,13,8503434,'2023-08-04 15:59:01',2,0.00844908,0,'Action completed, no processing required'),(8503436,20,0,'2023-08-04 15:59:01',0,0,0,'Run mode: CLI'),(8503437,20,8503436,'2023-08-04 15:59:01',2,0.012027,0,'Action completed, no processing required'),(8503438,22,0,'2023-08-04 15:59:01',0,0,0,'Run mode: CLI'),(8503439,22,8503438,'2023-08-04 15:59:01',2,0.01702,0,'Action completed, no processing required'),(8503440,23,0,'2023-08-04 15:59:01',0,0,0,'Run mode: CLI'),(8503441,23,8503440,'2023-08-04 15:59:01',2,0.0106568,0,'Action completed, no processing required'),(8503442,9,0,'2023-08-04 16:00:01',0,0,0,'Run mode: CLI'),(8503443,9,8503442,'2023-08-04 16:00:01',1,0.062412,0,'Collect mails from suporte@direitofranca.br ({imap.gmail.com:993/imap/ssl/novalidate-cert/notls/debug})\n'),(8503444,9,8503442,'2023-08-04 16:00:01',1,1.64063,0,'Número de mensagens: disponível= 0 ,atualmente importado= 0 ,recuperado= 0,recusado= 0, erros=0,lista negra= 0\n'),(8503445,9,8503442,'2023-08-04 16:00:01',2,1.87394,0,'Action completed, no processing required'),(8503446,13,0,'2023-08-04 16:00:01',0,0,0,'Run mode: CLI'),(8503447,13,8503446,'2023-08-04 16:00:01',2,0.00885916,0,'Action completed, no processing required'),(8503448,20,0,'2023-08-04 16:00:01',0,0,0,'Run mode: CLI'),(8503449,20,8503448,'2023-08-04 16:00:01',2,0.0120311,0,'Action completed, no processing required'),(8503450,22,0,'2023-08-04 16:00:01',0,0,0,'Run mode: CLI'),(8503451,22,8503450,'2023-08-04 16:00:01',2,0.020087,0,'Action completed, no processing required'),(8503452,23,0,'2023-08-04 16:00:01',0,0,0,'Run mode: CLI'),(8503453,23,8503452,'2023-08-04 16:00:01',2,0.0131431,0,'Action completed, no processing required'),(8503454,9,0,'2023-08-04 16:01:01',0,0,0,'Run mode: CLI'),(8503455,9,8503454,'2023-08-04 16:01:01',1,0.0526259,0,'Collect mails from suporte@direitofranca.br ({imap.gmail.com:993/imap/ssl/novalidate-cert/notls/debug})\n'),(8503456,9,8503454,'2023-08-04 16:01:01',1,1.59583,0,'Número de mensagens: disponível= 0 ,atualmente importado= 0 ,recuperado= 0,recusado= 0, erros=0,lista negra= 0\n'),(8503457,9,8503454,'2023-08-04 16:01:01',2,1.84228,0,'Action completed, no processing required'),(8503458,13,0,'2023-08-04 16:01:01',0,0,0,'Run mode: CLI'),(8503459,13,8503458,'2023-08-04 16:01:01',2,0.00948,0,'Action completed, no processing required'),(8503460,20,0,'2023-08-04 16:01:01',0,0,0,'Run mode: CLI'),(8503461,20,8503460,'2023-08-04 16:01:01',2,0.00924993,0,'Action completed, no processing required'),(8503462,22,0,'2023-08-04 16:01:01',0,0,0,'Run mode: CLI'),(8503463,22,8503462,'2023-08-04 16:01:01',2,0.018255,0,'Action completed, no processing required'),(8503464,23,0,'2023-08-04 16:01:01',0,0,0,'Run mode: CLI'),(8503465,23,8503464,'2023-08-04 16:01:01',2,0.00951004,0,'Action completed, no processing required'),(8503466,9,0,'2023-08-04 16:02:01',0,0,0,'Run mode: CLI'),(8503467,9,8503466,'2023-08-04 16:02:01',1,0.050226,0,'Collect mails from suporte@direitofranca.br ({imap.gmail.com:993/imap/ssl/novalidate-cert/notls/debug})\n'),(8503468,9,8503466,'2023-08-04 16:02:01',1,1.49846,0,'Número de mensagens: disponível= 0 ,atualmente importado= 0 ,recuperado= 0,recusado= 0, erros=0,lista negra= 0\n'),(8503469,9,8503466,'2023-08-04 16:02:01',2,1.72321,0,'Action completed, no processing required'),(8503470,13,0,'2023-08-04 16:02:01',0,0,0,'Run mode: CLI'),(8503471,13,8503470,'2023-08-04 16:02:01',2,0.00893784,0,'Action completed, no processing required'),(8503472,20,0,'2023-08-04 16:02:01',0,0,0,'Run mode: CLI'),(8503473,20,8503472,'2023-08-04 16:02:01',2,0.00892997,0,'Action completed, no processing required'),(8503474,22,0,'2023-08-04 16:02:01',0,0,0,'Run mode: CLI'),(8503475,22,8503474,'2023-08-04 16:02:01',2,0.0179081,0,'Action completed, no processing required'),(8503476,23,0,'2023-08-04 16:02:01',0,0,0,'Run mode: CLI'),(8503477,23,8503476,'2023-08-04 16:02:01',2,0.0100968,0,'Action completed, no processing required'),(8503478,25,0,'2023-08-04 16:02:01',0,0,0,'Run mode: CLI'),(8503479,25,8503478,'2023-08-04 16:02:01',2,0.00994706,0,'Action completed, no processing required'),(8503480,9,0,'2023-08-04 16:03:01',0,0,0,'Run mode: CLI'),(8503481,9,8503480,'2023-08-04 16:03:01',1,0.0723469,0,'Collect mails from suporte@direitofranca.br ({imap.gmail.com:993/imap/ssl/novalidate-cert/notls/debug})\n'),(8503482,9,8503480,'2023-08-04 16:03:01',1,1.52124,0,'Número de mensagens: disponível= 0 ,atualmente importado= 0 ,recuperado= 0,recusado= 0, erros=0,lista negra= 0\n'),(8503483,9,8503480,'2023-08-04 16:03:01',2,1.74807,0,'Action completed, no processing required'),(8503484,13,0,'2023-08-04 16:03:01',0,0,0,'Run mode: CLI'),(8503485,13,8503484,'2023-08-04 16:03:01',2,0.00894499,0,'Action completed, no processing required'),(8503486,20,0,'2023-08-04 16:03:01',0,0,0,'Run mode: CLI'),(8503487,20,8503486,'2023-08-04 16:03:01',2,0.00907993,0,'Action completed, no processing required'),(8503488,22,0,'2023-08-04 16:03:01',0,0,0,'Run mode: CLI'),(8503489,22,8503488,'2023-08-04 16:03:01',2,0.017333,0,'Action completed, no processing required'),(8503490,23,0,'2023-08-04 16:03:01',0,0,0,'Run mode: CLI'),(8503491,23,8503490,'2023-08-04 16:03:01',2,0.0102229,0,'Action completed, no processing required'),(8503492,9,0,'2023-08-04 16:04:01',0,0,0,'Run mode: CLI'),(8503493,9,8503492,'2023-08-04 16:04:01',1,0.06422,0,'Collect mails from suporte@direitofranca.br ({imap.gmail.com:993/imap/ssl/novalidate-cert/notls/debug})\n'),(8503494,9,8503492,'2023-08-04 16:04:01',1,1.42156,0,'Número de mensagens: disponível= 0 ,atualmente importado= 0 ,recuperado= 0,recusado= 0, erros=0,lista negra= 0\n'),(8503495,9,8503492,'2023-08-04 16:04:01',2,1.63674,0,'Action completed, no processing required'),(8503496,13,0,'2023-08-04 16:04:01',0,0,0,'Run mode: CLI'),(8503497,13,8503496,'2023-08-04 16:04:01',2,0.00897002,0,'Action completed, no processing required'),(8503498,20,0,'2023-08-04 16:04:01',0,0,0,'Run mode: CLI'),(8503499,20,8503498,'2023-08-04 16:04:01',2,0.0239692,0,'Action completed, no processing required'),(8503500,22,0,'2023-08-04 16:04:01',0,0,0,'Run mode: CLI'),(8503501,22,8503500,'2023-08-04 16:04:01',2,0.017051,0,'Action completed, no processing required'),(8503502,23,0,'2023-08-04 16:04:01',0,0,0,'Run mode: CLI'),(8503503,23,8503502,'2023-08-04 16:04:01',2,0.00966597,0,'Action completed, no processing required'),(8503504,9,0,'2023-08-04 16:05:01',0,0,0,'Run mode: CLI'),(8503505,9,8503504,'2023-08-04 16:05:01',1,0.0496809,0,'Collect mails from suporte@direitofranca.br ({imap.gmail.com:993/imap/ssl/novalidate-cert/notls/debug})\n'),(8503506,9,8503504,'2023-08-04 16:05:01',1,1.55605,0,'Número de mensagens: disponível= 0 ,atualmente importado= 0 ,recuperado= 0,recusado= 0, erros=0,lista negra= 0\n'),(8503507,9,8503504,'2023-08-04 16:05:01',2,1.80083,0,'Action completed, no processing required'),(8503508,13,0,'2023-08-04 16:05:01',0,0,0,'Run mode: CLI'),(8503509,13,8503508,'2023-08-04 16:05:01',2,0.00889492,0,'Action completed, no processing required'),(8503510,20,0,'2023-08-04 16:05:01',0,0,0,'Run mode: CLI'),(8503511,20,8503510,'2023-08-04 16:05:01',2,0.00950694,0,'Action completed, no processing required'),(8503512,22,0,'2023-08-04 16:05:01',0,0,0,'Run mode: CLI'),(8503513,22,8503512,'2023-08-04 16:05:01',2,0.0169001,0,'Action completed, no processing required'),(8503514,23,0,'2023-08-04 16:05:01',0,0,0,'Run mode: CLI'),(8503515,23,8503514,'2023-08-04 16:05:01',2,0.00889111,0,'Action completed, no processing required'),(8503516,9,0,'2023-08-04 16:06:01',0,0,0,'Run mode: CLI'),(8503517,9,8503516,'2023-08-04 16:06:01',1,0.059274,0,'Collect mails from suporte@direitofranca.br ({imap.gmail.com:993/imap/ssl/novalidate-cert/notls/debug})\n'),(8503518,9,8503516,'2023-08-04 16:06:01',1,1.65435,0,'Número de mensagens: disponível= 0 ,atualmente importado= 0 ,recuperado= 0,recusado= 0, erros=0,lista negra= 0\n'),(8503519,9,8503516,'2023-08-04 16:06:01',2,1.8956,0,'Action completed, no processing required'),(8503520,13,0,'2023-08-04 16:06:01',0,0,0,'Run mode: CLI'),(8503521,13,8503520,'2023-08-04 16:06:01',2,0.00875902,0,'Action completed, no processing required'),(8503522,20,0,'2023-08-04 16:06:01',0,0,0,'Run mode: CLI'),(8503523,20,8503522,'2023-08-04 16:06:01',2,0.0085609,0,'Action completed, no processing required'),(8503524,22,0,'2023-08-04 16:06:01',0,0,0,'Run mode: CLI'),(8503525,22,8503524,'2023-08-04 16:06:01',2,0.017375,0,'Action completed, no processing required'),(8503526,23,0,'2023-08-04 16:06:01',0,0,0,'Run mode: CLI'),(8503527,23,8503526,'2023-08-04 16:06:01',2,0.00980902,0,'Action completed, no processing required'),(8503528,9,0,'2023-08-04 16:07:01',0,0,0,'Run mode: CLI'),(8503529,9,8503528,'2023-08-04 16:07:01',1,0.050858,0,'Collect mails from suporte@direitofranca.br ({imap.gmail.com:993/imap/ssl/novalidate-cert/notls/debug})\n'),(8503530,9,8503528,'2023-08-04 16:07:01',1,2.04695,0,'Número de mensagens: disponível= 0 ,atualmente importado= 0 ,recuperado= 0,recusado= 0, erros=0,lista negra= 0\n'),(8503531,9,8503528,'2023-08-04 16:07:01',2,2.28947,0,'Action completed, no processing required'),(8503532,13,0,'2023-08-04 16:07:01',0,0,0,'Run mode: CLI'),(8503533,13,8503532,'2023-08-04 16:07:01',2,0.00850987,0,'Action completed, no processing required'),(8503534,20,0,'2023-08-04 16:07:01',0,0,0,'Run mode: CLI'),(8503535,20,8503534,'2023-08-04 16:07:01',2,0.00939989,0,'Action completed, no processing required'),(8503536,22,0,'2023-08-04 16:07:01',0,0,0,'Run mode: CLI'),(8503537,22,8503536,'2023-08-04 16:07:01',2,0.0168869,0,'Action completed, no processing required'),(8503538,23,0,'2023-08-04 16:07:01',0,0,0,'Run mode: CLI'),(8503539,23,8503538,'2023-08-04 16:07:01',2,0.00984597,0,'Action completed, no processing required'),(8503540,25,0,'2023-08-04 16:07:01',0,0,0,'Run mode: CLI'),(8503541,25,8503540,'2023-08-04 16:07:01',2,0.00828815,0,'Action completed, no processing required'),(8503542,9,0,'2023-08-04 16:08:01',0,0,0,'Run mode: CLI'),(8503543,9,8503542,'2023-08-04 16:08:01',1,0.059221,0,'Collect mails from suporte@direitofranca.br ({imap.gmail.com:993/imap/ssl/novalidate-cert/notls/debug})\n'),(8503544,9,8503542,'2023-08-04 16:08:01',1,1.54829,0,'Número de mensagens: disponível= 0 ,atualmente importado= 0 ,recuperado= 0,recusado= 0, erros=0,lista negra= 0\n'),(8503545,9,8503542,'2023-08-04 16:08:01',2,1.78963,0,'Action completed, no processing required'),(8503546,13,0,'2023-08-04 16:08:01',0,0,0,'Run mode: CLI'),(8503547,13,8503546,'2023-08-04 16:08:01',2,0.0108728,0,'Action completed, no processing required'),(8503548,20,0,'2023-08-04 16:08:01',0,0,0,'Run mode: CLI'),(8503549,20,8503548,'2023-08-04 16:08:01',2,0.00890493,0,'Action completed, no processing required'),(8503550,22,0,'2023-08-04 16:08:01',0,0,0,'Run mode: CLI'),(8503551,22,8503550,'2023-08-04 16:08:01',2,0.0174491,0,'Action completed, no processing required'),(8503552,23,0,'2023-08-04 16:08:01',0,0,0,'Run mode: CLI'),(8503553,23,8503552,'2023-08-04 16:08:01',2,0.0101528,0,'Action completed, no processing required'),(8503554,9,0,'2023-08-04 16:09:02',0,0,0,'Run mode: CLI'),(8503555,9,8503554,'2023-08-04 16:09:02',1,0.074913,0,'Collect mails from suporte@direitofranca.br ({imap.gmail.com:993/imap/ssl/novalidate-cert/notls/debug})\n'),(8503556,9,8503554,'2023-08-04 16:09:02',1,1.56185,0,'Número de mensagens: disponível= 0 ,atualmente importado= 0 ,recuperado= 0,recusado= 0, erros=0,lista negra= 0\n'),(8503557,9,8503554,'2023-08-04 16:09:02',2,1.81023,0,'Action completed, no processing required'),(8503558,13,0,'2023-08-04 16:09:02',0,0,0,'Run mode: CLI'),(8503559,13,8503558,'2023-08-04 16:09:02',2,0.00784278,0,'Action completed, no processing required'),(8503560,20,0,'2023-08-04 16:09:02',0,0,0,'Run mode: CLI'),(8503561,20,8503560,'2023-08-04 16:09:02',2,0.00844717,0,'Action completed, no processing required'),(8503562,22,0,'2023-08-04 16:09:02',0,0,0,'Run mode: CLI'),(8503563,22,8503562,'2023-08-04 16:09:02',2,0.0168419,0,'Action completed, no processing required'),(8503564,23,0,'2023-08-04 16:09:02',0,0,0,'Run mode: CLI'),(8503565,23,8503564,'2023-08-04 16:09:02',2,0.00954199,0,'Action completed, no processing required'),(8503566,9,0,'2023-08-04 16:10:02',0,0,0,'Run mode: CLI'),(8503567,9,8503566,'2023-08-04 16:10:02',1,0.0700059,0,'Collect mails from suporte@direitofranca.br ({imap.gmail.com:993/imap/ssl/novalidate-cert/notls/debug})\n'),(8503568,9,8503566,'2023-08-04 16:10:02',1,1.5578,0,'Número de mensagens: disponível= 0 ,atualmente importado= 0 ,recuperado= 0,recusado= 0, erros=0,lista negra= 0\n'),(8503569,9,8503566,'2023-08-04 16:10:02',2,1.81639,0,'Action completed, no processing required'),(8503570,13,0,'2023-08-04 16:10:02',0,0,0,'Run mode: CLI'),(8503571,13,8503570,'2023-08-04 16:10:02',2,0.00874209,0,'Action completed, no processing required'),(8503572,20,0,'2023-08-04 16:10:02',0,0,0,'Run mode: CLI'),(8503573,20,8503572,'2023-08-04 16:10:02',2,0.00924587,0,'Action completed, no processing required'),(8503574,22,0,'2023-08-04 16:10:02',0,0,0,'Run mode: CLI'),(8503575,22,8503574,'2023-08-04 16:10:02',2,0.0171399,0,'Action completed, no processing required'),(8503576,23,0,'2023-08-04 16:10:02',0,0,0,'Run mode: CLI'),(8503577,23,8503576,'2023-08-04 16:10:02',2,0.0104649,0,'Action completed, no processing required'),(8503578,9,0,'2023-08-04 16:11:02',0,0,0,'Run mode: CLI'),(8503579,9,8503578,'2023-08-04 16:11:02',1,0.0517879,0,'Collect mails from suporte@direitofranca.br ({imap.gmail.com:993/imap/ssl/novalidate-cert/notls/debug})\n'),(8503580,9,8503578,'2023-08-04 16:11:02',1,1.5466,0,'Número de mensagens: disponível= 0 ,atualmente importado= 0 ,recuperado= 0,recusado= 0, erros=0,lista negra= 0\n'),(8503581,9,8503578,'2023-08-04 16:11:02',2,1.7805,0,'Action completed, no processing required'),(8503582,13,0,'2023-08-04 16:11:02',0,0,0,'Run mode: CLI'),(8503583,13,8503582,'2023-08-04 16:11:02',2,0.00868511,0,'Action completed, no processing required'),(8503584,20,0,'2023-08-04 16:11:02',0,0,0,'Run mode: CLI'),(8503585,20,8503584,'2023-08-04 16:11:02',2,0.00901604,0,'Action completed, no processing required'),(8503586,22,0,'2023-08-04 16:11:02',0,0,0,'Run mode: CLI'),(8503587,22,8503586,'2023-08-04 16:11:02',2,0.0162151,0,'Action completed, no processing required'),(8503588,23,0,'2023-08-04 16:11:02',0,0,0,'Run mode: CLI'),(8503589,23,8503588,'2023-08-04 16:11:02',2,0.00897598,0,'Action completed, no processing required'),(8503590,9,0,'2023-08-04 16:12:02',0,0,0,'Run mode: CLI'),(8503591,9,8503590,'2023-08-04 16:12:02',1,0.0469768,0,'Collect mails from suporte@direitofranca.br ({imap.gmail.com:993/imap/ssl/novalidate-cert/notls/debug})\n'),(8503592,9,8503590,'2023-08-04 16:12:02',1,1.50258,0,'Número de mensagens: disponível= 0 ,atualmente importado= 0 ,recuperado= 0,recusado= 0, erros=0,lista negra= 0\n'),(8503593,9,8503590,'2023-08-04 16:12:02',2,1.72656,0,'Action completed, no processing required'),(8503594,13,0,'2023-08-04 16:12:02',0,0,0,'Run mode: CLI'),(8503595,13,8503594,'2023-08-04 16:12:02',2,0.00859499,0,'Action completed, no processing required'),(8503596,20,0,'2023-08-04 16:12:02',0,0,0,'Run mode: CLI'),(8503597,20,8503596,'2023-08-04 16:12:02',2,0.0088582,0,'Action completed, no processing required'),(8503598,22,0,'2023-08-04 16:12:02',0,0,0,'Run mode: CLI'),(8503599,22,8503598,'2023-08-04 16:12:02',2,0.0241661,0,'Action completed, no processing required'),(8503600,23,0,'2023-08-04 16:12:02',0,0,0,'Run mode: CLI'),(8503601,23,8503600,'2023-08-04 16:12:02',2,0.010042,0,'Action completed, no processing required'),(8503602,25,0,'2023-08-04 16:12:02',0,0,0,'Run mode: CLI'),(8503603,25,8503602,'2023-08-04 16:12:02',2,0.00781107,0,'Action completed, no processing required'),(8503604,9,0,'2023-08-04 16:13:02',0,0,0,'Run mode: CLI'),(8503605,9,8503604,'2023-08-04 16:13:02',1,0.0619268,0,'Collect mails from suporte@direitofranca.br ({imap.gmail.com:993/imap/ssl/novalidate-cert/notls/debug})\n'),(8503606,9,8503604,'2023-08-04 16:13:02',1,1.58418,0,'Número de mensagens: disponível= 0 ,atualmente importado= 0 ,recuperado= 0,recusado= 0, erros=0,lista negra= 0\n'),(8503607,9,8503604,'2023-08-04 16:13:02',2,1.82642,0,'Action completed, no processing required'),(8503608,13,0,'2023-08-04 16:13:02',0,0,0,'Run mode: CLI'),(8503609,13,8503608,'2023-08-04 16:13:02',2,0.00869393,0,'Action completed, no processing required'),(8503610,20,0,'2023-08-04 16:13:02',0,0,0,'Run mode: CLI'),(8503611,20,8503610,'2023-08-04 16:13:02',2,0.00889015,0,'Action completed, no processing required'),(8503612,22,0,'2023-08-04 16:13:02',0,0,0,'Run mode: CLI'),(8503613,22,8503612,'2023-08-04 16:13:02',2,0.0169032,0,'Action completed, no processing required'),(8503614,23,0,'2023-08-04 16:13:02',0,0,0,'Run mode: CLI'),(8503615,23,8503614,'2023-08-04 16:13:02',2,0.0108571,0,'Action completed, no processing required'),(8503616,9,0,'2023-08-04 16:14:02',0,0,0,'Run mode: CLI'),(8503617,9,8503616,'2023-08-04 16:14:02',1,0.054971,0,'Collect mails from suporte@direitofranca.br ({imap.gmail.com:993/imap/ssl/novalidate-cert/notls/debug})\n'),(8503618,9,8503616,'2023-08-04 16:14:02',1,1.5834,0,'Número de mensagens: disponível= 0 ,atualmente importado= 0 ,recuperado= 0,recusado= 0, erros=0,lista negra= 0\n'),(8503619,9,8503616,'2023-08-04 16:14:02',2,1.81649,0,'Action completed, no processing required'),(8503620,13,0,'2023-08-04 16:14:02',0,0,0,'Run mode: CLI'),(8503621,13,8503620,'2023-08-04 16:14:02',2,0.00963593,0,'Action completed, no processing required'),(8503622,20,0,'2023-08-04 16:14:02',0,0,0,'Run mode: CLI'),(8503623,20,8503622,'2023-08-04 16:14:02',2,0.00697207,0,'Action completed, no processing required'),(8503624,22,0,'2023-08-04 16:14:02',0,0,0,'Run mode: CLI'),(8503625,22,8503624,'2023-08-04 16:14:02',2,0.0170639,0,'Action completed, no processing required'),(8503626,23,0,'2023-08-04 16:14:02',0,0,0,'Run mode: CLI'),(8503627,23,8503626,'2023-08-04 16:14:02',2,0.00935102,0,'Action completed, no processing required'),(8503628,9,0,'2023-08-04 16:15:02',0,0,0,'Run mode: CLI'),(8503629,9,8503628,'2023-08-04 16:15:02',1,0.0511682,0,'Collect mails from suporte@direitofranca.br ({imap.gmail.com:993/imap/ssl/novalidate-cert/notls/debug})\n'),(8503630,9,8503628,'2023-08-04 16:15:02',1,1.49553,0,'Número de mensagens: disponível= 0 ,atualmente importado= 0 ,recuperado= 0,recusado= 0, erros=0,lista negra= 0\n'),(8503631,9,8503628,'2023-08-04 16:15:02',2,1.72837,0,'Action completed, no processing required'),(8503632,10,0,'2023-08-04 16:15:02',0,0,0,'Run mode: CLI'),(8503633,10,8503632,'2023-08-04 16:15:02',2,0.013258,0,'Action completed, no processing required'),(8503634,13,0,'2023-08-04 16:15:02',0,0,0,'Run mode: CLI'),(8503635,13,8503634,'2023-08-04 16:15:02',2,0.00992799,0,'Action completed, no processing required'),(8503636,20,0,'2023-08-04 16:15:02',0,0,0,'Run mode: CLI'),(8503637,20,8503636,'2023-08-04 16:15:02',2,0.00917101,0,'Action completed, no processing required'),(8503638,22,0,'2023-08-04 16:15:02',0,0,0,'Run mode: CLI'),(8503639,22,8503638,'2023-08-04 16:15:02',2,0.023448,0,'Action completed, no processing required'),(8503640,23,0,'2023-08-04 16:15:02',0,0,0,'Run mode: CLI'),(8503641,23,8503640,'2023-08-04 16:15:02',2,0.00999498,0,'Action completed, no processing required'),(8503642,24,0,'2023-08-04 16:15:02',0,0,0,'Run mode: CLI'),(8503643,24,8503642,'2023-08-04 16:15:02',2,0.00778198,0,'Action completed, no processing required'),(8503644,9,0,'2023-08-04 16:16:02',0,0,0,'Run mode: CLI'),(8503645,9,8503644,'2023-08-04 16:16:02',1,0.061522,0,'Collect mails from suporte@direitofranca.br ({imap.gmail.com:993/imap/ssl/novalidate-cert/notls/debug})\n'),(8503646,9,8503644,'2023-08-04 16:16:02',1,1.53685,0,'Número de mensagens: disponível= 0 ,atualmente importado= 0 ,recuperado= 0,recusado= 0, erros=0,lista negra= 0\n'),(8503647,9,8503644,'2023-08-04 16:16:02',2,1.76432,0,'Action completed, no processing required'),(8503648,13,0,'2023-08-04 16:16:02',0,0,0,'Run mode: CLI'),(8503649,13,8503648,'2023-08-04 16:16:02',2,0.00893307,0,'Action completed, no processing required'),(8503650,20,0,'2023-08-04 16:16:02',0,0,0,'Run mode: CLI'),(8503651,20,8503650,'2023-08-04 16:16:02',2,0.00897789,0,'Action completed, no processing required'),(8503652,22,0,'2023-08-04 16:16:02',0,0,0,'Run mode: CLI'),(8503653,22,8503652,'2023-08-04 16:16:02',2,0.0179179,0,'Action completed, no processing required'),(8503654,23,0,'2023-08-04 16:16:02',0,0,0,'Run mode: CLI'),(8503655,23,8503654,'2023-08-04 16:16:02',2,0.00918698,0,'Action completed, no processing required'),(8503656,39,0,'2023-08-04 16:16:02',0,0,0,'Run mode: CLI'),(8503657,39,8503656,'2023-08-04 16:16:02',2,0.00850701,1,'Action completed, fully processed'),(8503658,9,0,'2023-08-04 16:17:02',0,0,0,'Run mode: CLI'),(8503659,9,8503658,'2023-08-04 16:17:02',1,0.0466959,0,'Collect mails from suporte@direitofranca.br ({imap.gmail.com:993/imap/ssl/novalidate-cert/notls/debug})\n'),(8503660,9,8503658,'2023-08-04 16:17:02',1,1.46462,0,'Número de mensagens: disponível= 0 ,atualmente importado= 0 ,recuperado= 0,recusado= 0, erros=0,lista negra= 0\n'),(8503661,9,8503658,'2023-08-04 16:17:02',2,1.69197,0,'Action completed, no processing required'),(8503662,13,0,'2023-08-04 16:17:02',0,0,0,'Run mode: CLI'),(8503663,13,8503662,'2023-08-04 16:17:02',2,0.00900006,0,'Action completed, no processing required'),(8503664,20,0,'2023-08-04 16:17:02',0,0,0,'Run mode: CLI'),(8503665,20,8503664,'2023-08-04 16:17:02',2,0.00893998,0,'Action completed, no processing required'),(8503666,22,0,'2023-08-04 16:17:02',0,0,0,'Run mode: CLI'),(8503667,22,8503666,'2023-08-04 16:17:02',2,0.0170169,0,'Action completed, no processing required'),(8503668,23,0,'2023-08-04 16:17:02',0,0,0,'Run mode: CLI'),(8503669,23,8503668,'2023-08-04 16:17:02',2,0.010715,0,'Action completed, no processing required'),(8503670,25,0,'2023-08-04 16:17:02',0,0,0,'Run mode: CLI'),(8503671,25,8503670,'2023-08-04 16:17:02',2,0.00696683,0,'Action completed, no processing required'),(8503672,46,0,'2023-08-04 16:17:02',0,0,0,'Run mode: CLI'),(8503673,46,8503672,'2023-08-04 16:17:02',2,0.013242,0,'Action completed, no processing required'),(8503674,9,0,'2023-08-04 16:18:02',0,0,0,'Run mode: CLI'),(8503675,9,8503674,'2023-08-04 16:18:02',1,0.0515649,0,'Collect mails from suporte@direitofranca.br ({imap.gmail.com:993/imap/ssl/novalidate-cert/notls/debug})\n'),(8503676,9,8503674,'2023-08-04 16:18:02',1,1.43255,0,'Número de mensagens: disponível= 0 ,atualmente importado= 0 ,recuperado= 0,recusado= 0, erros=0,lista negra= 0\n'),(8503677,9,8503674,'2023-08-04 16:18:02',2,1.64751,0,'Action completed, no processing required'),(8503678,13,0,'2023-08-04 16:18:02',0,0,0,'Run mode: CLI'),(8503679,13,8503678,'2023-08-04 16:18:02',2,0.01071,0,'Action completed, no processing required'),(8503680,20,0,'2023-08-04 16:18:02',0,0,0,'Run mode: CLI'),(8503681,20,8503680,'2023-08-04 16:18:02',2,0.00942397,0,'Action completed, no processing required'),(8503682,22,0,'2023-08-04 16:18:02',0,0,0,'Run mode: CLI'),(8503683,22,8503682,'2023-08-04 16:18:02',2,0.0164399,0,'Action completed, no processing required'),(8503684,23,0,'2023-08-04 16:18:02',0,0,0,'Run mode: CLI'),(8503685,23,8503684,'2023-08-04 16:18:02',2,0.00713801,0,'Action completed, no processing required'),(8503686,9,0,'2023-08-04 16:19:02',0,0,0,'Run mode: CLI'),(8503687,9,8503686,'2023-08-04 16:19:02',1,0.0523829,0,'Collect mails from suporte@direitofranca.br ({imap.gmail.com:993/imap/ssl/novalidate-cert/notls/debug})\n'),(8503688,9,8503686,'2023-08-04 16:19:02',1,1.54205,0,'Número de mensagens: disponível= 0 ,atualmente importado= 0 ,recuperado= 0,recusado= 0, erros=0,lista negra= 0\n'),(8503689,9,8503686,'2023-08-04 16:19:02',2,1.7693,0,'Action completed, no processing required'),(8503690,13,0,'2023-08-04 16:19:02',0,0,0,'Run mode: CLI'),(8503691,13,8503690,'2023-08-04 16:19:02',2,0.00875592,0,'Action completed, no processing required'),(8503692,20,0,'2023-08-04 16:19:02',0,0,0,'Run mode: CLI'),(8503693,20,8503692,'2023-08-04 16:19:02',2,0.00858903,0,'Action completed, no processing required'),(8503694,22,0,'2023-08-04 16:19:02',0,0,0,'Run mode: CLI'),(8503695,22,8503694,'2023-08-04 16:19:02',2,0.0168569,0,'Action completed, no processing required'),(8503696,23,0,'2023-08-04 16:19:02',0,0,0,'Run mode: CLI'),(8503697,23,8503696,'2023-08-04 16:19:02',2,0.00968814,0,'Action completed, no processing required'),(8503698,9,0,'2023-08-04 16:20:02',0,0,0,'Run mode: CLI'),(8503699,9,8503698,'2023-08-04 16:20:02',1,0.0396869,0,'Collect mails from suporte@direitofranca.br ({imap.gmail.com:993/imap/ssl/novalidate-cert/notls/debug})\n'),(8503700,9,8503698,'2023-08-04 16:20:02',1,1.34818,0,'Número de mensagens: disponível= 0 ,atualmente importado= 0 ,recuperado= 0,recusado= 0, erros=0,lista negra= 0\n'),(8503701,9,8503698,'2023-08-04 16:20:02',2,1.56071,0,'Action completed, no processing required'),(8503702,13,0,'2023-08-04 16:20:02',0,0,0,'Run mode: CLI'),(8503703,13,8503702,'2023-08-04 16:20:02',2,0.00852013,0,'Action completed, no processing required'),(8503704,20,0,'2023-08-04 16:20:02',0,0,0,'Run mode: CLI'),(8503705,20,8503704,'2023-08-04 16:20:02',2,0.00877404,0,'Action completed, no processing required'),(8503706,22,0,'2023-08-04 16:20:02',0,0,0,'Run mode: CLI'),(8503707,22,8503706,'2023-08-04 16:20:02',2,0.0184839,0,'Action completed, no processing required'),(8503708,23,0,'2023-08-04 16:20:02',0,0,0,'Run mode: CLI'),(8503709,23,8503708,'2023-08-04 16:20:02',2,0.00978613,0,'Action completed, no processing required'),(8503710,9,0,'2023-08-04 16:21:02',0,0,0,'Run mode: CLI'),(8503711,9,8503710,'2023-08-04 16:21:02',1,0.054358,0,'Collect mails from suporte@direitofranca.br ({imap.gmail.com:993/imap/ssl/novalidate-cert/notls/debug})\n'),(8503712,9,8503710,'2023-08-04 16:21:02',1,1.583,0,'Número de mensagens: disponível= 0 ,atualmente importado= 0 ,recuperado= 0,recusado= 0, erros=0,lista negra= 0\n'),(8503713,9,8503710,'2023-08-04 16:21:02',2,1.81473,0,'Action completed, no processing required'),(8503714,13,0,'2023-08-04 16:21:02',0,0,0,'Run mode: CLI'),(8503715,13,8503714,'2023-08-04 16:21:02',2,0.0086751,0,'Action completed, no processing required'),(8503716,20,0,'2023-08-04 16:21:02',0,0,0,'Run mode: CLI'),(8503717,20,8503716,'2023-08-04 16:21:02',2,0.00915289,0,'Action completed, no processing required'),(8503718,22,0,'2023-08-04 16:21:02',0,0,0,'Run mode: CLI'),(8503719,22,8503718,'2023-08-04 16:21:02',2,0.0166318,0,'Action completed, no processing required'),(8503720,23,0,'2023-08-04 16:21:02',0,0,0,'Run mode: CLI'),(8503721,23,8503720,'2023-08-04 16:21:02',2,0.00935888,0,'Action completed, no processing required'),(8503722,9,0,'2023-08-04 16:22:02',0,0,0,'Run mode: CLI'),(8503723,9,8503722,'2023-08-04 16:22:02',1,0.0477209,0,'Collect mails from suporte@direitofranca.br ({imap.gmail.com:993/imap/ssl/novalidate-cert/notls/debug})\n'),(8503724,9,8503722,'2023-08-04 16:22:02',1,1.55455,0,'Número de mensagens: disponível= 0 ,atualmente importado= 0 ,recuperado= 0,recusado= 0, erros=0,lista negra= 0\n'),(8503725,9,8503722,'2023-08-04 16:22:02',2,1.79774,0,'Action completed, no processing required'),(8503726,13,0,'2023-08-04 16:22:02',0,0,0,'Run mode: CLI'),(8503727,13,8503726,'2023-08-04 16:22:02',2,0.0089488,0,'Action completed, no processing required'),(8503728,20,0,'2023-08-04 16:22:02',0,0,0,'Run mode: CLI'),(8503729,20,8503728,'2023-08-04 16:22:02',2,0.00948906,0,'Action completed, no processing required'),(8503730,22,0,'2023-08-04 16:22:02',0,0,0,'Run mode: CLI'),(8503731,22,8503730,'2023-08-04 16:22:02',2,0.0172141,0,'Action completed, no processing required'),(8503732,23,0,'2023-08-04 16:22:02',0,0,0,'Run mode: CLI'),(8503733,23,8503732,'2023-08-04 16:22:02',2,0.0089128,0,'Action completed, no processing required'),(8503734,25,0,'2023-08-04 16:22:02',0,0,0,'Run mode: CLI'),(8503735,25,8503734,'2023-08-04 16:22:02',2,0.00789595,0,'Action completed, no processing required'),(8503736,9,0,'2023-08-04 16:23:02',0,0,0,'Run mode: CLI'),(8503737,9,8503736,'2023-08-04 16:23:02',1,0.0613132,0,'Collect mails from suporte@direitofranca.br ({imap.gmail.com:993/imap/ssl/novalidate-cert/notls/debug})\n'),(8503738,9,8503736,'2023-08-04 16:23:02',1,1.54508,0,'Número de mensagens: disponível= 0 ,atualmente importado= 0 ,recuperado= 0,recusado= 0, erros=0,lista negra= 0\n'),(8503739,9,8503736,'2023-08-04 16:23:02',2,1.77688,0,'Action completed, no processing required'),(8503740,13,0,'2023-08-04 16:23:02',0,0,0,'Run mode: CLI'),(8503741,13,8503740,'2023-08-04 16:23:02',2,0.00672007,0,'Action completed, no processing required'),(8503742,20,0,'2023-08-04 16:23:02',0,0,0,'Run mode: CLI'),(8503743,20,8503742,'2023-08-04 16:23:02',2,0.00884986,0,'Action completed, no processing required'),(8503744,22,0,'2023-08-04 16:23:02',0,0,0,'Run mode: CLI'),(8503745,22,8503744,'2023-08-04 16:23:02',2,0.016849,0,'Action completed, no processing required'),(8503746,23,0,'2023-08-04 16:23:02',0,0,0,'Run mode: CLI'),(8503747,23,8503746,'2023-08-04 16:23:02',2,0.00877619,0,'Action completed, no processing required'),(8503748,9,0,'2023-08-04 16:24:02',0,0,0,'Run mode: CLI'),(8503749,9,8503748,'2023-08-04 16:24:02',1,0.061584,0,'Collect mails from suporte@direitofranca.br ({imap.gmail.com:993/imap/ssl/novalidate-cert/notls/debug})\n'),(8503750,9,8503748,'2023-08-04 16:24:02',1,1.9714,0,'Número de mensagens: disponível= 0 ,atualmente importado= 0 ,recuperado= 0,recusado= 0, erros=0,lista negra= 0\n'),(8503751,9,8503748,'2023-08-04 16:24:02',2,2.20534,0,'Action completed, no processing required'),(8503752,13,0,'2023-08-04 16:24:02',0,0,0,'Run mode: CLI'),(8503753,13,8503752,'2023-08-04 16:24:02',2,0.00917196,0,'Action completed, no processing required'),(8503754,20,0,'2023-08-04 16:24:02',0,0,0,'Run mode: CLI'),(8503755,20,8503754,'2023-08-04 16:24:02',2,0.00845098,0,'Action completed, no processing required'),(8503756,22,0,'2023-08-04 16:24:02',0,0,0,'Run mode: CLI'),(8503757,22,8503756,'2023-08-04 16:24:02',2,0.0168738,0,'Action completed, no processing required'),(8503758,23,0,'2023-08-04 16:24:02',0,0,0,'Run mode: CLI'),(8503759,23,8503758,'2023-08-04 16:24:02',2,0.009269,0,'Action completed, no processing required'),(8503760,9,0,'2023-08-04 16:25:02',0,0,0,'Run mode: CLI'),(8503761,9,8503760,'2023-08-04 16:25:02',1,0.055968,0,'Collect mails from suporte@direitofranca.br ({imap.gmail.com:993/imap/ssl/novalidate-cert/notls/debug})\n'),(8503762,9,8503760,'2023-08-04 16:25:02',1,1.54807,0,'Número de mensagens: disponível= 0 ,atualmente importado= 0 ,recuperado= 0,recusado= 0, erros=0,lista negra= 0\n'),(8503763,9,8503760,'2023-08-04 16:25:02',2,1.77943,0,'Action completed, no processing required'),(8503764,13,0,'2023-08-04 16:25:02',0,0,0,'Run mode: CLI'),(8503765,13,8503764,'2023-08-04 16:25:02',2,0.00883007,0,'Action completed, no processing required'),(8503766,20,0,'2023-08-04 16:25:02',0,0,0,'Run mode: CLI'),(8503767,20,8503766,'2023-08-04 16:25:02',2,0.00844502,0,'Action completed, no processing required'),(8503768,22,0,'2023-08-04 16:25:02',0,0,0,'Run mode: CLI'),(8503769,22,8503768,'2023-08-04 16:25:02',2,0.018368,0,'Action completed, no processing required'),(8503770,23,0,'2023-08-04 16:25:02',0,0,0,'Run mode: CLI'),(8503771,23,8503770,'2023-08-04 16:25:02',2,0.00988412,0,'Action completed, no processing required'),(8503772,9,0,'2023-08-04 16:26:02',0,0,0,'Run mode: CLI'),(8503773,9,8503772,'2023-08-04 16:26:02',1,0.0553288,0,'Collect mails from suporte@direitofranca.br ({imap.gmail.com:993/imap/ssl/novalidate-cert/notls/debug})\n'),(8503774,9,8503772,'2023-08-04 16:26:02',1,1.71659,0,'Número de mensagens: disponível= 0 ,atualmente importado= 0 ,recuperado= 0,recusado= 0, erros=0,lista negra= 0\n'),(8503775,9,8503772,'2023-08-04 16:26:02',2,1.96104,0,'Action completed, no processing required'),(8503776,13,0,'2023-08-04 16:26:02',0,0,0,'Run mode: CLI'),(8503777,13,8503776,'2023-08-04 16:26:02',2,0.00868082,0,'Action completed, no processing required'),(8503778,20,0,'2023-08-04 16:26:02',0,0,0,'Run mode: CLI'),(8503779,20,8503778,'2023-08-04 16:26:02',2,0.0089581,0,'Action completed, no processing required'),(8503780,22,0,'2023-08-04 16:26:02',0,0,0,'Run mode: CLI'),(8503781,22,8503780,'2023-08-04 16:26:02',2,0.019918,0,'Action completed, no processing required'),(8503782,23,0,'2023-08-04 16:26:02',0,0,0,'Run mode: CLI'),(8503783,23,8503782,'2023-08-04 16:26:02',2,0.00751901,0,'Action completed, no processing required'),(8503784,9,0,'2023-08-04 16:27:02',0,0,0,'Run mode: CLI'),(8503785,9,8503784,'2023-08-04 16:27:02',1,0.0589051,0,'Collect mails from suporte@direitofranca.br ({imap.gmail.com:993/imap/ssl/novalidate-cert/notls/debug})\n'),(8503786,9,8503784,'2023-08-04 16:27:02',1,1.58117,0,'Número de mensagens: disponível= 0 ,atualmente importado= 0 ,recuperado= 0,recusado= 0, erros=0,lista negra= 0\n'),(8503787,9,8503784,'2023-08-04 16:27:02',2,1.81214,0,'Action completed, no processing required'),(8503788,13,0,'2023-08-04 16:27:02',0,0,0,'Run mode: CLI'),(8503789,13,8503788,'2023-08-04 16:27:02',2,0.00885201,0,'Action completed, no processing required'),(8503790,20,0,'2023-08-04 16:27:02',0,0,0,'Run mode: CLI'),(8503791,20,8503790,'2023-08-04 16:27:02',2,0.00878215,0,'Action completed, no processing required'),(8503792,22,0,'2023-08-04 16:27:02',0,0,0,'Run mode: CLI'),(8503793,22,8503792,'2023-08-04 16:27:02',2,0.0174139,0,'Action completed, no processing required'),(8503794,23,0,'2023-08-04 16:27:02',0,0,0,'Run mode: CLI'),(8503795,23,8503794,'2023-08-04 16:27:02',2,0.00915122,0,'Action completed, no processing required'),(8503796,25,0,'2023-08-04 16:27:02',0,0,0,'Run mode: CLI'),(8503797,25,8503796,'2023-08-04 16:27:02',2,0.00601697,0,'Action completed, no processing required'),(8503798,9,0,'2023-08-04 16:28:02',0,0,0,'Run mode: CLI'),(8503799,9,8503798,'2023-08-04 16:28:02',1,0.0547609,0,'Collect mails from suporte@direitofranca.br ({imap.gmail.com:993/imap/ssl/novalidate-cert/notls/debug})\n'),(8503800,9,8503798,'2023-08-04 16:28:02',1,1.58026,0,'Número de mensagens: disponível= 0 ,atualmente importado= 0 ,recuperado= 0,recusado= 0, erros=0,lista negra= 0\n'),(8503801,9,8503798,'2023-08-04 16:28:02',2,1.85248,0,'Action completed, no processing required'),(8503802,13,0,'2023-08-04 16:28:02',0,0,0,'Run mode: CLI'),(8503803,13,8503802,'2023-08-04 16:28:02',2,0.00926495,0,'Action completed, no processing required'),(8503804,20,0,'2023-08-04 16:28:02',0,0,0,'Run mode: CLI'),(8503805,20,8503804,'2023-08-04 16:28:02',2,0.00938702,0,'Action completed, no processing required'),(8503806,22,0,'2023-08-04 16:28:02',0,0,0,'Run mode: CLI'),(8503807,22,8503806,'2023-08-04 16:28:02',2,0.017138,0,'Action completed, no processing required'),(8503808,23,0,'2023-08-04 16:28:02',0,0,0,'Run mode: CLI'),(8503809,23,8503808,'2023-08-04 16:28:02',2,0.00889397,0,'Action completed, no processing required'),(8503810,9,0,'2023-08-04 16:29:02',0,0,0,'Run mode: CLI'),(8503811,9,8503810,'2023-08-04 16:29:02',1,0.052305,0,'Collect mails from suporte@direitofranca.br ({imap.gmail.com:993/imap/ssl/novalidate-cert/notls/debug})\n'),(8503812,9,8503810,'2023-08-04 16:29:02',1,1.70947,0,'Número de mensagens: disponível= 0 ,atualmente importado= 0 ,recuperado= 0,recusado= 0, erros=0,lista negra= 0\n'),(8503813,9,8503810,'2023-08-04 16:29:02',2,1.96332,0,'Action completed, no processing required'),(8503814,13,0,'2023-08-04 16:29:02',0,0,0,'Run mode: CLI'),(8503815,13,8503814,'2023-08-04 16:29:02',2,0.00894785,0,'Action completed, no processing required'),(8503816,20,0,'2023-08-04 16:29:02',0,0,0,'Run mode: CLI'),(8503817,20,8503816,'2023-08-04 16:29:02',2,0.00723386,0,'Action completed, no processing required'),(8503818,22,0,'2023-08-04 16:29:02',0,0,0,'Run mode: CLI'),(8503819,22,8503818,'2023-08-04 16:29:02',2,0.0169981,0,'Action completed, no processing required'),(8503820,23,0,'2023-08-04 16:29:02',0,0,0,'Run mode: CLI'),(8503821,23,8503820,'2023-08-04 16:29:02',2,0.00912094,0,'Action completed, no processing required'),(8503822,9,0,'2023-08-04 16:30:02',0,0,0,'Run mode: CLI'),(8503823,9,8503822,'2023-08-04 16:30:02',1,0.0577629,0,'Collect mails from suporte@direitofranca.br ({imap.gmail.com:993/imap/ssl/novalidate-cert/notls/debug})\n'),(8503824,9,8503822,'2023-08-04 16:30:02',1,1.5227,0,'Número de mensagens: disponível= 0 ,atualmente importado= 0 ,recuperado= 0,recusado= 0, erros=0,lista negra= 0\n'),(8503825,9,8503822,'2023-08-04 16:30:02',2,1.77547,0,'Action completed, no processing required'),(8503826,13,0,'2023-08-04 16:30:02',0,0,0,'Run mode: CLI'),(8503827,13,8503826,'2023-08-04 16:30:02',2,0.008744,0,'Action completed, no processing required'),(8503828,20,0,'2023-08-04 16:30:02',0,0,0,'Run mode: CLI'),(8503829,20,8503828,'2023-08-04 16:30:02',2,0.00899887,0,'Action completed, no processing required'),(8503830,22,0,'2023-08-04 16:30:02',0,0,0,'Run mode: CLI'),(8503831,22,8503830,'2023-08-04 16:30:02',2,0.0164709,0,'Action completed, no processing required'),(8503832,23,0,'2023-08-04 16:30:02',0,0,0,'Run mode: CLI'),(8503833,23,8503832,'2023-08-04 16:30:02',2,0.00931096,0,'Action completed, no processing required'),(8503834,9,0,'2023-08-04 16:31:02',0,0,0,'Run mode: CLI'),(8503835,9,8503834,'2023-08-04 16:31:02',1,0.06199,0,'Collect mails from suporte@direitofranca.br ({imap.gmail.com:993/imap/ssl/novalidate-cert/notls/debug})\n'),(8503836,9,8503834,'2023-08-04 16:31:02',1,1.66959,0,'Número de mensagens: disponível= 0 ,atualmente importado= 0 ,recuperado= 0,recusado= 0, erros=0,lista negra= 0\n'),(8503837,9,8503834,'2023-08-04 16:31:02',2,1.96574,0,'Action completed, no processing required'),(8503838,13,0,'2023-08-04 16:31:02',0,0,0,'Run mode: CLI'),(8503839,13,8503838,'2023-08-04 16:31:02',2,0.00879407,0,'Action completed, no processing required'),(8503840,20,0,'2023-08-04 16:31:02',0,0,0,'Run mode: CLI'),(8503841,20,8503840,'2023-08-04 16:31:02',2,0.00908589,0,'Action completed, no processing required'),(8503842,22,0,'2023-08-04 16:31:02',0,0,0,'Run mode: CLI'),(8503843,22,8503842,'2023-08-04 16:31:02',2,0.0169201,0,'Action completed, no processing required'),(8503844,23,0,'2023-08-04 16:31:02',0,0,0,'Run mode: CLI'),(8503845,23,8503844,'2023-08-04 16:31:02',2,0.0110021,0,'Action completed, no processing required'),(8503846,9,0,'2023-08-04 16:32:02',0,0,0,'Run mode: CLI'),(8503847,9,8503846,'2023-08-04 16:32:02',1,0.065629,0,'Collect mails from suporte@direitofranca.br ({imap.gmail.com:993/imap/ssl/novalidate-cert/notls/debug})\n'),(8503848,9,8503846,'2023-08-04 16:32:02',1,1.45422,0,'Número de mensagens: disponível= 0 ,atualmente importado= 0 ,recuperado= 0,recusado= 0, erros=0,lista negra= 0\n'),(8503849,9,8503846,'2023-08-04 16:32:02',2,1.67257,0,'Action completed, no processing required'),(8503850,13,0,'2023-08-04 16:32:02',0,0,0,'Run mode: CLI'),(8503851,13,8503850,'2023-08-04 16:32:02',2,0.00880885,0,'Action completed, no processing required'),(8503852,20,0,'2023-08-04 16:32:02',0,0,0,'Run mode: CLI'),(8503853,20,8503852,'2023-08-04 16:32:02',2,0.00897408,0,'Action completed, no processing required'),(8503854,22,0,'2023-08-04 16:32:02',0,0,0,'Run mode: CLI'),(8503855,22,8503854,'2023-08-04 16:32:02',2,0.0166211,0,'Action completed, no processing required'),(8503856,23,0,'2023-08-04 16:32:02',0,0,0,'Run mode: CLI'),(8503857,23,8503856,'2023-08-04 16:32:02',2,0.00943303,0,'Action completed, no processing required'),(8503858,25,0,'2023-08-04 16:32:02',0,0,0,'Run mode: CLI'),(8503859,25,8503858,'2023-08-04 16:32:02',2,0.00827503,0,'Action completed, no processing required'),(8503860,9,0,'2023-08-04 16:33:02',0,0,0,'Run mode: CLI'),(8503861,9,8503860,'2023-08-04 16:33:02',1,0.060621,0,'Collect mails from suporte@direitofranca.br ({imap.gmail.com:993/imap/ssl/novalidate-cert/notls/debug})\n'),(8503862,9,8503860,'2023-08-04 16:33:02',1,1.65306,0,'Número de mensagens: disponível= 0 ,atualmente importado= 0 ,recuperado= 0,recusado= 0, erros=0,lista negra= 0\n'),(8503863,9,8503860,'2023-08-04 16:33:02',2,1.88352,0,'Action completed, no processing required'),(8503864,13,0,'2023-08-04 16:33:02',0,0,0,'Run mode: CLI'),(8503865,13,8503864,'2023-08-04 16:33:02',2,0.00868583,0,'Action completed, no processing required'),(8503866,20,0,'2023-08-04 16:33:02',0,0,0,'Run mode: CLI'),(8503867,20,8503866,'2023-08-04 16:33:02',2,0.010536,0,'Action completed, no processing required'),(8503868,22,0,'2023-08-04 16:33:02',0,0,0,'Run mode: CLI'),(8503869,22,8503868,'2023-08-04 16:33:02',2,0.0169969,0,'Action completed, no processing required'),(8503870,23,0,'2023-08-04 16:33:02',0,0,0,'Run mode: CLI'),(8503871,23,8503870,'2023-08-04 16:33:02',2,0.00963593,0,'Action completed, no processing required'),(8503872,9,0,'2023-08-04 16:34:02',0,0,0,'Run mode: CLI'),(8503873,9,8503872,'2023-08-04 16:34:02',1,0.06197,0,'Collect mails from suporte@direitofranca.br ({imap.gmail.com:993/imap/ssl/novalidate-cert/notls/debug})\n'),(8503874,9,8503872,'2023-08-04 16:34:02',1,1.82221,0,'Número de mensagens: disponível= 0 ,atualmente importado= 0 ,recuperado= 0,recusado= 0, erros=0,lista negra= 0\n'),(8503875,9,8503872,'2023-08-04 16:34:02',2,2.08301,0,'Action completed, no processing required'),(8503876,13,0,'2023-08-04 16:34:02',0,0,0,'Run mode: CLI'),(8503877,13,8503876,'2023-08-04 16:34:02',2,0.00839496,0,'Action completed, no processing required'),(8503878,20,0,'2023-08-04 16:34:02',0,0,0,'Run mode: CLI'),(8503879,20,8503878,'2023-08-04 16:34:02',2,0.00886083,0,'Action completed, no processing required'),(8503880,22,0,'2023-08-04 16:34:02',0,0,0,'Run mode: CLI'),(8503881,22,8503880,'2023-08-04 16:34:02',2,0.0165608,0,'Action completed, no processing required'),(8503882,23,0,'2023-08-04 16:34:02',0,0,0,'Run mode: CLI'),(8503883,23,8503882,'2023-08-04 16:34:02',2,0.009547,0,'Action completed, no processing required'),(8503884,9,0,'2023-08-04 16:35:02',0,0,0,'Run mode: CLI'),(8503885,9,8503884,'2023-08-04 16:35:02',1,0.0601192,0,'Collect mails from suporte@direitofranca.br ({imap.gmail.com:993/imap/ssl/novalidate-cert/notls/debug})\n'),(8503886,9,8503884,'2023-08-04 16:35:02',1,1.65705,0,'Número de mensagens: disponível= 0 ,atualmente importado= 0 ,recuperado= 0,recusado= 0, erros=0,lista negra= 0\n'),(8503887,9,8503884,'2023-08-04 16:35:02',2,1.86892,0,'Action completed, no processing required'),(8503888,13,0,'2023-08-04 16:35:02',0,0,0,'Run mode: CLI'),(8503889,13,8503888,'2023-08-04 16:35:02',2,0.00908995,0,'Action completed, no processing required'),(8503890,20,0,'2023-08-04 16:35:02',0,0,0,'Run mode: CLI'),(8503891,20,8503890,'2023-08-04 16:35:02',2,0.00891805,0,'Action completed, no processing required'),(8503892,22,0,'2023-08-04 16:35:02',0,0,0,'Run mode: CLI'),(8503893,22,8503892,'2023-08-04 16:35:02',2,0.0171289,0,'Action completed, no processing required'),(8503894,23,0,'2023-08-04 16:35:02',0,0,0,'Run mode: CLI'),(8503895,23,8503894,'2023-08-04 16:35:02',2,0.00898981,0,'Action completed, no processing required'),(8503896,9,0,'2023-08-04 16:36:02',0,0,0,'Run mode: CLI'),(8503897,9,8503896,'2023-08-04 16:36:02',1,0.0619709,0,'Collect mails from suporte@direitofranca.br ({imap.gmail.com:993/imap/ssl/novalidate-cert/notls/debug})\n'),(8503898,9,8503896,'2023-08-04 16:36:02',1,1.72951,0,'Número de mensagens: disponível= 0 ,atualmente importado= 0 ,recuperado= 0,recusado= 0, erros=0,lista negra= 0\n'),(8503899,9,8503896,'2023-08-04 16:36:02',2,1.96275,0,'Action completed, no processing required'),(8503900,13,0,'2023-08-04 16:36:02',0,0,0,'Run mode: CLI'),(8503901,13,8503900,'2023-08-04 16:36:02',2,0.00852084,0,'Action completed, no processing required'),(8503902,20,0,'2023-08-04 16:36:02',0,0,0,'Run mode: CLI'),(8503903,20,8503902,'2023-08-04 16:36:02',2,0.00805902,0,'Action completed, no processing required'),(8503904,22,0,'2023-08-04 16:36:02',0,0,0,'Run mode: CLI'),(8503905,22,8503904,'2023-08-04 16:36:02',2,0.0136988,0,'Action completed, no processing required'),(8503906,23,0,'2023-08-04 16:36:02',0,0,0,'Run mode: CLI'),(8503907,23,8503906,'2023-08-04 16:36:02',2,0.00980711,0,'Action completed, no processing required'),(8503908,9,0,'2023-08-04 16:37:02',0,0,0,'Run mode: CLI'),(8503909,9,8503908,'2023-08-04 16:37:02',1,0.0590022,0,'Collect mails from suporte@direitofranca.br ({imap.gmail.com:993/imap/ssl/novalidate-cert/notls/debug})\n'),(8503910,9,8503908,'2023-08-04 16:37:02',1,1.68982,0,'Número de mensagens: disponível= 0 ,atualmente importado= 0 ,recuperado= 0,recusado= 0, erros=0,lista negra= 0\n'),(8503911,9,8503908,'2023-08-04 16:37:02',2,1.9191,0,'Action completed, no processing required'),(8503912,13,0,'2023-08-04 16:37:02',0,0,0,'Run mode: CLI'),(8503913,13,8503912,'2023-08-04 16:37:02',2,0.00936103,0,'Action completed, no processing required'),(8503914,20,0,'2023-08-04 16:37:02',0,0,0,'Run mode: CLI'),(8503915,20,8503914,'2023-08-04 16:37:02',2,0.00924683,0,'Action completed, no processing required'),(8503916,22,0,'2023-08-04 16:37:02',0,0,0,'Run mode: CLI'),(8503917,22,8503916,'2023-08-04 16:37:02',2,0.017298,0,'Action completed, no processing required'),(8503918,23,0,'2023-08-04 16:37:02',0,0,0,'Run mode: CLI'),(8503919,23,8503918,'2023-08-04 16:37:02',2,0.00982594,0,'Action completed, no processing required'),(8503920,25,0,'2023-08-04 16:37:02',0,0,0,'Run mode: CLI'),(8503921,25,8503920,'2023-08-04 16:37:02',2,0.00800204,0,'Action completed, no processing required'),(8503922,9,0,'2023-08-04 16:38:02',0,0,0,'Run mode: CLI'),(8503923,9,8503922,'2023-08-04 16:38:02',1,0.061862,0,'Collect mails from suporte@direitofranca.br ({imap.gmail.com:993/imap/ssl/novalidate-cert/notls/debug})\n'),(8503924,9,8503922,'2023-08-04 16:38:02',1,1.60959,0,'Número de mensagens: disponível= 0 ,atualmente importado= 0 ,recuperado= 0,recusado= 0, erros=0,lista negra= 0\n'),(8503925,9,8503922,'2023-08-04 16:38:02',2,1.85324,0,'Action completed, no processing required'),(8503926,13,0,'2023-08-04 16:38:02',0,0,0,'Run mode: CLI'),(8503927,13,8503926,'2023-08-04 16:38:02',2,0.00887203,0,'Action completed, no processing required'),(8503928,20,0,'2023-08-04 16:38:02',0,0,0,'Run mode: CLI'),(8503929,20,8503928,'2023-08-04 16:38:02',2,0.00907183,0,'Action completed, no processing required'),(8503930,22,0,'2023-08-04 16:38:02',0,0,0,'Run mode: CLI'),(8503931,22,8503930,'2023-08-04 16:38:02',2,0.0171511,0,'Action completed, no processing required'),(8503932,23,0,'2023-08-04 16:38:02',0,0,0,'Run mode: CLI'),(8503933,23,8503932,'2023-08-04 16:38:02',2,0.00965714,0,'Action completed, no processing required'),(8503934,9,0,'2023-08-04 16:39:02',0,0,0,'Run mode: CLI'),(8503935,9,8503934,'2023-08-04 16:39:02',1,0.0686879,0,'Collect mails from suporte@direitofranca.br ({imap.gmail.com:993/imap/ssl/novalidate-cert/notls/debug})\n'),(8503936,9,8503934,'2023-08-04 16:39:02',1,1.58386,0,'Número de mensagens: disponível= 0 ,atualmente importado= 0 ,recuperado= 0,recusado= 0, erros=0,lista negra= 0\n'),(8503937,9,8503934,'2023-08-04 16:39:02',2,1.8174,0,'Action completed, no processing required'),(8503938,13,0,'2023-08-04 16:39:02',0,0,0,'Run mode: CLI'),(8503939,13,8503938,'2023-08-04 16:39:02',2,0.010231,0,'Action completed, no processing required'),(8503940,20,0,'2023-08-04 16:39:02',0,0,0,'Run mode: CLI'),(8503941,20,8503940,'2023-08-04 16:39:02',2,0.00936007,0,'Action completed, no processing required'),(8503942,22,0,'2023-08-04 16:39:02',0,0,0,'Run mode: CLI'),(8503943,22,8503942,'2023-08-04 16:39:02',2,0.018398,0,'Action completed, no processing required'),(8503944,23,0,'2023-08-04 16:39:02',0,0,0,'Run mode: CLI'),(8503945,23,8503944,'2023-08-04 16:39:02',2,0.00963092,0,'Action completed, no processing required'),(8503946,9,0,'2023-08-04 16:40:02',0,0,0,'Run mode: CLI'),(8503947,9,8503946,'2023-08-04 16:40:02',1,0.0638471,0,'Collect mails from suporte@direitofranca.br ({imap.gmail.com:993/imap/ssl/novalidate-cert/notls/debug})\n'),(8503948,9,8503946,'2023-08-04 16:40:02',1,1.83367,0,'Número de mensagens: disponível= 0 ,atualmente importado= 0 ,recuperado= 0,recusado= 0, erros=0,lista negra= 0\n'),(8503949,9,8503946,'2023-08-04 16:40:02',2,2.1061,0,'Action completed, no processing required'),(8503950,13,0,'2023-08-04 16:40:02',0,0,0,'Run mode: CLI'),(8503951,13,8503950,'2023-08-04 16:40:02',2,0.00861907,0,'Action completed, no processing required'),(8503952,20,0,'2023-08-04 16:40:02',0,0,0,'Run mode: CLI'),(8503953,20,8503952,'2023-08-04 16:40:02',2,0.0088861,0,'Action completed, no processing required'),(8503954,22,0,'2023-08-04 16:40:02',0,0,0,'Run mode: CLI'),(8503955,22,8503954,'2023-08-04 16:40:02',2,0.0163291,0,'Action completed, no processing required'),(8503956,23,0,'2023-08-04 16:40:02',0,0,0,'Run mode: CLI'),(8503957,23,8503956,'2023-08-04 16:40:02',2,0.00922513,0,'Action completed, no processing required'),(8503958,9,0,'2023-08-04 16:41:02',0,0,0,'Run mode: CLI'),(8503959,9,8503958,'2023-08-04 16:41:02',1,0.0584381,0,'Collect mails from suporte@direitofranca.br ({imap.gmail.com:993/imap/ssl/novalidate-cert/notls/debug})\n'),(8503960,9,8503958,'2023-08-04 16:41:02',1,1.71272,0,'Número de mensagens: disponível= 0 ,atualmente importado= 0 ,recuperado= 0,recusado= 0, erros=0,lista negra= 0\n'),(8503961,9,8503958,'2023-08-04 16:41:02',2,1.94593,0,'Action completed, no processing required'),(8503962,13,0,'2023-08-04 16:41:02',0,0,0,'Run mode: CLI'),(8503963,13,8503962,'2023-08-04 16:41:02',2,0.0086112,0,'Action completed, no processing required'),(8503964,20,0,'2023-08-04 16:41:02',0,0,0,'Run mode: CLI'),(8503965,20,8503964,'2023-08-04 16:41:02',2,0.00902605,0,'Action completed, no processing required'),(8503966,22,0,'2023-08-04 16:41:02',0,0,0,'Run mode: CLI'),(8503967,22,8503966,'2023-08-04 16:41:02',2,0.0166409,0,'Action completed, no processing required'),(8503968,23,0,'2023-08-04 16:41:02',0,0,0,'Run mode: CLI'),(8503969,23,8503968,'2023-08-04 16:41:02',2,0.00976706,0,'Action completed, no processing required'),(8503970,9,0,'2023-08-04 16:42:02',0,0,0,'Run mode: CLI'),(8503971,9,8503970,'2023-08-04 16:42:02',1,0.056952,0,'Collect mails from suporte@direitofranca.br ({imap.gmail.com:993/imap/ssl/novalidate-cert/notls/debug})\n'),(8503972,9,8503970,'2023-08-04 16:42:02',1,1.63827,0,'Número de mensagens: disponível= 0 ,atualmente importado= 0 ,recuperado= 0,recusado= 0, erros=0,lista negra= 0\n'),(8503973,9,8503970,'2023-08-04 16:42:02',2,1.95125,0,'Action completed, no processing required'),(8503974,13,0,'2023-08-04 16:42:02',0,0,0,'Run mode: CLI'),(8503975,13,8503974,'2023-08-04 16:42:02',2,0.00857997,0,'Action completed, no processing required'),(8503976,20,0,'2023-08-04 16:42:02',0,0,0,'Run mode: CLI'),(8503977,20,8503976,'2023-08-04 16:42:02',2,0.00885987,0,'Action completed, no processing required'),(8503978,22,0,'2023-08-04 16:42:02',0,0,0,'Run mode: CLI'),(8503979,22,8503978,'2023-08-04 16:42:02',2,0.0161572,0,'Action completed, no processing required'),(8503980,23,0,'2023-08-04 16:42:02',0,0,0,'Run mode: CLI'),(8503981,23,8503980,'2023-08-04 16:42:02',2,0.00912404,0,'Action completed, no processing required'),(8503982,25,0,'2023-08-04 16:42:02',0,0,0,'Run mode: CLI'),(8503983,25,8503982,'2023-08-04 16:42:02',2,0.00784302,0,'Action completed, no processing required'),(8503984,9,0,'2023-08-04 16:43:02',0,0,0,'Run mode: CLI'),(8503985,9,8503984,'2023-08-04 16:43:02',1,0.0603671,0,'Collect mails from suporte@direitofranca.br ({imap.gmail.com:993/imap/ssl/novalidate-cert/notls/debug})\n'),(8503986,9,8503984,'2023-08-04 16:43:02',1,1.6359,0,'Número de mensagens: disponível= 0 ,atualmente importado= 0 ,recuperado= 0,recusado= 0, erros=0,lista negra= 0\n'),(8503987,9,8503984,'2023-08-04 16:43:02',2,1.87084,0,'Action completed, no processing required'),(8503988,13,0,'2023-08-04 16:43:02',0,0,0,'Run mode: CLI'),(8503989,13,8503988,'2023-08-04 16:43:02',2,0.00836015,0,'Action completed, no processing required'),(8503990,20,0,'2023-08-04 16:43:02',0,0,0,'Run mode: CLI'),(8503991,20,8503990,'2023-08-04 16:43:02',2,0.00819516,0,'Action completed, no processing required'),(8503992,22,0,'2023-08-04 16:43:02',0,0,0,'Run mode: CLI'),(8503993,22,8503992,'2023-08-04 16:43:02',2,0.0168419,0,'Action completed, no processing required'),(8503994,23,0,'2023-08-04 16:43:02',0,0,0,'Run mode: CLI'),(8503995,23,8503994,'2023-08-04 16:43:02',2,0.00989103,0,'Action completed, no processing required'),(8503996,9,0,'2023-08-04 16:44:02',0,0,0,'Run mode: CLI'),(8503997,9,8503996,'2023-08-04 16:44:02',1,0.0586421,0,'Collect mails from suporte@direitofranca.br ({imap.gmail.com:993/imap/ssl/novalidate-cert/notls/debug})\n'),(8503998,9,8503996,'2023-08-04 16:44:02',1,1.82376,0,'Número de mensagens: disponível= 0 ,atualmente importado= 0 ,recuperado= 0,recusado= 0, erros=0,lista negra= 0\n'),(8503999,9,8503996,'2023-08-04 16:44:02',2,2.06897,0,'Action completed, no processing required'),(8504000,13,0,'2023-08-04 16:44:02',0,0,0,'Run mode: CLI'),(8504001,13,8504000,'2023-08-04 16:44:02',2,0.00953889,0,'Action completed, no processing required'),(8504002,20,0,'2023-08-04 16:44:02',0,0,0,'Run mode: CLI'),(8504003,20,8504002,'2023-08-04 16:44:02',2,0.00887895,0,'Action completed, no processing required'),(8504004,22,0,'2023-08-04 16:44:02',0,0,0,'Run mode: CLI'),(8504005,22,8504004,'2023-08-04 16:44:02',2,0.0172799,0,'Action completed, no processing required'),(8504006,23,0,'2023-08-04 16:44:02',0,0,0,'Run mode: CLI'),(8504007,23,8504006,'2023-08-04 16:44:02',2,0.00993204,0,'Action completed, no processing required'),(8504008,9,0,'2023-08-04 16:45:02',0,0,0,'Run mode: CLI'),(8504009,9,8504008,'2023-08-04 16:45:02',1,0.066699,0,'Collect mails from suporte@direitofranca.br ({imap.gmail.com:993/imap/ssl/novalidate-cert/notls/debug})\n'),(8504010,9,8504008,'2023-08-04 16:45:02',1,1.90897,0,'Número de mensagens: disponível= 0 ,atualmente importado= 0 ,recuperado= 0,recusado= 0, erros=0,lista negra= 0\n'),(8504011,9,8504008,'2023-08-04 16:45:02',2,2.21741,0,'Action completed, no processing required'),(8504012,13,0,'2023-08-04 16:45:02',0,0,0,'Run mode: CLI'),(8504013,13,8504012,'2023-08-04 16:45:02',2,0.00919199,0,'Action completed, no processing required'),(8504014,20,0,'2023-08-04 16:45:02',0,0,0,'Run mode: CLI'),(8504015,20,8504014,'2023-08-04 16:45:02',2,0.0110848,0,'Action completed, no processing required'),(8504016,22,0,'2023-08-04 16:45:02',0,0,0,'Run mode: CLI'),(8504017,22,8504016,'2023-08-04 16:45:02',2,0.016427,0,'Action completed, no processing required'),(8504018,23,0,'2023-08-04 16:45:02',0,0,0,'Run mode: CLI'),(8504019,23,8504018,'2023-08-04 16:45:02',2,0.00967216,0,'Action completed, no processing required'),(8504020,9,0,'2023-08-04 16:46:02',0,0,0,'Run mode: CLI'),(8504021,9,8504020,'2023-08-04 16:46:02',1,0.060344,0,'Collect mails from suporte@direitofranca.br ({imap.gmail.com:993/imap/ssl/novalidate-cert/notls/debug})\n'),(8504022,9,8504020,'2023-08-04 16:46:02',1,1.62177,0,'Número de mensagens: disponível= 0 ,atualmente importado= 0 ,recuperado= 0,recusado= 0, erros=0,lista negra= 0\n'),(8504023,9,8504020,'2023-08-04 16:46:02',2,1.83251,0,'Action completed, no processing required'),(8504024,13,0,'2023-08-04 16:46:02',0,0,0,'Run mode: CLI'),(8504025,13,8504024,'2023-08-04 16:46:02',2,0.00704813,0,'Action completed, no processing required'),(8504026,20,0,'2023-08-04 16:46:02',0,0,0,'Run mode: CLI'),(8504027,20,8504026,'2023-08-04 16:46:02',2,0.00879097,0,'Action completed, no processing required'),(8504028,22,0,'2023-08-04 16:46:02',0,0,0,'Run mode: CLI'),(8504029,22,8504028,'2023-08-04 16:46:02',2,0.0169342,0,'Action completed, no processing required'),(8504030,23,0,'2023-08-04 16:46:02',0,0,0,'Run mode: CLI'),(8504031,23,8504030,'2023-08-04 16:46:02',2,0.00948095,0,'Action completed, no processing required'),(8504032,9,0,'2023-08-04 16:47:02',0,0,0,'Run mode: CLI'),(8504033,9,8504032,'2023-08-04 16:47:02',1,0.057267,0,'Collect mails from suporte@direitofranca.br ({imap.gmail.com:993/imap/ssl/novalidate-cert/notls/debug})\n'),(8504034,9,8504032,'2023-08-04 16:47:02',1,1.78023,0,'Número de mensagens: disponível= 0 ,atualmente importado= 0 ,recuperado= 0,recusado= 0, erros=0,lista negra= 0\n'),(8504035,9,8504032,'2023-08-04 16:47:02',2,2.03685,0,'Action completed, no processing required'),(8504036,13,0,'2023-08-04 16:47:02',0,0,0,'Run mode: CLI'),(8504037,13,8504036,'2023-08-04 16:47:02',2,0.0093689,0,'Action completed, no processing required'),(8504038,20,0,'2023-08-04 16:47:02',0,0,0,'Run mode: CLI'),(8504039,20,8504038,'2023-08-04 16:47:02',2,0.00826216,0,'Action completed, no processing required'),(8504040,22,0,'2023-08-04 16:47:02',0,0,0,'Run mode: CLI'),(8504041,22,8504040,'2023-08-04 16:47:02',2,0.0165701,0,'Action completed, no processing required'),(8504042,23,0,'2023-08-04 16:47:02',0,0,0,'Run mode: CLI'),(8504043,23,8504042,'2023-08-04 16:47:02',2,0.0108922,0,'Action completed, no processing required'),(8504044,25,0,'2023-08-04 16:47:02',0,0,0,'Run mode: CLI'),(8504045,25,8504044,'2023-08-04 16:47:02',2,0.00905395,0,'Action completed, no processing required'),(8504046,9,0,'2023-08-04 16:48:02',0,0,0,'Run mode: CLI'),(8504047,9,8504046,'2023-08-04 16:48:02',1,0.090297,0,'Collect mails from suporte@direitofranca.br ({imap.gmail.com:993/imap/ssl/novalidate-cert/notls/debug})\n'),(8504048,9,8504046,'2023-08-04 16:48:02',1,1.72178,0,'Número de mensagens: disponível= 0 ,atualmente importado= 0 ,recuperado= 0,recusado= 0, erros=0,lista negra= 0\n'),(8504049,9,8504046,'2023-08-04 16:48:02',2,1.96847,0,'Action completed, no processing required'),(8504050,13,0,'2023-08-04 16:48:02',0,0,0,'Run mode: CLI'),(8504051,13,8504050,'2023-08-04 16:48:02',2,0.0114748,0,'Action completed, no processing required'),(8504052,20,0,'2023-08-04 16:48:02',0,0,0,'Run mode: CLI'),(8504053,20,8504052,'2023-08-04 16:48:02',2,0.00988984,0,'Action completed, no processing required'),(8504054,22,0,'2023-08-04 16:48:02',0,0,0,'Run mode: CLI'),(8504055,22,8504054,'2023-08-04 16:48:02',2,0.027086,0,'Action completed, no processing required'),(8504056,23,0,'2023-08-04 16:48:02',0,0,0,'Run mode: CLI'),(8504057,23,8504056,'2023-08-04 16:48:02',2,0.00991797,0,'Action completed, no processing required'),(8504058,9,0,'2023-08-04 16:49:02',0,0,0,'Run mode: CLI'),(8504059,9,8504058,'2023-08-04 16:49:02',1,0.0677049,0,'Collect mails from suporte@direitofranca.br ({imap.gmail.com:993/imap/ssl/novalidate-cert/notls/debug})\n'),(8504060,9,8504058,'2023-08-04 16:49:02',1,1.69036,0,'Número de mensagens: disponível= 0 ,atualmente importado= 0 ,recuperado= 0,recusado= 0, erros=0,lista negra= 0\n'),(8504061,9,8504058,'2023-08-04 16:49:02',2,1.9121,0,'Action completed, no processing required'),(8504062,13,0,'2023-08-04 16:49:02',0,0,0,'Run mode: CLI'),(8504063,13,8504062,'2023-08-04 16:49:02',2,0.01159,0,'Action completed, no processing required'),(8504064,20,0,'2023-08-04 16:49:02',0,0,0,'Run mode: CLI'),(8504065,20,8504064,'2023-08-04 16:49:02',2,0.00972199,0,'Action completed, no processing required'),(8504066,22,0,'2023-08-04 16:49:02',0,0,0,'Run mode: CLI'),(8504067,22,8504066,'2023-08-04 16:49:02',2,0.0184419,0,'Action completed, no processing required'),(8504068,23,0,'2023-08-04 16:49:02',0,0,0,'Run mode: CLI'),(8504069,23,8504068,'2023-08-04 16:49:02',2,0.0114021,0,'Action completed, no processing required'),(8504070,9,0,'2023-08-04 16:50:02',0,0,0,'Run mode: CLI'),(8504071,9,8504070,'2023-08-04 16:50:02',1,0.066941,0,'Collect mails from suporte@direitofranca.br ({imap.gmail.com:993/imap/ssl/novalidate-cert/notls/debug})\n'),(8504072,9,8504070,'2023-08-04 16:50:02',1,1.55241,0,'Número de mensagens: disponível= 0 ,atualmente importado= 0 ,recuperado= 0,recusado= 0, erros=0,lista negra= 0\n'),(8504073,9,8504070,'2023-08-04 16:50:02',2,1.78043,0,'Action completed, no processing required'),(8504074,13,0,'2023-08-04 16:50:02',0,0,0,'Run mode: CLI'),(8504075,13,8504074,'2023-08-04 16:50:02',2,0.00931096,0,'Action completed, no processing required'),(8504076,20,0,'2023-08-04 16:50:02',0,0,0,'Run mode: CLI'),(8504077,20,8504076,'2023-08-04 16:50:02',2,0.0108879,0,'Action completed, no processing required'),(8504078,22,0,'2023-08-04 16:50:02',0,0,0,'Run mode: CLI'),(8504079,22,8504078,'2023-08-04 16:50:02',2,0.0170648,0,'Action completed, no processing required'),(8504080,23,0,'2023-08-04 16:50:02',0,0,0,'Run mode: CLI'),(8504081,23,8504080,'2023-08-04 16:50:02',2,0.0101089,0,'Action completed, no processing required'),(8504082,9,0,'2023-08-04 16:51:02',0,0,0,'Run mode: CLI'),(8504083,9,8504082,'2023-08-04 16:51:02',1,0.0637679,0,'Collect mails from suporte@direitofranca.br ({imap.gmail.com:993/imap/ssl/novalidate-cert/notls/debug})\n'),(8504084,9,8504082,'2023-08-04 16:51:02',1,1.65895,0,'Número de mensagens: disponível= 0 ,atualmente importado= 0 ,recuperado= 0,recusado= 0, erros=0,lista negra= 0\n'),(8504085,9,8504082,'2023-08-04 16:51:02',2,1.89258,0,'Action completed, no processing required'),(8504086,13,0,'2023-08-04 16:51:02',0,0,0,'Run mode: CLI'),(8504087,13,8504086,'2023-08-04 16:51:02',2,0.00823116,0,'Action completed, no processing required'),(8504088,20,0,'2023-08-04 16:51:02',0,0,0,'Run mode: CLI'),(8504089,20,8504088,'2023-08-04 16:51:02',2,0.0106099,0,'Action completed, no processing required'),(8504090,22,0,'2023-08-04 16:51:02',0,0,0,'Run mode: CLI'),(8504091,22,8504090,'2023-08-04 16:51:02',2,0.0177948,0,'Action completed, no processing required'),(8504092,23,0,'2023-08-04 16:51:02',0,0,0,'Run mode: CLI'),(8504093,23,8504092,'2023-08-04 16:51:02',2,0.0115299,0,'Action completed, no processing required'),(8504094,9,0,'2023-08-04 16:52:02',0,0,0,'Run mode: CLI'),(8504095,9,8504094,'2023-08-04 16:52:02',1,0.06709,0,'Collect mails from suporte@direitofranca.br ({imap.gmail.com:993/imap/ssl/novalidate-cert/notls/debug})\n'),(8504096,9,8504094,'2023-08-04 16:52:02',1,1.84502,0,'Número de mensagens: disponível= 0 ,atualmente importado= 0 ,recuperado= 0,recusado= 0, erros=0,lista negra= 0\n'),(8504097,9,8504094,'2023-08-04 16:52:02',2,2.09189,0,'Action completed, no processing required'),(8504098,13,0,'2023-08-04 16:52:02',0,0,0,'Run mode: CLI'),(8504099,13,8504098,'2023-08-04 16:52:02',2,0.0123301,0,'Action completed, no processing required'),(8504100,20,0,'2023-08-04 16:52:02',0,0,0,'Run mode: CLI'),(8504101,20,8504100,'2023-08-04 16:52:02',2,0.0101368,0,'Action completed, no processing required'),(8504102,22,0,'2023-08-04 16:52:02',0,0,0,'Run mode: CLI'),(8504103,22,8504102,'2023-08-04 16:52:02',2,0.0178721,0,'Action completed, no processing required'),(8504104,23,0,'2023-08-04 16:52:02',0,0,0,'Run mode: CLI'),(8504105,23,8504104,'2023-08-04 16:52:02',2,0.0102732,0,'Action completed, no processing required'),(8504106,25,0,'2023-08-04 16:52:02',0,0,0,'Run mode: CLI'),(8504107,25,8504106,'2023-08-04 16:52:02',2,0.0109248,0,'Action completed, no processing required'),(8504108,9,0,'2023-08-04 16:53:02',0,0,0,'Run mode: CLI'),(8504109,9,8504108,'2023-08-04 16:53:02',1,0.06111,0,'Collect mails from suporte@direitofranca.br ({imap.gmail.com:993/imap/ssl/novalidate-cert/notls/debug})\n'),(8504110,9,8504108,'2023-08-04 16:53:02',1,1.55802,0,'Número de mensagens: disponível= 0 ,atualmente importado= 0 ,recuperado= 0,recusado= 0, erros=0,lista negra= 0\n'),(8504111,9,8504108,'2023-08-04 16:53:02',2,1.78866,0,'Action completed, no processing required'),(8504112,13,0,'2023-08-04 16:53:02',0,0,0,'Run mode: CLI'),(8504113,13,8504112,'2023-08-04 16:53:02',2,0.0102491,0,'Action completed, no processing required'),(8504114,20,0,'2023-08-04 16:53:02',0,0,0,'Run mode: CLI'),(8504115,20,8504114,'2023-08-04 16:53:02',2,0.00925899,0,'Action completed, no processing required'),(8504116,22,0,'2023-08-04 16:53:02',0,0,0,'Run mode: CLI'),(8504117,22,8504116,'2023-08-04 16:53:02',2,0.0165451,0,'Action completed, no processing required'),(8504118,23,0,'2023-08-04 16:53:02',0,0,0,'Run mode: CLI'),(8504119,23,8504118,'2023-08-04 16:53:02',2,0.009758,0,'Action completed, no processing required'),(8504120,9,0,'2023-08-04 16:54:02',0,0,0,'Run mode: CLI'),(8504121,9,8504120,'2023-08-04 16:54:02',1,0.069119,0,'Collect mails from suporte@direitofranca.br ({imap.gmail.com:993/imap/ssl/novalidate-cert/notls/debug})\n'),(8504122,9,8504120,'2023-08-04 16:54:02',1,1.54374,0,'Número de mensagens: disponível= 0 ,atualmente importado= 0 ,recuperado= 0,recusado= 0, erros=0,lista negra= 0\n'),(8504123,9,8504120,'2023-08-04 16:54:02',2,1.7709,0,'Action completed, no processing required'),(8504124,13,0,'2023-08-04 16:54:02',0,0,0,'Run mode: CLI'),(8504125,13,8504124,'2023-08-04 16:54:02',2,0.00889587,0,'Action completed, no processing required'),(8504126,20,0,'2023-08-04 16:54:02',0,0,0,'Run mode: CLI'),(8504127,20,8504126,'2023-08-04 16:54:02',2,0.0109341,0,'Action completed, no processing required'),(8504128,22,0,'2023-08-04 16:54:02',0,0,0,'Run mode: CLI'),(8504129,22,8504128,'2023-08-04 16:54:02',2,0.0177031,0,'Action completed, no processing required'),(8504130,23,0,'2023-08-04 16:54:02',0,0,0,'Run mode: CLI'),(8504131,23,8504130,'2023-08-04 16:54:02',2,0.013165,0,'Action completed, no processing required'),(8504132,9,0,'2023-08-04 16:55:02',0,0,0,'Run mode: CLI'),(8504133,9,8504132,'2023-08-04 16:55:02',1,0.062784,0,'Collect mails from suporte@direitofranca.br ({imap.gmail.com:993/imap/ssl/novalidate-cert/notls/debug})\n'),(8504134,9,8504132,'2023-08-04 16:55:02',1,1.59334,0,'Número de mensagens: disponível= 0 ,atualmente importado= 0 ,recuperado= 0,recusado= 0, erros=0,lista negra= 0\n'),(8504135,9,8504132,'2023-08-04 16:55:02',2,1.83947,0,'Action completed, no processing required'),(8504136,13,0,'2023-08-04 16:55:02',0,0,0,'Run mode: CLI'),(8504137,13,8504136,'2023-08-04 16:55:02',2,0.00949907,0,'Action completed, no processing required'),(8504138,20,0,'2023-08-04 16:55:02',0,0,0,'Run mode: CLI'),(8504139,20,8504138,'2023-08-04 16:55:02',2,0.010628,0,'Action completed, no processing required'),(8504140,22,0,'2023-08-04 16:55:02',0,0,0,'Run mode: CLI'),(8504141,22,8504140,'2023-08-04 16:55:02',2,0.0190859,0,'Action completed, no processing required'),(8504142,23,0,'2023-08-04 16:55:02',0,0,0,'Run mode: CLI'),(8504143,23,8504142,'2023-08-04 16:55:02',2,0.0100191,0,'Action completed, no processing required');

--
-- Table structure for table `glpi_crontasks`
--

CREATE TABLE `glpi_crontasks` (
  `id` int(11) NOT NULL AUTO_INCREMENT,
  `itemtype` varchar(100) COLLATE utf8_unicode_ci NOT NULL,
  `name` varchar(150) COLLATE utf8_unicode_ci NOT NULL COMMENT 'task name',
  `frequency` int(11) NOT NULL COMMENT 'second between launch',
  `param` int(11) DEFAULT NULL COMMENT 'task specify parameter',
  `state` int(11) NOT NULL DEFAULT '1' COMMENT '0:disabled, 1:waiting, 2:running',
  `mode` int(11) NOT NULL DEFAULT '1' COMMENT '1:internal, 2:external',
  `allowmode` int(11) NOT NULL DEFAULT '3' COMMENT '1:internal, 2:external, 3:both',
  `hourmin` int(11) NOT NULL DEFAULT '0',
  `hourmax` int(11) NOT NULL DEFAULT '24',
  `logs_lifetime` int(11) NOT NULL DEFAULT '30' COMMENT 'number of days',
  `lastrun` timestamp NULL DEFAULT NULL COMMENT 'last run date',
  `lastcode` int(11) DEFAULT NULL COMMENT 'last run return code',
  `comment` text COLLATE utf8_unicode_ci,
  `date_mod` timestamp NULL DEFAULT NULL,
  `date_creation` timestamp NULL DEFAULT NULL,
  PRIMARY KEY (`id`),
  UNIQUE KEY `unicity` (`itemtype`,`name`),
  KEY `mode` (`mode`),
  KEY `date_mod` (`date_mod`),
  KEY `date_creation` (`date_creation`)
) ENGINE=InnoDB AUTO_INCREMENT=47 DEFAULT CHARSET=utf8 COLLATE=utf8_unicode_ci COMMENT='Task run by internal / external cron.';

--
-- Dumping data for table `glpi_crontasks`
--

INSERT INTO `glpi_crontasks` VALUES (2,'CartridgeItem','cartridge',86400,10,1,2,3,0,24,30,'2023-08-03 17:15:00',NULL,NULL,'2022-08-01 16:03:53',NULL),(3,'ConsumableItem','consumable',86400,10,1,2,3,0,24,30,'2023-08-03 17:15:00',NULL,NULL,'2022-08-01 16:03:53',NULL),(4,'SoftwareLicense','software',86400,NULL,1,2,3,0,24,30,'2023-08-03 17:15:00',NULL,NULL,'2022-08-01 16:03:53',NULL),(5,'Contract','contract',86400,NULL,1,2,3,0,24,30,'2023-08-03 17:15:00',NULL,NULL,'2022-08-01 16:03:53',NULL),(6,'Infocom','infocom',86400,NULL,1,2,3,0,24,30,'2023-08-03 17:15:00',NULL,NULL,'2022-08-01 16:03:53',NULL),(7,'CronTask','logs',86400,30,1,2,3,0,24,30,'2023-08-03 17:15:00',NULL,NULL,'2022-08-01 16:03:53',NULL),(9,'MailCollector','mailgate',60,10,1,2,3,0,24,30,'2023-08-04 16:55:00',NULL,NULL,'2023-02-06 17:07:50',NULL),(10,'DBconnection','checkdbreplicate',3600,NULL,1,2,3,0,24,30,'2023-08-04 16:15:00',NULL,NULL,'2022-08-01 16:03:53',NULL),(11,'CronTask','checkupdate',604800,NULL,1,2,3,0,24,30,'2023-07-31 13:27:00',NULL,NULL,'2022-08-01 16:03:53',NULL),(12,'CronTask','session',86400,NULL,1,2,3,0,24,30,'2023-08-03 17:15:00',NULL,NULL,'2022-08-01 16:03:53',NULL),(13,'CronTask','graph',60,NULL,1,2,3,1,24,30,'2023-08-04 16:55:00',NULL,NULL,'2022-08-01 16:03:53',NULL),(14,'ReservationItem','reservation',86400,NULL,1,2,3,1,24,30,'2023-08-03 17:15:00',NULL,NULL,'2022-08-01 16:03:53',NULL),(15,'Ticket','closeticket',43200,NULL,1,2,3,1,24,10,'2023-08-04 05:16:00',NULL,NULL,'2022-08-01 16:03:53',NULL),(16,'Ticket','alertnotclosed',43200,NULL,1,2,3,1,24,30,'2023-08-04 05:16:00',NULL,NULL,'2022-08-01 16:03:53',NULL),(17,'SlaLevel_Ticket','slaticket',86400,NULL,1,2,3,1,24,30,'2023-08-03 17:15:00',NULL,NULL,'2022-08-01 16:03:53',NULL),(18,'Ticket','createinquest',86400,NULL,1,2,3,0,24,30,'2023-08-03 17:15:00',NULL,NULL,'2022-08-01 16:03:53',NULL),(19,'CronTask','watcher',86400,NULL,1,2,3,0,24,30,'2023-08-03 17:15:00',NULL,NULL,'2022-08-01 16:03:53',NULL),(20,'TicketRecurrent','ticketrecurrent',60,NULL,1,2,3,0,24,30,'2023-08-04 16:55:00',NULL,NULL,'2022-08-01 16:03:53',NULL),(21,'PlanningRecall','planningrecall',86400,NULL,1,2,3,1,24,30,'2023-08-03 17:15:00',NULL,NULL,'2022-08-01 16:03:53',NULL),(22,'QueuedNotification','queuednotification',60,50,1,2,3,0,24,30,'2023-08-04 16:55:00',NULL,NULL,'2022-08-01 16:03:53',NULL),(23,'QueuedNotification','queuednotificationclean',60,30,1,2,3,0,24,30,'2023-08-04 16:55:00',NULL,NULL,'2022-08-01 16:03:53',NULL),(24,'CronTask','temp',3600,NULL,1,2,3,0,24,30,'2023-08-04 16:15:00',NULL,NULL,'2022-08-01 16:03:53',NULL),(25,'MailCollector','mailgateerror',300,NULL,1,2,3,0,24,30,'2023-08-04 16:52:00',NULL,NULL,'2022-08-01 16:03:53',NULL),(26,'CronTask','circularlogs',86400,4,1,2,3,0,24,30,'2023-08-03 17:15:00',NULL,NULL,'2022-08-01 16:03:53',NULL),(27,'ObjectLock','unlockobject',86400,4,1,2,3,0,24,30,'2023-08-03 17:16:00',NULL,NULL,'2022-08-01 16:03:53',NULL),(28,'SavedSearch','countAll',604800,NULL,1,2,3,0,24,10,'2023-08-01 18:31:00',NULL,NULL,'2022-08-01 16:03:53',NULL),(29,'SavedSearch_Alert','savedsearchesalerts',86400,NULL,1,2,3,0,24,10,'2023-08-03 17:16:00',NULL,NULL,'2022-08-01 16:03:53',NULL),(30,'Telemetry','telemetry',2592000,NULL,1,2,3,0,24,10,'2023-07-19 15:54:00',NULL,NULL,'2022-08-01 16:03:53',NULL),(31,'Certificate','certificate',86400,NULL,1,2,3,0,24,10,'2023-08-03 17:16:00',NULL,NULL,'2022-08-01 16:03:53',NULL),(32,'OlaLevel_Ticket','olaticket',86400,NULL,1,2,3,1,24,30,'2023-08-03 17:16:00',NULL,NULL,'2022-08-01 16:03:53',NULL),(33,'PurgeLogs','PurgeLogs',604800,24,1,2,3,0,24,30,'2023-08-01 18:31:00',NULL,NULL,'2022-08-01 16:03:53',NULL),(34,'Ticket','purgeticket',21600,NULL,1,2,3,0,24,0,'2023-08-04 11:16:00',NULL,NULL,'2022-08-01 16:03:53',NULL),(35,'Document','cleanorphans',43200,NULL,1,2,3,0,24,30,'2023-08-04 05:16:00',NULL,NULL,'2022-08-01 16:03:53',NULL),(36,'User','passwordexpiration',86400,100,1,2,3,0,24,30,'2023-08-03 17:16:00',NULL,NULL,'2022-08-01 16:03:53',NULL),(37,'Glpi\\Marketplace\\Controller','checkAllUpdates',86400,NULL,1,2,3,0,24,30,'2023-08-03 17:16:00',NULL,NULL,'2022-08-01 16:03:53',NULL),(38,'Domain','DomainsAlert',86400,NULL,1,2,3,0,24,30,'2023-08-03 17:16:00',NULL,NULL,'2022-08-01 16:03:53',NULL),(39,'PluginOcsinventoryngThread','CleanOldThreads',3600,24,1,2,3,0,24,30,'2023-08-04 16:16:00',NULL,NULL,'2022-08-01 16:03:53','2021-04-28 18:54:49'),(40,'PluginOcsinventoryngOcsServer','ocsng',86400,NULL,1,2,3,1,24,30,'2023-08-03 17:16:00',NULL,NULL,'2022-08-01 16:03:53','2021-04-28 18:54:49'),(41,'PluginOcsinventoryngNotimportedcomputer','SendAlerts',86400,24,1,2,3,1,24,30,'2023-08-03 17:16:00',NULL,NULL,'2022-08-01 16:03:53','2021-04-28 18:54:49'),(42,'PluginOcsinventoryngOcsServer','CleanOldAgents',86400,NULL,1,2,3,0,24,30,'2023-08-03 17:17:00',NULL,NULL,'2022-08-01 16:03:53','2021-04-28 18:54:49'),(43,'PluginOcsinventoryngOcsServer','RestoreOldAgents',86400,NULL,1,2,3,0,24,30,'2023-08-03 17:17:00',NULL,NULL,'2022-08-01 16:03:53','2021-04-28 18:54:49'),(44,'PluginOcsinventoryngRuleImportEntity','CheckRuleImportEntity',86400,NULL,1,2,3,0,24,30,'2023-08-03 17:17:00',NULL,NULL,'2022-08-01 16:03:53','2021-04-28 18:54:49'),(45,'PluginOcsinventoryngOcsAlert','SynchroAlert',86400,NULL,1,2,3,0,24,30,'2023-08-03 17:17:00',NULL,NULL,'2022-08-01 16:03:53','2021-04-28 18:54:49'),(46,'PluginOcsinventoryngOcsAlert','AlertNewComputers',3600,NULL,1,2,3,0,24,30,'2023-08-04 16:17:00',NULL,NULL,'2022-08-01 16:03:53','2021-04-28 18:54:49');

--
-- Table structure for table `glpi_dashboards_dashboards`
--

CREATE TABLE `glpi_dashboards_dashboards` (
  `id` int(11) NOT NULL AUTO_INCREMENT,
  `key` varchar(100) COLLATE utf8_unicode_ci NOT NULL,
  `name` varchar(100) COLLATE utf8_unicode_ci NOT NULL,
  `context` varchar(100) COLLATE utf8_unicode_ci NOT NULL DEFAULT 'core',
  PRIMARY KEY (`id`),
  UNIQUE KEY `key` (`key`)
) ENGINE=InnoDB AUTO_INCREMENT=5 DEFAULT CHARSET=utf8 COLLATE=utf8_unicode_ci;

--
-- Dumping data for table `glpi_dashboards_dashboards`
--

INSERT INTO `glpi_dashboards_dashboards` VALUES (1,'central','Central','core'),(2,'assets','Ativos','core'),(3,'assistance','Assistência','core'),(4,'mini_tickets','Painel de pequenos chamados','mini_core');

--
-- Table structure for table `glpi_dashboards_items`
--

CREATE TABLE `glpi_dashboards_items` (
  `id` int(11) NOT NULL AUTO_INCREMENT,
  `dashboards_dashboards_id` int(11) NOT NULL,
  `gridstack_id` varchar(100) COLLATE utf8_unicode_ci NOT NULL,
  `card_id` varchar(100) COLLATE utf8_unicode_ci NOT NULL,
  `x` int(11) DEFAULT NULL,
  `y` int(11) DEFAULT NULL,
  `width` int(11) DEFAULT NULL,
  `height` int(11) DEFAULT NULL,
  `card_options` text COLLATE utf8_unicode_ci,
  PRIMARY KEY (`id`),
  KEY `dashboards_dashboards_id` (`dashboards_dashboards_id`)
) ENGINE=InnoDB AUTO_INCREMENT=1182 DEFAULT CHARSET=utf8 COLLATE=utf8_unicode_ci;

--
-- Dumping data for table `glpi_dashboards_items`
--

INSERT INTO `glpi_dashboards_items` VALUES (27,2,'bn_count_Computer_34cfbaf9-a471-4852-b48c-0dadea7644de','bn_count_Computer',0,0,4,3,'{\"color\":\"#f3d0d0\",\"widgettype\":\"bigNumber\"}'),(28,2,'bn_count_Software_60091467-2137-49f4-8834-f6602a482079','bn_count_Software',4,0,4,3,'{\"color\":\"#d1f1a8\",\"widgettype\":\"bigNumber\"}'),(29,2,'bn_count_Printer_c9a385d4-76a3-4971-ad0e-1470efeafacc','bn_count_Printer',8,3,4,3,'{\"color\":\"#5da8d6\",\"widgettype\":\"bigNumber\"}'),(30,2,'bn_count_PDU_60053eb6-8dda-4416-9a4b-afd51889bd09','bn_count_PDU',12,3,4,3,'{\"color\":\"#ffb62f\",\"widgettype\":\"bigNumber\"}'),(31,2,'bn_count_Rack_0fdc196f-20d2-4f63-9ddb-b75c165cc664','bn_count_Rack',12,0,4,3,'{\"color\":\"#f7d79a\",\"widgettype\":\"bigNumber\"}'),(32,2,'bn_count_Phone_c31fde2d-510a-4482-b17d-2f65b61eae08','bn_count_Phone',16,3,4,3,'{\"color\":\"#a0cec2\",\"widgettype\":\"bigNumber\"}'),(33,2,'bn_count_Enclosure_c21ce30a-58c3-456a-81ec-3c5f01527a8f','bn_count_Enclosure',16,0,4,3,'{\"color\":\"#d7e8e4\",\"widgettype\":\"bigNumber\"}'),(34,2,'bn_count_NetworkEquipment_76f1e239-777b-4552-b053-ae5c64190347','bn_count_NetworkEquipment',8,0,4,3,'{\"color\":\"#c8dae4\",\"widgettype\":\"bigNumber\"}'),(35,2,'bn_count_SoftwareLicense_576e58fe-a386-480f-b405-1c2315b8ab47','bn_count_SoftwareLicense',4,3,4,3,'{\"color\":\"#9bc06b\",\"widgettype\":\"bigNumber\",\"use_gradient\":\"0\",\"limit\":\"7\"}'),(36,2,'bn_count_Monitor_890e16d3-b121-48c6-9713-d9c239d9a970','bn_count_Monitor',0,3,4,3,'{\"color\":\"#dc6f6f\",\"widgettype\":\"bigNumber\",\"use_gradient\":\"0\",\"limit\":\"7\"}'),(37,2,'count_Computer_Manufacturer_986e92e8-32e8-4a6f-806f-6f5383acbb3f','count_Computer_Manufacturer',4,6,4,4,'{\"color\":\"#f3f5f1\",\"widgettype\":\"hbar\",\"use_gradient\":\"1\",\"limit\":\"5\"}'),(38,2,'count_Computer_State_290c5920-9eab-4db8-8753-46108e60f1d8','count_Computer_State',0,6,4,4,'{\"color\":\"#fbf7f7\",\"widgettype\":\"donut\",\"use_gradient\":\"1\",\"limit\":\"5\"}'),(39,2,'count_Computer_ComputerType_c58f9c7e-22d5-478b-8226-d2a752bcbb09','count_Computer_ComputerType',8,6,4,4,'{\"color\":\"#f5f9fa\",\"widgettype\":\"donut\",\"use_gradient\":\"1\",\"limit\":\"5\"}'),(40,2,'count_NetworkEquipment_Manufacturer_8132b21c-6f7f-4dc1-af54-bea794cb96e9','count_NetworkEquipment_Manufacturer',12,6,4,4,'{\"color\":\"#fcf8ed\",\"widgettype\":\"hbar\",\"use_gradient\":\"0\",\"limit\":\"5\"}'),(41,2,'count_Monitor_Manufacturer_43b0c16b-af82-418e-aac1-f32b39705c0d','count_Monitor_Manufacturer',16,6,4,4,'{\"color\":\"#f9fbfb\",\"widgettype\":\"donut\",\"use_gradient\":\"1\",\"limit\":\"5\"}'),(42,3,'bn_count_Ticket_344e761b-f7e8-4617-8c90-154b266b4d67','bn_count_Ticket',0,0,3,2,'{\"color\":\"#ffdc64\",\"widgettype\":\"bigNumber\",\"use_gradient\":\"0\",\"limit\":\"7\"}'),(43,3,'bn_count_Problem_bdb4002b-a674-4493-820f-af85bed44d2a','bn_count_Problem',0,4,3,2,'{\"color\":\"#f0967b\",\"widgettype\":\"bigNumber\",\"use_gradient\":\"0\",\"limit\":\"7\"}'),(44,3,'bn_count_Change_b9b87513-4f40-41e6-8621-f51f9a30fb19','bn_count_Change',0,6,3,2,'{\"color\":\"#cae3c4\",\"widgettype\":\"bigNumber\",\"use_gradient\":\"0\",\"limit\":\"7\"}'),(45,3,'bn_count_tickets_late_1e9ae481-21b4-4463-a830-dec1b68ec5e7','bn_count_tickets_late',0,2,3,2,'{\"color\":\"#f8911f\",\"widgettype\":\"bigNumber\",\"use_gradient\":\"0\",\"limit\":\"7\"}'),(46,3,'bn_count_tickets_incoming_336a36d9-67fe-4475-880e-447bd766b8fe','bn_count_tickets_incoming',3,6,3,2,'{\"color\":\"#a0e19d\",\"widgettype\":\"bigNumber\",\"use_gradient\":\"0\",\"limit\":\"7\"}'),(47,3,'bn_count_tickets_closed_e004bab5-f2b6-4060-a401-a2a8b9885245','bn_count_tickets_closed',9,8,3,2,'{\"color\":\"#515151\",\"widgettype\":\"bigNumber\",\"use_gradient\":\"0\",\"limit\":\"7\"}'),(48,3,'bn_count_tickets_assigned_7455c855-6df8-4514-a3d9-8b0fce52bd63','bn_count_tickets_assigned',6,6,3,2,'{\"color\":\"#eaf5f7\",\"widgettype\":\"bigNumber\",\"use_gradient\":\"0\",\"limit\":\"7\"}'),(49,3,'bn_count_tickets_solved_5e9759b3-ee7e-4a14-b68f-1ac024ef55ee','bn_count_tickets_solved',9,6,3,2,'{\"color\":\"#d8d8d8\",\"widgettype\":\"bigNumber\",\"use_gradient\":\"0\",\"limit\":\"7\"}'),(50,3,'bn_count_tickets_waiting_102b2c2a-6ac6-4d73-ba47-8b09382fe00e','bn_count_tickets_waiting',3,8,3,2,'{\"color\":\"#ffcb7d\",\"widgettype\":\"bigNumber\",\"use_gradient\":\"0\",\"limit\":\"7\"}'),(51,3,'bn_count_TicketRecurrent_13f79539-61f6-45f7-8dde-045706e652f2','bn_count_TicketRecurrent',0,8,3,2,'{\"color\":\"#fafafa\",\"widgettype\":\"bigNumber\",\"use_gradient\":\"0\",\"limit\":\"7\"}'),(52,3,'bn_count_tickets_planned_267bf627-9d5e-4b6c-b53d-b8623d793ccf','bn_count_tickets_planned',6,8,3,2,'{\"color\":\"#6298d5\",\"widgettype\":\"bigNumber\",\"use_gradient\":\"0\",\"limit\":\"7\"}'),(53,3,'top_ticket_ITILCategory_0cba0c84-6c62-4cd8-8564-18614498d8e4','top_ticket_ITILCategory',12,6,4,4,'{\"color\":\"#f1f5ef\",\"widgettype\":\"donut\",\"use_gradient\":\"1\",\"limit\":\"7\"}'),(54,3,'top_ticket_RequestType_b9e43f34-8e94-4a6e-9023-c5d1e2ce7859','top_ticket_RequestType',16,6,4,4,'{\"color\":\"#f9fafb\",\"widgettype\":\"hbar\",\"use_gradient\":\"1\",\"limit\":\"4\"}'),(55,3,'top_ticket_Entity_a8e65812-519c-488e-9892-9adbe22fbd5c','top_ticket_Entity',20,6,4,4,'{\"color\":\"#f7f1f0\",\"widgettype\":\"donut\",\"use_gradient\":\"1\",\"limit\":\"7\"}'),(56,3,'ticket_evolution_76fd4926-ee5e-48db-b6d6-e2947c190c5e','ticket_evolution',3,0,12,6,'{\"color\":\"#f3f7f8\",\"widgettype\":\"areas\",\"use_gradient\":\"0\",\"limit\":\"12\"}'),(57,3,'ticket_status_5b256a35-b36b-4db5-ba11-ea7c125f126e','ticket_status',15,0,11,6,'{\"color\":\"#f7f3f2\",\"widgettype\":\"stackedbars\",\"use_gradient\":\"0\",\"limit\":\"12\"}'),(58,4,'bn_count_tickets_closed_ccf7246b-645a-40d2-8206-fa33c769e3f5','bn_count_tickets_closed',24,0,4,2,'{\"color\":\"#fafafa\",\"widgettype\":\"bigNumber\",\"use_gradient\":\"0\",\"limit\":\"7\"}'),(59,4,'bn_count_Ticket_d5bf3576-5033-40fb-bbdb-292294a7698e','bn_count_Ticket',0,0,4,2,'{\"color\":\"#ffd957\",\"widgettype\":\"bigNumber\",\"use_gradient\":\"0\",\"limit\":\"7\"}'),(60,4,'bn_count_tickets_incoming_055e813c-b0ce-4687-91ef-559249e8ddd8','bn_count_tickets_incoming',4,0,4,2,'{\"color\":\"#6fd169\",\"widgettype\":\"bigNumber\",\"use_gradient\":\"0\",\"limit\":\"7\"}'),(61,4,'bn_count_tickets_waiting_793c665b-b620-4b3a-a5a8-cf502defc008','bn_count_tickets_waiting',8,0,4,2,'{\"color\":\"#ffcb7d\",\"widgettype\":\"bigNumber\",\"use_gradient\":\"0\",\"limit\":\"7\"}'),(62,4,'bn_count_tickets_assigned_d3d2f697-52b4-435e-9030-a760dd649085','bn_count_tickets_assigned',12,0,4,2,'{\"color\":\"#eaf4f7\",\"widgettype\":\"bigNumber\",\"use_gradient\":\"0\",\"limit\":\"7\"}'),(63,4,'bn_count_tickets_planned_0c7f3569-c23b-4ee3-8e85-279229b23e70','bn_count_tickets_planned',16,0,4,2,'{\"color\":\"#6298d5\",\"widgettype\":\"bigNumber\",\"use_gradient\":\"0\",\"limit\":\"7\"}'),(64,4,'bn_count_tickets_solved_ae2406cf-e8e8-410b-b355-46e3f5705ee8','bn_count_tickets_solved',20,0,4,2,'{\"color\":\"#d7d7d7\",\"widgettype\":\"bigNumber\",\"use_gradient\":\"0\",\"limit\":\"7\"}'),(1170,1,'bn_count_Computer_4a315743-151c-40cb-a20b-762250668dac','bn_count_Computer',3,0,3,2,'{\"color\":\"#e69393\",\"widgettype\":\"bigNumber\",\"use_gradient\":\"0\",\"limit\":\"7\",\"cache_key\":\"dashboard_card_central_db1abd6057a4c716c7dd385c1cf047c1ea444327\"}'),(1171,1,'bn_count_Software_0690f524-e826-47a9-b50a-906451196b83','bn_count_Software',0,0,3,2,'{\"color\":\"#aaddac\",\"widgettype\":\"bigNumber\",\"use_gradient\":\"0\",\"limit\":\"7\",\"cache_key\":\"dashboard_card_central_ccfd46a12f187154612075ffcc21c7877c60c9e8\"}'),(1172,1,'bn_count_Rack_c6502e0a-5991-46b4-a771-7f355137306b','bn_count_Rack',6,2,3,2,'{\"color\":\"#0e87a0\",\"widgettype\":\"bigNumber\",\"use_gradient\":\"0\",\"limit\":\"7\",\"cache_key\":\"dashboard_card_central_585fd2275cc3d93add1ed2249cf3e1b5a70afae1\"}'),(1173,1,'bn_count_SoftwareLicense_e755fd06-283e-4479-ba35-2d548f8f8a90','bn_count_SoftwareLicense',0,2,3,2,'{\"color\":\"#27ab3c\",\"widgettype\":\"bigNumber\",\"use_gradient\":\"0\",\"limit\":\"7\",\"cache_key\":\"dashboard_card_central_fb25ff919c1e6d6f010169588e8dc18802c7a98f\"}'),(1174,1,'bn_count_Monitor_7059b94c-583c-4ba7-b100-d40461165318','bn_count_Monitor',3,2,3,2,'{\"color\":\"#b52d30\",\"widgettype\":\"bigNumber\",\"use_gradient\":\"0\",\"limit\":\"7\",\"cache_key\":\"dashboard_card_central_a193628f2f652db5d6f7cc2a1d40cb345ae56783\"}'),(1175,1,'bn_count_Ticket_a74c0903-3387-4a07-9111-b0938af8f1e7','bn_count_Ticket',14,0,3,2,'{\"color\":\"#ffdc64\",\"widgettype\":\"bigNumber\",\"use_gradient\":\"0\",\"limit\":\"7\",\"cache_key\":\"dashboard_card_central_4986db5ed31894dd7c3a31e33c66bb7660b41b41\"}'),(1176,1,'bn_count_Problem_c1cf5cfb-f626-472e-82a1-49c3e200e746','bn_count_Problem',20,0,3,2,'{\"color\":\"#f08d7b\",\"widgettype\":\"bigNumber\",\"use_gradient\":\"0\",\"limit\":\"7\",\"cache_key\":\"dashboard_card_central_c79b58e9161c1ea5bb2f2430c73c4c3c0b4a0c00\"}'),(1177,1,'bn_count_tickets_late_04c47208-d7e5-4aca-9566-d46e68c45c67','bn_count_tickets_late',17,0,3,2,'{\"color\":\"#f8911f\",\"widgettype\":\"bigNumber\",\"use_gradient\":\"0\",\"limit\":\"7\",\"cache_key\":\"dashboard_card_central_fa10aa0f281d648ed0177c200949f74c2195effa\"}'),(1178,1,'bn_count_Printer_517684b0-b064-49dd-943e-fcb6f915e453','bn_count_Printer',9,2,3,2,'{\"color\":\"#365a8f\",\"widgettype\":\"bigNumber\",\"use_gradient\":\"0\",\"limit\":\"7\",\"cache_key\":\"dashboard_card_central_729649d1236cf5a4e1647275d865adc7cf826fa5\"}'),(1179,1,'bn_count_Phone_f70c489f-02c1-46e5-978b-94a95b5038ee','bn_count_Phone',9,0,3,2,'{\"color\":\"#d5e1ec\",\"widgettype\":\"bigNumber\",\"use_gradient\":\"0\",\"limit\":\"7\",\"cache_key\":\"dashboard_card_central_ddbc45de18edae69a5d5b747c71be58480bd6e89\"}'),(1180,1,'bn_count_Change_ab950dbd-cd25-466d-8dff-7dcaca386564','bn_count_Change',23,0,3,2,'{\"color\":\"#cae3c4\",\"widgettype\":\"bigNumber\",\"use_gradient\":\"0\",\"limit\":\"7\",\"cache_key\":\"dashboard_card_central_3d2d7342260b4c6fa594757861be67bce284797c\"}'),(1181,1,'bn_count_NetworkEquipment_c537e334-d584-43bc-b6de-b4a939143e89','bn_count_NetworkEquipment',6,0,3,2,'{\"color\":\"#bfe7ea\",\"widgettype\":\"bigNumber\",\"use_gradient\":\"0\",\"limit\":\"7\",\"cache_key\":\"dashboard_card_central_b088cc15b15508021851a90391b182989b0803b6\"}');

--
-- Table structure for table `glpi_dashboards_rights`
--

CREATE TABLE `glpi_dashboards_rights` (
  `id` int(11) NOT NULL AUTO_INCREMENT,
  `dashboards_dashboards_id` int(11) NOT NULL,
  `itemtype` varchar(100) COLLATE utf8_unicode_ci NOT NULL,
  `items_id` int(11) NOT NULL,
  PRIMARY KEY (`id`),
  UNIQUE KEY `unicity` (`dashboards_dashboards_id`,`itemtype`,`items_id`),
  KEY `dashboards_dashboards_id` (`dashboards_dashboards_id`)
) ENGINE=InnoDB DEFAULT CHARSET=utf8 COLLATE=utf8_unicode_ci;

--
-- Dumping data for table `glpi_dashboards_rights`
--


--
-- Table structure for table `glpi_datacenters`
--

CREATE TABLE `glpi_datacenters` (
  `id` int(11) NOT NULL AUTO_INCREMENT,
  `name` varchar(255) COLLATE utf8_unicode_ci DEFAULT NULL,
  `entities_id` int(11) NOT NULL DEFAULT '0',
  `is_recursive` tinyint(1) NOT NULL DEFAULT '0',
  `locations_id` int(11) NOT NULL DEFAULT '0',
  `is_deleted` tinyint(1) NOT NULL DEFAULT '0',
  `date_mod` timestamp NULL DEFAULT NULL,
  `date_creation` timestamp NULL DEFAULT NULL,
  PRIMARY KEY (`id`),
  KEY `entities_id` (`entities_id`),
  KEY `is_recursive` (`is_recursive`),
  KEY `locations_id` (`locations_id`),
  KEY `is_deleted` (`is_deleted`)
) ENGINE=InnoDB DEFAULT CHARSET=utf8 COLLATE=utf8_unicode_ci;

--
-- Dumping data for table `glpi_datacenters`
--


--
-- Table structure for table `glpi_dcrooms`
--

CREATE TABLE `glpi_dcrooms` (
  `id` int(11) NOT NULL AUTO_INCREMENT,
  `name` varchar(255) COLLATE utf8_unicode_ci DEFAULT NULL,
  `entities_id` int(11) NOT NULL DEFAULT '0',
  `is_recursive` tinyint(1) NOT NULL DEFAULT '0',
  `locations_id` int(11) NOT NULL DEFAULT '0',
  `vis_cols` int(11) DEFAULT NULL,
  `vis_rows` int(11) DEFAULT NULL,
  `blueprint` text COLLATE utf8_unicode_ci,
  `datacenters_id` int(11) NOT NULL DEFAULT '0',
  `is_deleted` tinyint(1) NOT NULL DEFAULT '0',
  `date_mod` timestamp NULL DEFAULT NULL,
  `date_creation` timestamp NULL DEFAULT NULL,
  PRIMARY KEY (`id`),
  KEY `entities_id` (`entities_id`),
  KEY `is_recursive` (`is_recursive`),
  KEY `locations_id` (`locations_id`),
  KEY `datacenters_id` (`datacenters_id`),
  KEY `is_deleted` (`is_deleted`)
) ENGINE=InnoDB DEFAULT CHARSET=utf8 COLLATE=utf8_unicode_ci;

--
-- Dumping data for table `glpi_dcrooms`
--


--
-- Table structure for table `glpi_devicebatteries`
--

CREATE TABLE `glpi_devicebatteries` (
  `id` int(11) NOT NULL AUTO_INCREMENT,
  `designation` varchar(255) COLLATE utf8_unicode_ci DEFAULT NULL,
  `comment` text COLLATE utf8_unicode_ci,
  `manufacturers_id` int(11) NOT NULL DEFAULT '0',
  `voltage` int(11) DEFAULT NULL,
  `capacity` int(11) DEFAULT NULL,
  `devicebatterytypes_id` int(11) NOT NULL DEFAULT '0',
  `entities_id` int(11) NOT NULL DEFAULT '0',
  `is_recursive` tinyint(1) NOT NULL DEFAULT '0',
  `devicebatterymodels_id` int(11) DEFAULT NULL,
  `date_mod` timestamp NULL DEFAULT NULL,
  `date_creation` timestamp NULL DEFAULT NULL,
  PRIMARY KEY (`id`),
  KEY `designation` (`designation`),
  KEY `manufacturers_id` (`manufacturers_id`),
  KEY `entities_id` (`entities_id`),
  KEY `is_recursive` (`is_recursive`),
  KEY `date_mod` (`date_mod`),
  KEY `date_creation` (`date_creation`),
  KEY `devicebatterymodels_id` (`devicebatterymodels_id`),
  KEY `devicebatterytypes_id` (`devicebatterytypes_id`)
) ENGINE=InnoDB DEFAULT CHARSET=utf8 COLLATE=utf8_unicode_ci;

--
-- Dumping data for table `glpi_devicebatteries`
--


--
-- Table structure for table `glpi_devicebatterymodels`
--

CREATE TABLE `glpi_devicebatterymodels` (
  `id` int(11) NOT NULL AUTO_INCREMENT,
  `name` varchar(255) COLLATE utf8_unicode_ci DEFAULT NULL,
  `comment` text COLLATE utf8_unicode_ci,
  `product_number` varchar(255) COLLATE utf8_unicode_ci DEFAULT NULL,
  PRIMARY KEY (`id`),
  KEY `name` (`name`),
  KEY `product_number` (`product_number`)
) ENGINE=InnoDB DEFAULT CHARSET=utf8 COLLATE=utf8_unicode_ci;

--
-- Dumping data for table `glpi_devicebatterymodels`
--


--
-- Table structure for table `glpi_devicebatterytypes`
--

CREATE TABLE `glpi_devicebatterytypes` (
  `id` int(11) NOT NULL AUTO_INCREMENT,
  `name` varchar(255) COLLATE utf8_unicode_ci DEFAULT NULL,
  `comment` text COLLATE utf8_unicode_ci,
  `date_mod` timestamp NULL DEFAULT NULL,
  `date_creation` timestamp NULL DEFAULT NULL,
  PRIMARY KEY (`id`),
  KEY `name` (`name`),
  KEY `date_mod` (`date_mod`),
  KEY `date_creation` (`date_creation`)
) ENGINE=InnoDB DEFAULT CHARSET=utf8 COLLATE=utf8_unicode_ci;

--
-- Dumping data for table `glpi_devicebatterytypes`
--


--
-- Table structure for table `glpi_devicecasemodels`
--

CREATE TABLE `glpi_devicecasemodels` (
  `id` int(11) NOT NULL AUTO_INCREMENT,
  `name` varchar(255) COLLATE utf8_unicode_ci DEFAULT NULL,
  `comment` text COLLATE utf8_unicode_ci,
  `product_number` varchar(255) COLLATE utf8_unicode_ci DEFAULT NULL,
  PRIMARY KEY (`id`),
  KEY `name` (`name`),
  KEY `product_number` (`product_number`)
) ENGINE=InnoDB DEFAULT CHARSET=utf8 COLLATE=utf8_unicode_ci;

--
-- Dumping data for table `glpi_devicecasemodels`
--


--
-- Table structure for table `glpi_devicecases`
--

CREATE TABLE `glpi_devicecases` (
  `id` int(11) NOT NULL AUTO_INCREMENT,
  `designation` varchar(255) COLLATE utf8_unicode_ci DEFAULT NULL,
  `devicecasetypes_id` int(11) NOT NULL DEFAULT '0',
  `comment` text COLLATE utf8_unicode_ci,
  `manufacturers_id` int(11) NOT NULL DEFAULT '0',
  `entities_id` int(11) NOT NULL DEFAULT '0',
  `is_recursive` tinyint(1) NOT NULL DEFAULT '0',
  `devicecasemodels_id` int(11) DEFAULT NULL,
  `date_mod` timestamp NULL DEFAULT NULL,
  `date_creation` timestamp NULL DEFAULT NULL,
  PRIMARY KEY (`id`),
  KEY `designation` (`designation`),
  KEY `manufacturers_id` (`manufacturers_id`),
  KEY `devicecasetypes_id` (`devicecasetypes_id`),
  KEY `entities_id` (`entities_id`),
  KEY `is_recursive` (`is_recursive`),
  KEY `date_mod` (`date_mod`),
  KEY `date_creation` (`date_creation`),
  KEY `devicecasemodels_id` (`devicecasemodels_id`)
) ENGINE=InnoDB DEFAULT CHARSET=utf8 COLLATE=utf8_unicode_ci;

--
-- Dumping data for table `glpi_devicecases`
--


--
-- Table structure for table `glpi_devicecasetypes`
--

CREATE TABLE `glpi_devicecasetypes` (
  `id` int(11) NOT NULL AUTO_INCREMENT,
  `name` varchar(255) COLLATE utf8_unicode_ci DEFAULT NULL,
  `comment` text COLLATE utf8_unicode_ci,
  `date_mod` timestamp NULL DEFAULT NULL,
  `date_creation` timestamp NULL DEFAULT NULL,
  PRIMARY KEY (`id`),
  KEY `name` (`name`),
  KEY `date_mod` (`date_mod`),
  KEY `date_creation` (`date_creation`)
) ENGINE=InnoDB DEFAULT CHARSET=utf8 COLLATE=utf8_unicode_ci;

--
-- Dumping data for table `glpi_devicecasetypes`
--


--
-- Table structure for table `glpi_devicecontrolmodels`
--

CREATE TABLE `glpi_devicecontrolmodels` (
  `id` int(11) NOT NULL AUTO_INCREMENT,
  `name` varchar(255) COLLATE utf8_unicode_ci DEFAULT NULL,
  `comment` text COLLATE utf8_unicode_ci,
  `product_number` varchar(255) COLLATE utf8_unicode_ci DEFAULT NULL,
  PRIMARY KEY (`id`),
  KEY `name` (`name`),
  KEY `product_number` (`product_number`)
) ENGINE=InnoDB DEFAULT CHARSET=utf8 COLLATE=utf8_unicode_ci;

--
-- Dumping data for table `glpi_devicecontrolmodels`
--


--
-- Table structure for table `glpi_devicecontrols`
--

CREATE TABLE `glpi_devicecontrols` (
  `id` int(11) NOT NULL AUTO_INCREMENT,
  `designation` varchar(255) COLLATE utf8_unicode_ci DEFAULT NULL,
  `is_raid` tinyint(1) NOT NULL DEFAULT '0',
  `comment` text COLLATE utf8_unicode_ci,
  `manufacturers_id` int(11) NOT NULL DEFAULT '0',
  `interfacetypes_id` int(11) NOT NULL DEFAULT '0',
  `entities_id` int(11) NOT NULL DEFAULT '0',
  `is_recursive` tinyint(1) NOT NULL DEFAULT '0',
  `devicecontrolmodels_id` int(11) DEFAULT NULL,
  `date_mod` timestamp NULL DEFAULT NULL,
  `date_creation` timestamp NULL DEFAULT NULL,
  PRIMARY KEY (`id`),
  KEY `designation` (`designation`),
  KEY `manufacturers_id` (`manufacturers_id`),
  KEY `interfacetypes_id` (`interfacetypes_id`),
  KEY `entities_id` (`entities_id`),
  KEY `is_recursive` (`is_recursive`),
  KEY `date_mod` (`date_mod`),
  KEY `date_creation` (`date_creation`),
  KEY `devicecontrolmodels_id` (`devicecontrolmodels_id`)
) ENGINE=InnoDB AUTO_INCREMENT=13 DEFAULT CHARSET=utf8 COLLATE=utf8_unicode_ci;

--
-- Dumping data for table `glpi_devicecontrols`
--

INSERT INTO `glpi_devicecontrols` VALUES (1,'Standard NVM Express Controller',0,'Standard NVM Express Controller',3,0,0,0,NULL,'2021-04-30 14:17:25','2021-04-30 14:17:25'),(2,'Microsoft Storage Spaces Controller',0,'Microsoft Storage Spaces Controller',4,0,0,0,NULL,'2021-04-30 14:17:25','2021-04-30 14:17:25'),(3,'Intel(R) Chipset SATA/PCIe RST Premium Controller',0,'Intel(R) Chipset SATA/PCIe RST Premium Controller',5,0,0,0,NULL,'2021-04-30 14:17:25','2021-04-30 14:17:25'),(4,'Intel(R) USB 3.0 eXtensible Host Controller - 1.0 (Microsoft)',0,'USB xHCI Compliant Host Controller',6,0,0,0,NULL,'2021-04-30 14:17:25','2021-04-30 14:17:25'),(5,'Controlador Padrão NVM Express',0,'Controlador Padrão NVM Express',24,0,0,0,NULL,'2021-04-30 14:17:33','2021-04-30 14:17:33'),(6,'Controlador de Espaços de Armazenamento da Microsoft',0,'Controlador de Espaços de Armazenamento da Microsoft',4,0,0,0,NULL,'2021-04-30 14:17:33','2021-04-30 14:17:33'),(7,'Intel(R) USB 3.0 eXtensible Host Controller - 1.0 (Microsoft)',0,'Controlador Host Compatível com USB xHCI',25,0,0,0,NULL,'2021-04-30 14:17:33','2021-04-30 14:17:33'),(8,'USB Attached SCSI (UAS) Mass Storage Device',0,'USB Attached SCSI (UAS) Mass Storage Device',32,0,0,0,NULL,'2021-05-03 14:55:33','2021-05-03 14:55:33'),(9,'Standard NVM Express Controller',0,'Standard NVM Express Controller',4,0,0,0,NULL,'2022-02-21 15:22:33','2022-02-21 15:22:33'),(10,'Microsoft VHD Loopback Controller',0,'Microsoft VHD Loopback Controller',4,0,0,0,NULL,'2022-02-21 15:22:33','2022-02-21 15:22:33'),(11,'USB Attached SCSI (UAS) Mass Storage Device',0,'USB Attached SCSI (UAS) Mass Storage Device',4,0,0,0,NULL,'2022-02-21 15:22:33','2022-02-21 15:22:33'),(12,'Xvdd SCSI Miniport',0,'Xvdd SCSI Miniport',76,0,0,0,NULL,'2023-01-17 15:29:05','2023-01-17 15:29:05');

--
-- Table structure for table `glpi_devicedrivemodels`
--

CREATE TABLE `glpi_devicedrivemodels` (
  `id` int(11) NOT NULL AUTO_INCREMENT,
  `name` varchar(255) COLLATE utf8_unicode_ci DEFAULT NULL,
  `comment` text COLLATE utf8_unicode_ci,
  `product_number` varchar(255) COLLATE utf8_unicode_ci DEFAULT NULL,
  PRIMARY KEY (`id`),
  KEY `name` (`name`),
  KEY `product_number` (`product_number`)
) ENGINE=InnoDB DEFAULT CHARSET=utf8 COLLATE=utf8_unicode_ci;

--
-- Dumping data for table `glpi_devicedrivemodels`
--


--
-- Table structure for table `glpi_devicedrives`
--

CREATE TABLE `glpi_devicedrives` (
  `id` int(11) NOT NULL AUTO_INCREMENT,
  `designation` varchar(255) COLLATE utf8_unicode_ci DEFAULT NULL,
  `is_writer` tinyint(1) NOT NULL DEFAULT '1',
  `speed` varchar(255) COLLATE utf8_unicode_ci DEFAULT NULL,
  `comment` text COLLATE utf8_unicode_ci,
  `manufacturers_id` int(11) NOT NULL DEFAULT '0',
  `interfacetypes_id` int(11) NOT NULL DEFAULT '0',
  `entities_id` int(11) NOT NULL DEFAULT '0',
  `is_recursive` tinyint(1) NOT NULL DEFAULT '0',
  `devicedrivemodels_id` int(11) DEFAULT NULL,
  `date_mod` timestamp NULL DEFAULT NULL,
  `date_creation` timestamp NULL DEFAULT NULL,
  PRIMARY KEY (`id`),
  KEY `designation` (`designation`),
  KEY `manufacturers_id` (`manufacturers_id`),
  KEY `interfacetypes_id` (`interfacetypes_id`),
  KEY `entities_id` (`entities_id`),
  KEY `is_recursive` (`is_recursive`),
  KEY `date_mod` (`date_mod`),
  KEY `date_creation` (`date_creation`),
  KEY `devicedrivemodels_id` (`devicedrivemodels_id`)
) ENGINE=InnoDB AUTO_INCREMENT=9 DEFAULT CHARSET=utf8 COLLATE=utf8_unicode_ci;

--
-- Dumping data for table `glpi_devicedrives`
--

INSERT INTO `glpi_devicedrives` VALUES (1,'HL-DT-ST DVD+-RW GU90N',1,NULL,NULL,0,0,0,0,NULL,'2021-04-30 14:17:25','2021-04-30 14:17:25'),(2,'SanDisk Cruzer Blade USB Device',1,NULL,NULL,0,0,0,0,NULL,'2021-05-06 18:12:03','2021-05-06 18:12:03'),(3,'USB DISK 2.0 USB Device',1,NULL,NULL,0,0,0,0,NULL,'2021-11-04 09:55:31','2021-11-04 09:55:31'),(4,'NVMe NE-256 02A0',1,NULL,NULL,0,0,0,0,NULL,'2022-02-21 15:22:33','2022-02-21 15:22:33'),(5,'ATA WDC WD10EZEX-75W1A01',1,NULL,NULL,0,0,0,0,NULL,'2022-02-21 15:22:33','2022-02-21 15:22:33'),(6,'HL-DT-STDVD+-RW GU90N A1C0',1,NULL,NULL,0,0,0,0,NULL,'2022-02-21 15:22:33','2022-02-21 15:22:33'),(7,'Kingston DataTraveler 2.0 USB Device',1,NULL,NULL,0,0,0,0,NULL,'2022-03-09 14:24:57','2022-03-09 14:24:57'),(8,'USB SanDisk 3.2Gen1 USB Device',1,NULL,NULL,0,0,0,0,NULL,'2022-06-27 15:29:07','2022-06-27 15:29:07');

--
-- Table structure for table `glpi_devicefirmwaremodels`
--

CREATE TABLE `glpi_devicefirmwaremodels` (
  `id` int(11) NOT NULL AUTO_INCREMENT,
  `name` varchar(255) COLLATE utf8_unicode_ci DEFAULT NULL,
  `comment` text COLLATE utf8_unicode_ci,
  `product_number` varchar(255) COLLATE utf8_unicode_ci DEFAULT NULL,
  PRIMARY KEY (`id`),
  KEY `name` (`name`),
  KEY `product_number` (`product_number`)
) ENGINE=InnoDB AUTO_INCREMENT=2 DEFAULT CHARSET=utf8 COLLATE=utf8_unicode_ci;

--
-- Dumping data for table `glpi_devicefirmwaremodels`
--

INSERT INTO `glpi_devicefirmwaremodels` VALUES (1,'OptiPlex 5040','',NULL);

--
-- Table structure for table `glpi_devicefirmwares`
--

CREATE TABLE `glpi_devicefirmwares` (
  `id` int(11) NOT NULL AUTO_INCREMENT,
  `designation` varchar(255) COLLATE utf8_unicode_ci DEFAULT NULL,
  `comment` text COLLATE utf8_unicode_ci,
  `manufacturers_id` int(11) NOT NULL DEFAULT '0',
  `date` date DEFAULT NULL,
  `version` varchar(255) COLLATE utf8_unicode_ci DEFAULT NULL,
  `devicefirmwaretypes_id` int(11) NOT NULL DEFAULT '0',
  `entities_id` int(11) NOT NULL DEFAULT '0',
  `is_recursive` tinyint(1) NOT NULL DEFAULT '0',
  `devicefirmwaremodels_id` int(11) DEFAULT NULL,
  `date_mod` timestamp NULL DEFAULT NULL,
  `date_creation` timestamp NULL DEFAULT NULL,
  PRIMARY KEY (`id`),
  KEY `designation` (`designation`),
  KEY `manufacturers_id` (`manufacturers_id`),
  KEY `entities_id` (`entities_id`),
  KEY `is_recursive` (`is_recursive`),
  KEY `date_mod` (`date_mod`),
  KEY `date_creation` (`date_creation`),
  KEY `devicefirmwaremodels_id` (`devicefirmwaremodels_id`),
  KEY `devicefirmwaretypes_id` (`devicefirmwaretypes_id`)
) ENGINE=InnoDB AUTO_INCREMENT=9 DEFAULT CHARSET=utf8 COLLATE=utf8_unicode_ci;

--
-- Dumping data for table `glpi_devicefirmwares`
--

INSERT INTO `glpi_devicefirmwares` VALUES (1,'1.17.1','23/12/2020 - ',1,NULL,NULL,4,0,0,1,'2021-04-30 14:17:25','2021-04-30 14:17:25'),(2,'1.2.7','15/01/2016 - ',1,NULL,NULL,4,0,0,1,'2021-05-04 12:21:11','2021-05-04 12:21:11'),(3,'1.16.0','28/05/2020 - ',1,NULL,NULL,4,0,0,1,'2021-05-04 20:28:45','2021-05-04 20:28:45'),(4,'1.7.1','15/08/2017 - ',1,NULL,NULL,4,0,0,1,'2021-05-04 20:41:26','2021-05-04 20:41:26'),(5,'1.16.1','23/07/2020 - ',1,NULL,NULL,4,0,0,1,'2021-05-10 18:49:09','2021-05-10 18:49:09'),(6,'1.18.1','08/07/2021 - ',1,NULL,NULL,4,0,0,1,'2021-09-30 13:34:13','2021-09-30 13:34:13'),(7,'1.2.7','01/15/2016 - ',1,NULL,NULL,0,0,0,1,'2022-02-21 15:22:33','2022-02-21 15:22:33'),(8,'1.22.0','16/03/2022 - ',1,NULL,NULL,4,0,0,1,'2022-11-29 15:29:06','2022-11-29 15:29:06');

--
-- Table structure for table `glpi_devicefirmwaretypes`
--

CREATE TABLE `glpi_devicefirmwaretypes` (
  `id` int(11) NOT NULL AUTO_INCREMENT,
  `name` varchar(255) COLLATE utf8_unicode_ci DEFAULT NULL,
  `comment` text COLLATE utf8_unicode_ci,
  `date_mod` timestamp NULL DEFAULT NULL,
  `date_creation` timestamp NULL DEFAULT NULL,
  PRIMARY KEY (`id`),
  KEY `name` (`name`),
  KEY `date_mod` (`date_mod`),
  KEY `date_creation` (`date_creation`)
) ENGINE=InnoDB AUTO_INCREMENT=5 DEFAULT CHARSET=utf8 COLLATE=utf8_unicode_ci;

--
-- Dumping data for table `glpi_devicefirmwaretypes`
--

INSERT INTO `glpi_devicefirmwaretypes` VALUES (1,'BIOS',NULL,NULL,NULL),(2,'UEFI',NULL,NULL,NULL),(3,'Firmware',NULL,NULL,NULL),(4,'Desktop','','2021-04-30 14:17:25','2021-04-30 14:17:25');

--
-- Table structure for table `glpi_devicegenericmodels`
--

CREATE TABLE `glpi_devicegenericmodels` (
  `id` int(11) NOT NULL AUTO_INCREMENT,
  `name` varchar(255) COLLATE utf8_unicode_ci DEFAULT NULL,
  `comment` text COLLATE utf8_unicode_ci,
  `product_number` varchar(255) COLLATE utf8_unicode_ci DEFAULT NULL,
  PRIMARY KEY (`id`),
  KEY `name` (`name`),
  KEY `product_number` (`product_number`)
) ENGINE=InnoDB DEFAULT CHARSET=utf8 COLLATE=utf8_unicode_ci;

--
-- Dumping data for table `glpi_devicegenericmodels`
--


--
-- Table structure for table `glpi_devicegenerics`
--

CREATE TABLE `glpi_devicegenerics` (
  `id` int(11) NOT NULL AUTO_INCREMENT,
  `designation` varchar(255) COLLATE utf8_unicode_ci DEFAULT NULL,
  `devicegenerictypes_id` int(11) NOT NULL DEFAULT '0',
  `comment` text COLLATE utf8_unicode_ci,
  `manufacturers_id` int(11) NOT NULL DEFAULT '0',
  `entities_id` int(11) NOT NULL DEFAULT '0',
  `is_recursive` tinyint(1) NOT NULL DEFAULT '0',
  `locations_id` int(11) NOT NULL DEFAULT '0',
  `states_id` int(11) NOT NULL DEFAULT '0',
  `devicegenericmodels_id` int(11) DEFAULT NULL,
  `date_mod` timestamp NULL DEFAULT NULL,
  `date_creation` timestamp NULL DEFAULT NULL,
  PRIMARY KEY (`id`),
  KEY `designation` (`designation`),
  KEY `manufacturers_id` (`manufacturers_id`),
  KEY `devicegenerictypes_id` (`devicegenerictypes_id`),
  KEY `entities_id` (`entities_id`),
  KEY `is_recursive` (`is_recursive`),
  KEY `locations_id` (`locations_id`),
  KEY `states_id` (`states_id`),
  KEY `date_mod` (`date_mod`),
  KEY `date_creation` (`date_creation`),
  KEY `devicegenericmodels_id` (`devicegenericmodels_id`)
) ENGINE=InnoDB DEFAULT CHARSET=utf8 COLLATE=utf8_unicode_ci;

--
-- Dumping data for table `glpi_devicegenerics`
--


--
-- Table structure for table `glpi_devicegenerictypes`
--

CREATE TABLE `glpi_devicegenerictypes` (
  `id` int(11) NOT NULL AUTO_INCREMENT,
  `name` varchar(255) COLLATE utf8_unicode_ci DEFAULT NULL,
  `comment` text COLLATE utf8_unicode_ci,
  PRIMARY KEY (`id`),
  KEY `name` (`name`)
) ENGINE=InnoDB DEFAULT CHARSET=utf8 COLLATE=utf8_unicode_ci;

--
-- Dumping data for table `glpi_devicegenerictypes`
--


--
-- Table structure for table `glpi_devicegraphiccardmodels`
--

CREATE TABLE `glpi_devicegraphiccardmodels` (
  `id` int(11) NOT NULL AUTO_INCREMENT,
  `name` varchar(255) COLLATE utf8_unicode_ci DEFAULT NULL,
  `comment` text COLLATE utf8_unicode_ci,
  `product_number` varchar(255) COLLATE utf8_unicode_ci DEFAULT NULL,
  PRIMARY KEY (`id`),
  KEY `name` (`name`),
  KEY `product_number` (`product_number`)
) ENGINE=InnoDB DEFAULT CHARSET=utf8 COLLATE=utf8_unicode_ci;

--
-- Dumping data for table `glpi_devicegraphiccardmodels`
--


--
-- Table structure for table `glpi_devicegraphiccards`
--

CREATE TABLE `glpi_devicegraphiccards` (
  `id` int(11) NOT NULL AUTO_INCREMENT,
  `designation` varchar(255) COLLATE utf8_unicode_ci DEFAULT NULL,
  `interfacetypes_id` int(11) NOT NULL DEFAULT '0',
  `comment` text COLLATE utf8_unicode_ci,
  `manufacturers_id` int(11) NOT NULL DEFAULT '0',
  `memory_default` int(11) NOT NULL DEFAULT '0',
  `entities_id` int(11) NOT NULL DEFAULT '0',
  `is_recursive` tinyint(1) NOT NULL DEFAULT '0',
  `devicegraphiccardmodels_id` int(11) DEFAULT NULL,
  `chipset` varchar(255) COLLATE utf8_unicode_ci DEFAULT NULL,
  `date_mod` timestamp NULL DEFAULT NULL,
  `date_creation` timestamp NULL DEFAULT NULL,
  PRIMARY KEY (`id`),
  KEY `designation` (`designation`),
  KEY `manufacturers_id` (`manufacturers_id`),
  KEY `interfacetypes_id` (`interfacetypes_id`),
  KEY `entities_id` (`entities_id`),
  KEY `is_recursive` (`is_recursive`),
  KEY `chipset` (`chipset`),
  KEY `date_mod` (`date_mod`),
  KEY `date_creation` (`date_creation`),
  KEY `devicegraphiccardmodels_id` (`devicegraphiccardmodels_id`)
) ENGINE=InnoDB AUTO_INCREMENT=3 DEFAULT CHARSET=utf8 COLLATE=utf8_unicode_ci;

--
-- Dumping data for table `glpi_devicegraphiccards`
--

INSERT INTO `glpi_devicegraphiccards` VALUES (1,'Intel(R) HD Graphics 530',0,NULL,0,1024,0,0,NULL,NULL,'2021-04-30 14:17:25','2021-04-30 14:17:25'),(2,'AMD Radeon (TM) R5 340',0,NULL,0,2048,0,0,NULL,NULL,'2021-04-30 14:17:33','2021-04-30 14:17:33');

--
-- Table structure for table `glpi_deviceharddrivemodels`
--

CREATE TABLE `glpi_deviceharddrivemodels` (
  `id` int(11) NOT NULL AUTO_INCREMENT,
  `name` varchar(255) COLLATE utf8_unicode_ci DEFAULT NULL,
  `comment` text COLLATE utf8_unicode_ci,
  `product_number` varchar(255) COLLATE utf8_unicode_ci DEFAULT NULL,
  PRIMARY KEY (`id`),
  KEY `name` (`name`),
  KEY `product_number` (`product_number`)
) ENGINE=InnoDB DEFAULT CHARSET=utf8 COLLATE=utf8_unicode_ci;

--
-- Dumping data for table `glpi_deviceharddrivemodels`
--


--
-- Table structure for table `glpi_deviceharddrives`
--

CREATE TABLE `glpi_deviceharddrives` (
  `id` int(11) NOT NULL AUTO_INCREMENT,
  `designation` varchar(255) COLLATE utf8_unicode_ci DEFAULT NULL,
  `rpm` varchar(255) COLLATE utf8_unicode_ci DEFAULT NULL,
  `interfacetypes_id` int(11) NOT NULL DEFAULT '0',
  `cache` varchar(255) COLLATE utf8_unicode_ci DEFAULT NULL,
  `comment` text COLLATE utf8_unicode_ci,
  `manufacturers_id` int(11) NOT NULL DEFAULT '0',
  `capacity_default` int(11) NOT NULL DEFAULT '0',
  `entities_id` int(11) NOT NULL DEFAULT '0',
  `is_recursive` tinyint(1) NOT NULL DEFAULT '0',
  `deviceharddrivemodels_id` int(11) DEFAULT NULL,
  `date_mod` timestamp NULL DEFAULT NULL,
  `date_creation` timestamp NULL DEFAULT NULL,
  PRIMARY KEY (`id`),
  KEY `designation` (`designation`),
  KEY `manufacturers_id` (`manufacturers_id`),
  KEY `interfacetypes_id` (`interfacetypes_id`),
  KEY `entities_id` (`entities_id`),
  KEY `is_recursive` (`is_recursive`),
  KEY `date_mod` (`date_mod`),
  KEY `date_creation` (`date_creation`),
  KEY `deviceharddrivemodels_id` (`deviceharddrivemodels_id`)
) ENGINE=InnoDB AUTO_INCREMENT=7 DEFAULT CHARSET=utf8 COLLATE=utf8_unicode_ci;

--
-- Dumping data for table `glpi_deviceharddrives`
--

INSERT INTO `glpi_deviceharddrives` VALUES (1,'NE-256',NULL,0,NULL,NULL,0,244191,0,0,NULL,'2021-04-30 14:17:25','2021-04-30 14:17:25'),(2,'WDC WD10EZEX-75WN4A1',NULL,0,NULL,NULL,0,953867,0,0,NULL,'2021-04-30 14:17:33','2021-04-30 14:17:33'),(3,'Seagate Basic SCSI Disk Device',NULL,0,NULL,NULL,0,953867,0,0,NULL,'2021-05-03 14:55:33','2021-05-03 14:55:33'),(4,'WDC WD10EZEX-75WN4A0',NULL,0,NULL,NULL,0,953867,0,0,NULL,'2021-05-03 14:55:33','2021-05-03 14:55:33'),(5,'ST1000DM003-1SB102',NULL,0,NULL,NULL,0,953867,0,0,NULL,'2021-05-04 12:21:11','2021-05-04 12:21:11'),(6,'Seagate Expansion SCSI Disk Device',NULL,0,NULL,NULL,0,3815445,0,0,NULL,'2022-06-06 15:29:10','2022-06-06 15:29:10');

--
-- Table structure for table `glpi_devicememories`
--

CREATE TABLE `glpi_devicememories` (
  `id` int(11) NOT NULL AUTO_INCREMENT,
  `designation` varchar(255) COLLATE utf8_unicode_ci DEFAULT NULL,
  `frequence` varchar(255) COLLATE utf8_unicode_ci DEFAULT NULL,
  `comment` text COLLATE utf8_unicode_ci,
  `manufacturers_id` int(11) NOT NULL DEFAULT '0',
  `size_default` int(11) NOT NULL DEFAULT '0',
  `devicememorytypes_id` int(11) NOT NULL DEFAULT '0',
  `entities_id` int(11) NOT NULL DEFAULT '0',
  `is_recursive` tinyint(1) NOT NULL DEFAULT '0',
  `devicememorymodels_id` int(11) DEFAULT NULL,
  `date_mod` timestamp NULL DEFAULT NULL,
  `date_creation` timestamp NULL DEFAULT NULL,
  PRIMARY KEY (`id`),
  KEY `designation` (`designation`),
  KEY `manufacturers_id` (`manufacturers_id`),
  KEY `devicememorytypes_id` (`devicememorytypes_id`),
  KEY `entities_id` (`entities_id`),
  KEY `is_recursive` (`is_recursive`),
  KEY `date_mod` (`date_mod`),
  KEY `date_creation` (`date_creation`),
  KEY `devicememorymodels_id` (`devicememorymodels_id`)
) ENGINE=InnoDB AUTO_INCREMENT=6 DEFAULT CHARSET=utf8 COLLATE=utf8_unicode_ci;

--
-- Dumping data for table `glpi_devicememories`
--

INSERT INTO `glpi_devicememories` VALUES (1,'DIMM1 (No ECC)','1600',NULL,0,4096,0,0,0,NULL,'2021-04-30 14:17:25','2021-04-30 14:17:25'),(2,'DIMM2 (No ECC)','1600',NULL,0,4096,0,0,0,NULL,'2021-04-30 14:17:25','2021-04-30 14:17:25'),(3,'Empty slot - Matriz de Memória Física','1600',NULL,0,0,5,0,0,NULL,'2021-04-30 14:17:25','2021-04-30 14:17:25'),(4,'DIMM3 (No ECC)','1600',NULL,0,4096,0,0,0,NULL,'2021-04-30 14:17:33','2021-04-30 14:17:33'),(5,'DIMM4 (No ECC)','1600',NULL,0,4096,0,0,0,NULL,'2021-04-30 14:17:33','2021-04-30 14:17:33');

--
-- Table structure for table `glpi_devicememorymodels`
--

CREATE TABLE `glpi_devicememorymodels` (
  `id` int(11) NOT NULL AUTO_INCREMENT,
  `name` varchar(255) COLLATE utf8_unicode_ci DEFAULT NULL,
  `comment` text COLLATE utf8_unicode_ci,
  `product_number` varchar(255) COLLATE utf8_unicode_ci DEFAULT NULL,
  PRIMARY KEY (`id`),
  KEY `name` (`name`),
  KEY `product_number` (`product_number`)
) ENGINE=InnoDB DEFAULT CHARSET=utf8 COLLATE=utf8_unicode_ci;

--
-- Dumping data for table `glpi_devicememorymodels`
--


--
-- Table structure for table `glpi_devicememorytypes`
--

CREATE TABLE `glpi_devicememorytypes` (
  `id` int(11) NOT NULL AUTO_INCREMENT,
  `name` varchar(255) COLLATE utf8_unicode_ci DEFAULT NULL,
  `comment` text COLLATE utf8_unicode_ci,
  `date_mod` timestamp NULL DEFAULT NULL,
  `date_creation` timestamp NULL DEFAULT NULL,
  PRIMARY KEY (`id`),
  KEY `name` (`name`),
  KEY `date_mod` (`date_mod`),
  KEY `date_creation` (`date_creation`)
) ENGINE=InnoDB AUTO_INCREMENT=6 DEFAULT CHARSET=utf8 COLLATE=utf8_unicode_ci;

--
-- Dumping data for table `glpi_devicememorytypes`
--

INSERT INTO `glpi_devicememorytypes` VALUES (1,'EDO',NULL,NULL,NULL),(2,'DDR',NULL,NULL,NULL),(3,'SDRAM',NULL,NULL,NULL),(4,'SDRAM-2',NULL,NULL,NULL),(5,'Empty slot','','2021-04-30 14:17:25','2021-04-30 14:17:25');

--
-- Table structure for table `glpi_devicemotherboardmodels`
--

CREATE TABLE `glpi_devicemotherboardmodels` (
  `id` int(11) NOT NULL AUTO_INCREMENT,
  `name` varchar(255) COLLATE utf8_unicode_ci DEFAULT NULL,
  `comment` text COLLATE utf8_unicode_ci,
  `product_number` varchar(255) COLLATE utf8_unicode_ci DEFAULT NULL,
  PRIMARY KEY (`id`),
  KEY `name` (`name`),
  KEY `product_number` (`product_number`)
) ENGINE=InnoDB DEFAULT CHARSET=utf8 COLLATE=utf8_unicode_ci;

--
-- Dumping data for table `glpi_devicemotherboardmodels`
--


--
-- Table structure for table `glpi_devicemotherboards`
--

CREATE TABLE `glpi_devicemotherboards` (
  `id` int(11) NOT NULL AUTO_INCREMENT,
  `designation` varchar(255) COLLATE utf8_unicode_ci DEFAULT NULL,
  `chipset` varchar(255) COLLATE utf8_unicode_ci DEFAULT NULL,
  `comment` text COLLATE utf8_unicode_ci,
  `manufacturers_id` int(11) NOT NULL DEFAULT '0',
  `entities_id` int(11) NOT NULL DEFAULT '0',
  `is_recursive` tinyint(1) NOT NULL DEFAULT '0',
  `devicemotherboardmodels_id` int(11) DEFAULT NULL,
  `date_mod` timestamp NULL DEFAULT NULL,
  `date_creation` timestamp NULL DEFAULT NULL,
  PRIMARY KEY (`id`),
  KEY `designation` (`designation`),
  KEY `manufacturers_id` (`manufacturers_id`),
  KEY `entities_id` (`entities_id`),
  KEY `is_recursive` (`is_recursive`),
  KEY `date_mod` (`date_mod`),
  KEY `date_creation` (`date_creation`),
  KEY `devicemotherboardmodels_id` (`devicemotherboardmodels_id`)
) ENGINE=InnoDB AUTO_INCREMENT=2 DEFAULT CHARSET=utf8 COLLATE=utf8_unicode_ci;

--
-- Dumping data for table `glpi_devicemotherboards`
--

INSERT INTO `glpi_devicemotherboards` VALUES (1,'0T7D40',NULL,NULL,1,0,0,NULL,'2022-02-21 15:22:33','2022-02-21 15:22:33');

--
-- Table structure for table `glpi_devicenetworkcardmodels`
--

CREATE TABLE `glpi_devicenetworkcardmodels` (
  `id` int(11) NOT NULL AUTO_INCREMENT,
  `name` varchar(255) COLLATE utf8_unicode_ci DEFAULT NULL,
  `comment` text COLLATE utf8_unicode_ci,
  `product_number` varchar(255) COLLATE utf8_unicode_ci DEFAULT NULL,
  PRIMARY KEY (`id`),
  KEY `name` (`name`),
  KEY `product_number` (`product_number`)
) ENGINE=InnoDB DEFAULT CHARSET=utf8 COLLATE=utf8_unicode_ci;

--
-- Dumping data for table `glpi_devicenetworkcardmodels`
--


--
-- Table structure for table `glpi_devicenetworkcards`
--

CREATE TABLE `glpi_devicenetworkcards` (
  `id` int(11) NOT NULL AUTO_INCREMENT,
  `designation` varchar(255) COLLATE utf8_unicode_ci DEFAULT NULL,
  `bandwidth` varchar(255) COLLATE utf8_unicode_ci DEFAULT NULL,
  `comment` text COLLATE utf8_unicode_ci,
  `manufacturers_id` int(11) NOT NULL DEFAULT '0',
  `mac_default` varchar(255) COLLATE utf8_unicode_ci DEFAULT NULL,
  `entities_id` int(11) NOT NULL DEFAULT '0',
  `is_recursive` tinyint(1) NOT NULL DEFAULT '0',
  `devicenetworkcardmodels_id` int(11) DEFAULT NULL,
  `date_mod` timestamp NULL DEFAULT NULL,
  `date_creation` timestamp NULL DEFAULT NULL,
  PRIMARY KEY (`id`),
  KEY `designation` (`designation`),
  KEY `manufacturers_id` (`manufacturers_id`),
  KEY `entities_id` (`entities_id`),
  KEY `is_recursive` (`is_recursive`),
  KEY `date_mod` (`date_mod`),
  KEY `date_creation` (`date_creation`),
  KEY `devicenetworkcardmodels_id` (`devicenetworkcardmodels_id`)
) ENGINE=InnoDB AUTO_INCREMENT=5 DEFAULT CHARSET=utf8 COLLATE=utf8_unicode_ci;

--
-- Dumping data for table `glpi_devicenetworkcards`
--

INSERT INTO `glpi_devicenetworkcards` VALUES (1,'Intel(R) Ethernet Connection (2) I219-V','100',NULL,0,NULL,0,0,NULL,'2021-04-30 14:17:25','2021-04-30 14:17:25'),(2,'WAN Miniport (PPPOE)',NULL,NULL,0,NULL,0,0,NULL,'2021-04-30 14:17:25','2021-04-30 14:17:25'),(3,'Intel(R) Ethernet Connection (2) I219-V','1000',NULL,0,NULL,0,0,NULL,'2021-04-30 14:17:33','2021-04-30 14:17:33'),(4,'Hyper-V Virtual Ethernet Adapter','1000',NULL,0,NULL,0,0,NULL,'2021-09-30 13:34:13','2021-09-30 13:34:13');

--
-- Table structure for table `glpi_devicepcimodels`
--

CREATE TABLE `glpi_devicepcimodels` (
  `id` int(11) NOT NULL AUTO_INCREMENT,
  `name` varchar(255) COLLATE utf8_unicode_ci DEFAULT NULL,
  `comment` text COLLATE utf8_unicode_ci,
  `product_number` varchar(255) COLLATE utf8_unicode_ci DEFAULT NULL,
  PRIMARY KEY (`id`),
  KEY `name` (`name`),
  KEY `product_number` (`product_number`)
) ENGINE=InnoDB DEFAULT CHARSET=utf8 COLLATE=utf8_unicode_ci;

--
-- Dumping data for table `glpi_devicepcimodels`
--


--
-- Table structure for table `glpi_devicepcis`
--

CREATE TABLE `glpi_devicepcis` (
  `id` int(11) NOT NULL AUTO_INCREMENT,
  `designation` varchar(255) COLLATE utf8_unicode_ci DEFAULT NULL,
  `comment` text COLLATE utf8_unicode_ci,
  `manufacturers_id` int(11) NOT NULL DEFAULT '0',
  `devicenetworkcardmodels_id` int(11) NOT NULL DEFAULT '0',
  `entities_id` int(11) NOT NULL DEFAULT '0',
  `is_recursive` tinyint(1) NOT NULL DEFAULT '0',
  `devicepcimodels_id` int(11) DEFAULT NULL,
  `date_mod` timestamp NULL DEFAULT NULL,
  `date_creation` timestamp NULL DEFAULT NULL,
  PRIMARY KEY (`id`),
  KEY `designation` (`designation`),
  KEY `manufacturers_id` (`manufacturers_id`),
  KEY `devicenetworkcardmodels_id` (`devicenetworkcardmodels_id`),
  KEY `entities_id` (`entities_id`),
  KEY `is_recursive` (`is_recursive`),
  KEY `date_mod` (`date_mod`),
  KEY `date_creation` (`date_creation`),
  KEY `devicepcimodels_id` (`devicepcimodels_id`)
) ENGINE=InnoDB DEFAULT CHARSET=utf8 COLLATE=utf8_unicode_ci;

--
-- Dumping data for table `glpi_devicepcis`
--


--
-- Table structure for table `glpi_devicepowersupplies`
--

CREATE TABLE `glpi_devicepowersupplies` (
  `id` int(11) NOT NULL AUTO_INCREMENT,
  `designation` varchar(255) COLLATE utf8_unicode_ci DEFAULT NULL,
  `power` varchar(255) COLLATE utf8_unicode_ci DEFAULT NULL,
  `is_atx` tinyint(1) NOT NULL DEFAULT '1',
  `comment` text COLLATE utf8_unicode_ci,
  `manufacturers_id` int(11) NOT NULL DEFAULT '0',
  `entities_id` int(11) NOT NULL DEFAULT '0',
  `is_recursive` tinyint(1) NOT NULL DEFAULT '0',
  `devicepowersupplymodels_id` int(11) DEFAULT NULL,
  `date_mod` timestamp NULL DEFAULT NULL,
  `date_creation` timestamp NULL DEFAULT NULL,
  PRIMARY KEY (`id`),
  KEY `designation` (`designation`),
  KEY `manufacturers_id` (`manufacturers_id`),
  KEY `entities_id` (`entities_id`),
  KEY `is_recursive` (`is_recursive`),
  KEY `date_mod` (`date_mod`),
  KEY `date_creation` (`date_creation`),
  KEY `devicepowersupplymodels_id` (`devicepowersupplymodels_id`)
) ENGINE=InnoDB DEFAULT CHARSET=utf8 COLLATE=utf8_unicode_ci;

--
-- Dumping data for table `glpi_devicepowersupplies`
--


--
-- Table structure for table `glpi_devicepowersupplymodels`
--

CREATE TABLE `glpi_devicepowersupplymodels` (
  `id` int(11) NOT NULL AUTO_INCREMENT,
  `name` varchar(255) COLLATE utf8_unicode_ci DEFAULT NULL,
  `comment` text COLLATE utf8_unicode_ci,
  `product_number` varchar(255) COLLATE utf8_unicode_ci DEFAULT NULL,
  PRIMARY KEY (`id`),
  KEY `name` (`name`),
  KEY `product_number` (`product_number`)
) ENGINE=InnoDB DEFAULT CHARSET=utf8 COLLATE=utf8_unicode_ci;

--
-- Dumping data for table `glpi_devicepowersupplymodels`
--


--
-- Table structure for table `glpi_deviceprocessormodels`
--

CREATE TABLE `glpi_deviceprocessormodels` (
  `id` int(11) NOT NULL AUTO_INCREMENT,
  `name` varchar(255) COLLATE utf8_unicode_ci DEFAULT NULL,
  `comment` text COLLATE utf8_unicode_ci,
  `product_number` varchar(255) COLLATE utf8_unicode_ci DEFAULT NULL,
  PRIMARY KEY (`id`),
  KEY `name` (`name`),
  KEY `product_number` (`product_number`)
) ENGINE=InnoDB DEFAULT CHARSET=utf8 COLLATE=utf8_unicode_ci;

--
-- Dumping data for table `glpi_deviceprocessormodels`
--


--
-- Table structure for table `glpi_deviceprocessors`
--

CREATE TABLE `glpi_deviceprocessors` (
  `id` int(11) NOT NULL AUTO_INCREMENT,
  `designation` varchar(255) COLLATE utf8_unicode_ci DEFAULT NULL,
  `frequence` int(11) NOT NULL DEFAULT '0',
  `comment` text COLLATE utf8_unicode_ci,
  `manufacturers_id` int(11) NOT NULL DEFAULT '0',
  `frequency_default` int(11) NOT NULL DEFAULT '0',
  `nbcores_default` int(11) DEFAULT NULL,
  `nbthreads_default` int(11) DEFAULT NULL,
  `entities_id` int(11) NOT NULL DEFAULT '0',
  `is_recursive` tinyint(1) NOT NULL DEFAULT '0',
  `deviceprocessormodels_id` int(11) DEFAULT NULL,
  `date_mod` timestamp NULL DEFAULT NULL,
  `date_creation` timestamp NULL DEFAULT NULL,
  PRIMARY KEY (`id`),
  KEY `designation` (`designation`),
  KEY `manufacturers_id` (`manufacturers_id`),
  KEY `entities_id` (`entities_id`),
  KEY `is_recursive` (`is_recursive`),
  KEY `date_mod` (`date_mod`),
  KEY `date_creation` (`date_creation`),
  KEY `deviceprocessormodels_id` (`deviceprocessormodels_id`)
) ENGINE=InnoDB AUTO_INCREMENT=2 DEFAULT CHARSET=utf8 COLLATE=utf8_unicode_ci;

--
-- Dumping data for table `glpi_deviceprocessors`
--

INSERT INTO `glpi_deviceprocessors` VALUES (1,'Intel(R) Core(TM) i5-6500 CPU @ 3.20GHz',3192,NULL,2,3192,4,4,0,0,NULL,'2021-04-30 14:17:25','2021-04-30 14:17:25');

--
-- Table structure for table `glpi_devicesensormodels`
--

CREATE TABLE `glpi_devicesensormodels` (
  `id` int(11) NOT NULL AUTO_INCREMENT,
  `name` varchar(255) COLLATE utf8_unicode_ci DEFAULT NULL,
  `comment` text COLLATE utf8_unicode_ci,
  `product_number` varchar(255) COLLATE utf8_unicode_ci DEFAULT NULL,
  PRIMARY KEY (`id`),
  KEY `name` (`name`),
  KEY `product_number` (`product_number`)
) ENGINE=InnoDB DEFAULT CHARSET=utf8 COLLATE=utf8_unicode_ci;

--
-- Dumping data for table `glpi_devicesensormodels`
--


--
-- Table structure for table `glpi_devicesensors`
--

CREATE TABLE `glpi_devicesensors` (
  `id` int(11) NOT NULL AUTO_INCREMENT,
  `designation` varchar(255) COLLATE utf8_unicode_ci DEFAULT NULL,
  `devicesensortypes_id` int(11) NOT NULL DEFAULT '0',
  `devicesensormodels_id` int(11) NOT NULL DEFAULT '0',
  `comment` text COLLATE utf8_unicode_ci,
  `manufacturers_id` int(11) NOT NULL DEFAULT '0',
  `entities_id` int(11) NOT NULL DEFAULT '0',
  `is_recursive` tinyint(1) NOT NULL DEFAULT '0',
  `locations_id` int(11) NOT NULL DEFAULT '0',
  `states_id` int(11) NOT NULL DEFAULT '0',
  `date_mod` timestamp NULL DEFAULT NULL,
  `date_creation` timestamp NULL DEFAULT NULL,
  PRIMARY KEY (`id`),
  KEY `designation` (`designation`),
  KEY `manufacturers_id` (`manufacturers_id`),
  KEY `devicesensortypes_id` (`devicesensortypes_id`),
  KEY `entities_id` (`entities_id`),
  KEY `is_recursive` (`is_recursive`),
  KEY `locations_id` (`locations_id`),
  KEY `states_id` (`states_id`),
  KEY `date_mod` (`date_mod`),
  KEY `date_creation` (`date_creation`)
) ENGINE=InnoDB DEFAULT CHARSET=utf8 COLLATE=utf8_unicode_ci;

--
-- Dumping data for table `glpi_devicesensors`
--


--
-- Table structure for table `glpi_devicesensortypes`
--

CREATE TABLE `glpi_devicesensortypes` (
  `id` int(11) NOT NULL AUTO_INCREMENT,
  `name` varchar(255) COLLATE utf8_unicode_ci DEFAULT NULL,
  `comment` text COLLATE utf8_unicode_ci,
  PRIMARY KEY (`id`),
  KEY `name` (`name`)
) ENGINE=InnoDB DEFAULT CHARSET=utf8 COLLATE=utf8_unicode_ci;

--
-- Dumping data for table `glpi_devicesensortypes`
--


--
-- Table structure for table `glpi_devicesimcards`
--

CREATE TABLE `glpi_devicesimcards` (
  `id` int(11) NOT NULL AUTO_INCREMENT,
  `designation` varchar(255) COLLATE utf8_unicode_ci DEFAULT NULL,
  `comment` text COLLATE utf8_unicode_ci,
  `entities_id` int(11) NOT NULL DEFAULT '0',
  `is_recursive` tinyint(1) NOT NULL DEFAULT '0',
  `manufacturers_id` int(11) NOT NULL DEFAULT '0',
  `voltage` int(11) DEFAULT NULL,
  `devicesimcardtypes_id` int(11) NOT NULL DEFAULT '0',
  `date_mod` timestamp NULL DEFAULT NULL,
  `date_creation` timestamp NULL DEFAULT NULL,
  `allow_voip` tinyint(1) NOT NULL DEFAULT '0',
  PRIMARY KEY (`id`),
  KEY `designation` (`designation`),
  KEY `entities_id` (`entities_id`),
  KEY `is_recursive` (`is_recursive`),
  KEY `devicesimcardtypes_id` (`devicesimcardtypes_id`),
  KEY `date_mod` (`date_mod`),
  KEY `date_creation` (`date_creation`),
  KEY `manufacturers_id` (`manufacturers_id`)
) ENGINE=InnoDB DEFAULT CHARSET=utf8 COLLATE=utf8_unicode_ci;

--
-- Dumping data for table `glpi_devicesimcards`
--


--
-- Table structure for table `glpi_devicesimcardtypes`
--

CREATE TABLE `glpi_devicesimcardtypes` (
  `id` int(11) NOT NULL AUTO_INCREMENT,
  `name` varchar(255) COLLATE utf8_unicode_ci NOT NULL DEFAULT '',
  `comment` text COLLATE utf8_unicode_ci,
  `date_mod` timestamp NULL DEFAULT NULL,
  `date_creation` timestamp NULL DEFAULT NULL,
  PRIMARY KEY (`id`),
  KEY `name` (`name`),
  KEY `date_mod` (`date_mod`),
  KEY `date_creation` (`date_creation`)
) ENGINE=InnoDB AUTO_INCREMENT=5 DEFAULT CHARSET=utf8 COLLATE=utf8_unicode_ci;

--
-- Dumping data for table `glpi_devicesimcardtypes`
--

INSERT INTO `glpi_devicesimcardtypes` VALUES (1,'Full SIM',NULL,NULL,NULL),(2,'Mini SIM',NULL,NULL,NULL),(3,'Micro SIM',NULL,NULL,NULL),(4,'Nano SIM',NULL,NULL,NULL);

--
-- Table structure for table `glpi_devicesoundcardmodels`
--

CREATE TABLE `glpi_devicesoundcardmodels` (
  `id` int(11) NOT NULL AUTO_INCREMENT,
  `name` varchar(255) COLLATE utf8_unicode_ci DEFAULT NULL,
  `comment` text COLLATE utf8_unicode_ci,
  `product_number` varchar(255) COLLATE utf8_unicode_ci DEFAULT NULL,
  PRIMARY KEY (`id`),
  KEY `name` (`name`),
  KEY `product_number` (`product_number`)
) ENGINE=InnoDB DEFAULT CHARSET=utf8 COLLATE=utf8_unicode_ci;

--
-- Dumping data for table `glpi_devicesoundcardmodels`
--


--
-- Table structure for table `glpi_devicesoundcards`
--

CREATE TABLE `glpi_devicesoundcards` (
  `id` int(11) NOT NULL AUTO_INCREMENT,
  `designation` varchar(255) COLLATE utf8_unicode_ci DEFAULT NULL,
  `type` varchar(255) COLLATE utf8_unicode_ci DEFAULT NULL,
  `comment` text COLLATE utf8_unicode_ci,
  `manufacturers_id` int(11) NOT NULL DEFAULT '0',
  `entities_id` int(11) NOT NULL DEFAULT '0',
  `is_recursive` tinyint(1) NOT NULL DEFAULT '0',
  `devicesoundcardmodels_id` int(11) DEFAULT NULL,
  `date_mod` timestamp NULL DEFAULT NULL,
  `date_creation` timestamp NULL DEFAULT NULL,
  PRIMARY KEY (`id`),
  KEY `designation` (`designation`),
  KEY `manufacturers_id` (`manufacturers_id`),
  KEY `entities_id` (`entities_id`),
  KEY `is_recursive` (`is_recursive`),
  KEY `date_mod` (`date_mod`),
  KEY `date_creation` (`date_creation`),
  KEY `devicesoundcardmodels_id` (`devicesoundcardmodels_id`)
) ENGINE=InnoDB AUTO_INCREMENT=6 DEFAULT CHARSET=utf8 COLLATE=utf8_unicode_ci;

--
-- Dumping data for table `glpi_devicesoundcards`
--

INSERT INTO `glpi_devicesoundcards` VALUES (1,'Realtek Audio',NULL,'Realtek Audio',0,0,0,NULL,'2021-04-30 14:17:25','2021-04-30 14:17:25'),(2,'Áudio Intel(R) para telas',NULL,'Áudio Intel(R) para telas',0,0,0,NULL,'2021-04-30 14:17:25','2021-04-30 14:17:25'),(3,'Dispositivo de áudio USB',NULL,'Dispositivo de áudio USB',0,0,0,NULL,'2021-04-30 14:17:33','2021-04-30 14:17:33'),(4,'AMD High Definition Audio Device',NULL,'AMD High Definition Audio Device',0,0,0,NULL,'2021-04-30 14:17:33','2021-04-30 14:17:33'),(5,'USB Audio Device',NULL,'USB Audio Device',0,0,0,NULL,'2021-05-10 18:49:05','2021-05-10 18:49:05');

--
-- Table structure for table `glpi_displaypreferences`
--

CREATE TABLE `glpi_displaypreferences` (
  `id` int(11) NOT NULL AUTO_INCREMENT,
  `itemtype` varchar(100) COLLATE utf8_unicode_ci NOT NULL,
  `num` int(11) NOT NULL DEFAULT '0',
  `rank` int(11) NOT NULL DEFAULT '0',
  `users_id` int(11) NOT NULL DEFAULT '0',
  PRIMARY KEY (`id`),
  UNIQUE KEY `unicity` (`users_id`,`itemtype`,`num`),
  KEY `rank` (`rank`),
  KEY `num` (`num`),
  KEY `itemtype` (`itemtype`)
) ENGINE=InnoDB AUTO_INCREMENT=273 DEFAULT CHARSET=utf8 COLLATE=utf8_unicode_ci;

--
-- Dumping data for table `glpi_displaypreferences`
--

INSERT INTO `glpi_displaypreferences` VALUES (1,'Computer',4,4,0),(2,'Computer',45,6,0),(3,'Computer',40,5,0),(4,'Computer',5,3,0),(5,'Computer',23,2,0),(6,'DocumentType',3,1,0),(7,'Monitor',31,1,0),(8,'Monitor',23,2,0),(9,'Monitor',3,3,0),(10,'Monitor',4,4,0),(11,'Printer',31,1,0),(12,'NetworkEquipment',31,1,0),(13,'NetworkEquipment',23,2,0),(14,'Printer',23,2,0),(15,'Printer',3,3,0),(16,'Software',4,3,0),(17,'Software',5,2,0),(18,'Software',23,1,0),(19,'CartridgeItem',4,2,0),(20,'CartridgeItem',34,1,0),(21,'Peripheral',3,3,0),(22,'Peripheral',23,2,0),(23,'Peripheral',31,1,0),(24,'Computer',31,1,0),(25,'Computer',3,7,0),(26,'Computer',19,8,0),(27,'Computer',17,9,0),(28,'NetworkEquipment',3,3,0),(29,'NetworkEquipment',4,4,0),(30,'NetworkEquipment',11,6,0),(31,'NetworkEquipment',19,7,0),(32,'Printer',4,4,0),(33,'Printer',19,6,0),(34,'Monitor',19,6,0),(35,'Monitor',7,7,0),(36,'Peripheral',4,4,0),(37,'Peripheral',19,6,0),(38,'Peripheral',7,7,0),(39,'Contact',3,1,0),(40,'Contact',4,2,0),(41,'Contact',5,3,0),(42,'Contact',6,4,0),(43,'Contact',9,5,0),(44,'Supplier',9,1,0),(45,'Supplier',3,2,0),(46,'Supplier',4,3,0),(47,'Supplier',5,4,0),(48,'Supplier',10,5,0),(49,'Supplier',6,6,0),(50,'Contract',4,1,0),(51,'Contract',3,2,0),(52,'Contract',5,3,0),(53,'Contract',6,4,0),(54,'Contract',7,5,0),(55,'Contract',11,6,0),(56,'CartridgeItem',23,3,0),(57,'CartridgeItem',3,4,0),(58,'DocumentType',6,2,0),(59,'DocumentType',4,3,0),(60,'DocumentType',5,4,0),(61,'Document',3,1,0),(62,'Document',4,2,0),(63,'Document',7,3,0),(64,'Document',5,4,0),(65,'Document',16,5,0),(66,'User',34,1,0),(67,'User',5,3,0),(68,'User',6,4,0),(69,'User',3,5,0),(70,'ConsumableItem',34,1,0),(71,'ConsumableItem',4,2,0),(72,'ConsumableItem',23,3,0),(73,'ConsumableItem',3,4,0),(74,'NetworkEquipment',40,5,0),(75,'Printer',40,5,0),(76,'Monitor',40,5,0),(77,'Peripheral',40,5,0),(78,'User',8,6,0),(79,'Phone',31,1,0),(80,'Phone',23,2,0),(81,'Phone',3,3,0),(82,'Phone',4,4,0),(83,'Phone',40,5,0),(84,'Phone',19,6,0),(85,'Phone',7,7,0),(86,'Group',16,1,0),(87,'AllAssets',31,1,0),(88,'ReservationItem',4,1,0),(89,'ReservationItem',3,2,0),(90,'Budget',3,2,0),(91,'Software',72,4,0),(92,'Software',163,5,0),(93,'Budget',5,1,0),(94,'Budget',4,3,0),(95,'Budget',19,4,0),(96,'CronTask',8,1,0),(97,'CronTask',3,2,0),(98,'CronTask',4,3,0),(99,'CronTask',7,4,0),(100,'RequestType',14,1,0),(101,'RequestType',15,2,0),(102,'NotificationTemplate',4,1,0),(103,'NotificationTemplate',16,2,0),(104,'Notification',5,1,0),(105,'Notification',6,2,0),(106,'Notification',2,3,0),(107,'Notification',4,4,0),(108,'Notification',80,5,0),(109,'Notification',86,6,0),(110,'MailCollector',2,1,0),(111,'MailCollector',19,2,0),(112,'AuthLDAP',3,1,0),(113,'AuthLDAP',19,2,0),(114,'AuthMail',3,1,0),(115,'AuthMail',19,2,0),(116,'IPNetwork',18,1,0),(117,'WifiNetwork',10,1,0),(118,'Profile',2,1,0),(119,'Profile',3,2,0),(120,'Profile',19,3,0),(121,'Transfer',19,1,0),(122,'TicketValidation',3,1,0),(123,'TicketValidation',2,2,0),(124,'TicketValidation',8,3,0),(125,'TicketValidation',4,4,0),(126,'TicketValidation',9,5,0),(127,'TicketValidation',7,6,0),(128,'NotImportedEmail',2,1,0),(129,'NotImportedEmail',5,2,0),(130,'NotImportedEmail',4,3,0),(131,'NotImportedEmail',6,4,0),(132,'NotImportedEmail',16,5,0),(133,'NotImportedEmail',19,6,0),(134,'RuleRightParameter',11,1,0),(135,'Ticket',12,1,0),(136,'Ticket',19,2,0),(137,'Ticket',15,3,0),(138,'Ticket',3,4,0),(139,'Ticket',4,5,0),(140,'Ticket',5,6,0),(141,'Ticket',7,7,0),(142,'Calendar',19,1,0),(143,'Holiday',11,1,0),(144,'Holiday',12,2,0),(145,'Holiday',13,3,0),(146,'SLA',4,1,0),(147,'Ticket',18,8,0),(148,'AuthLDAP',30,3,0),(149,'AuthMail',6,3,0),(150,'FQDN',11,1,0),(151,'FieldUnicity',1,1,0),(152,'FieldUnicity',80,2,0),(153,'FieldUnicity',4,3,0),(154,'FieldUnicity',3,4,0),(155,'FieldUnicity',86,5,0),(156,'FieldUnicity',30,6,0),(157,'Problem',21,1,0),(158,'Problem',12,2,0),(159,'Problem',19,3,0),(160,'Problem',15,4,0),(161,'Problem',3,5,0),(162,'Problem',7,6,0),(163,'Problem',18,7,0),(164,'Vlan',11,1,0),(165,'TicketRecurrent',11,1,0),(166,'TicketRecurrent',12,2,0),(167,'TicketRecurrent',13,3,0),(168,'TicketRecurrent',15,4,0),(169,'TicketRecurrent',14,5,0),(170,'Reminder',2,1,0),(171,'Reminder',3,2,0),(172,'Reminder',4,3,0),(173,'Reminder',5,4,0),(174,'Reminder',6,5,0),(175,'Reminder',7,6,0),(176,'IPNetwork',10,2,0),(177,'IPNetwork',11,3,0),(178,'IPNetwork',12,4,0),(179,'IPNetwork',17,5,0),(180,'NetworkName',12,1,0),(181,'NetworkName',13,2,0),(182,'RSSFeed',2,1,0),(183,'RSSFeed',4,2,0),(184,'RSSFeed',5,3,0),(185,'RSSFeed',19,4,0),(186,'RSSFeed',6,5,0),(187,'RSSFeed',7,6,0),(188,'Blacklist',12,1,0),(189,'Blacklist',11,2,0),(190,'ReservationItem',5,3,0),(191,'QueueMail',16,1,0),(192,'QueueMail',7,2,0),(193,'QueueMail',20,3,0),(194,'QueueMail',21,4,0),(195,'QueueMail',22,5,0),(196,'QueueMail',15,6,0),(197,'Change',12,1,0),(198,'Change',19,2,0),(199,'Change',15,3,0),(200,'Change',7,4,0),(201,'Change',18,5,0),(202,'Project',3,1,0),(203,'Project',4,2,0),(204,'Project',12,3,0),(205,'Project',5,4,0),(206,'Project',15,5,0),(207,'Project',21,6,0),(208,'ProjectState',12,1,0),(209,'ProjectState',11,2,0),(210,'ProjectTask',2,1,0),(211,'ProjectTask',12,2,0),(212,'ProjectTask',14,3,0),(213,'ProjectTask',5,4,0),(214,'ProjectTask',7,5,0),(215,'ProjectTask',8,6,0),(216,'ProjectTask',13,7,0),(217,'CartridgeItem',9,5,0),(218,'ConsumableItem',9,5,0),(219,'ReservationItem',9,4,0),(220,'SoftwareLicense',1,1,0),(221,'SoftwareLicense',3,2,0),(222,'SoftwareLicense',10,3,0),(223,'SoftwareLicense',162,4,0),(224,'SoftwareLicense',5,5,0),(225,'SavedSearch',8,1,0),(226,'SavedSearch',9,1,0),(227,'SavedSearch',3,1,0),(228,'SavedSearch',10,1,0),(229,'SavedSearch',11,1,0),(230,'Plugin',2,1,0),(231,'Plugin',3,2,0),(232,'Plugin',4,3,0),(233,'Plugin',5,4,0),(234,'Plugin',6,5,0),(235,'Plugin',7,6,0),(236,'Plugin',8,7,0),(237,'Cluster',31,1,0),(238,'Cluster',19,2,0),(239,'Domain',3,1,0),(240,'Domain',4,2,0),(241,'Domain',2,3,0),(242,'Domain',6,4,0),(243,'Domain',7,5,0),(244,'DomainRecord',2,1,0),(245,'DomainRecord',3,2,0),(246,'Appliance',2,1,0),(247,'Appliance',3,2,0),(248,'Appliance',4,3,0),(249,'Appliance',5,4,0),(250,'PluginOcsinventoryngOcsServer',3,1,0),(251,'PluginOcsinventoryngOcsServer',19,2,0),(252,'PluginOcsinventoryngOcsServer',6,3,0),(253,'PluginOcsinventoryngNotimportedcomputer',2,1,0),(254,'PluginOcsinventoryngNotimportedcomputer',3,2,0),(255,'PluginOcsinventoryngNotimportedcomputer',4,3,0),(256,'PluginOcsinventoryngNotimportedcomputer',5,4,0),(257,'PluginOcsinventoryngNotimportedcomputer',6,5,0),(258,'PluginOcsinventoryngNotimportedcomputer',7,6,0),(259,'PluginOcsinventoryngNotimportedcomputer',8,7,0),(260,'PluginOcsinventoryngNotimportedcomputer',9,8,0),(261,'PluginOcsinventoryngNotimportedcomputer',10,9,0),(262,'PluginOcsinventoryngDetail',5,1,0),(263,'PluginOcsinventoryngDetail',2,2,0),(264,'PluginOcsinventoryngDetail',3,3,0),(265,'PluginOcsinventoryngDetail',4,4,0),(266,'PluginOcsinventoryngDetail',6,5,0),(267,'PluginOcsinventoryngDetail',80,6,0),(268,'PluginAddressingAddressing',2,2,0),(269,'PluginAddressingAddressing',3,6,0),(270,'PluginAddressingAddressing',4,5,0),(271,'PluginAddressingAddressing',1000,3,0),(272,'PluginAddressingAddressing',1001,4,0);

--
-- Table structure for table `glpi_documentcategories`
--

CREATE TABLE `glpi_documentcategories` (
  `id` int(11) NOT NULL AUTO_INCREMENT,
  `name` varchar(255) COLLATE utf8_unicode_ci DEFAULT NULL,
  `comment` text COLLATE utf8_unicode_ci,
  `documentcategories_id` int(11) NOT NULL DEFAULT '0',
  `completename` text COLLATE utf8_unicode_ci,
  `level` int(11) NOT NULL DEFAULT '0',
  `ancestors_cache` longtext COLLATE utf8_unicode_ci,
  `sons_cache` longtext COLLATE utf8_unicode_ci,
  `date_mod` timestamp NULL DEFAULT NULL,
  `date_creation` timestamp NULL DEFAULT NULL,
  PRIMARY KEY (`id`),
  UNIQUE KEY `unicity` (`documentcategories_id`,`name`),
  KEY `name` (`name`),
  KEY `date_mod` (`date_mod`),
  KEY `date_creation` (`date_creation`)
) ENGINE=InnoDB DEFAULT CHARSET=utf8 COLLATE=utf8_unicode_ci;

--
-- Dumping data for table `glpi_documentcategories`
--


--
-- Table structure for table `glpi_documents`
--

CREATE TABLE `glpi_documents` (
  `id` int(11) NOT NULL AUTO_INCREMENT,
  `entities_id` int(11) NOT NULL DEFAULT '0',
  `is_recursive` tinyint(1) NOT NULL DEFAULT '0',
  `name` varchar(255) COLLATE utf8_unicode_ci DEFAULT NULL,
  `filename` varchar(255) COLLATE utf8_unicode_ci DEFAULT NULL COMMENT 'for display and transfert',
  `filepath` varchar(255) COLLATE utf8_unicode_ci DEFAULT NULL COMMENT 'file storage path',
  `documentcategories_id` int(11) NOT NULL DEFAULT '0',
  `mime` varchar(255) COLLATE utf8_unicode_ci DEFAULT NULL,
  `date_mod` timestamp NULL DEFAULT NULL,
  `comment` text COLLATE utf8_unicode_ci,
  `is_deleted` tinyint(1) NOT NULL DEFAULT '0',
  `link` varchar(255) COLLATE utf8_unicode_ci DEFAULT NULL,
  `users_id` int(11) NOT NULL DEFAULT '0',
  `tickets_id` int(11) NOT NULL DEFAULT '0',
  `sha1sum` char(40) COLLATE utf8_unicode_ci DEFAULT NULL,
  `is_blacklisted` tinyint(1) NOT NULL DEFAULT '0',
  `tag` varchar(255) COLLATE utf8_unicode_ci DEFAULT NULL,
  `date_creation` timestamp NULL DEFAULT NULL,
  PRIMARY KEY (`id`),
  KEY `date_mod` (`date_mod`),
  KEY `name` (`name`),
  KEY `entities_id` (`entities_id`),
  KEY `tickets_id` (`tickets_id`),
  KEY `users_id` (`users_id`),
  KEY `documentcategories_id` (`documentcategories_id`),
  KEY `is_deleted` (`is_deleted`),
  KEY `sha1sum` (`sha1sum`),
  KEY `tag` (`tag`),
  KEY `date_creation` (`date_creation`)
) ENGINE=InnoDB AUTO_INCREMENT=121 DEFAULT CHARSET=utf8 COLLATE=utf8_unicode_ci;

--
-- Dumping data for table `glpi_documents`
--

INSERT INTO `glpi_documents` VALUES (1,0,1,'Documento do Chamado 7','61521c44e7cf27.06077937image_paste621135.png','PNG/94/5537ff129fd23964eac01381fe7adfe26b5bd3.PNG',0,'image/png','2021-09-27 19:32:52',NULL,0,NULL,6,7,'945537ff129fd23964eac01381fe7adfe26b5bd3',0,'3fd5fd44-d9d62df8-61521c45171b96.79209364','2021-09-27 19:32:52'),(2,0,1,'6152210bcad919.37177935image_paste2903227.png','6152210bcad919.37177935image_paste2903227.png','PNG/d2/86abd0bf6fe136c0d73a5d1ef232918f676b86.PNG',0,'image/png','2021-09-27 19:52:48',NULL,0,NULL,6,0,'d286abd0bf6fe136c0d73a5d1ef232918f676b86',0,'3fd5fd44-d9d62df8-6152210bf2fdf3.36506826','2021-09-27 19:52:48'),(3,0,1,'Documento do Chamado 8','6153060686a445.56418656image_paste692993.png','PNG/de/213a5022a83a209e4e9fdfd9fa3b3acd2d5296.PNG',0,'image/png','2021-09-28 12:10:05',NULL,0,NULL,6,8,'de213a5022a83a209e4e9fdfd9fa3b3acd2d5296',0,'3fd5fd44-d9d62df8-61530606af5379.09872285','2021-09-28 12:10:05'),(4,0,1,'Documento do Chamado 16','image.png','PNG/da/a9c1c988711096c0ad87bf5f525e1c48984f12.PNG',0,'image/png','2021-10-04 12:16:43',NULL,0,NULL,6,16,'daa9c1c988711096c0ad87bf5f525e1c48984f12',0,'3fd5fd44-d9d62df8-615af0af433f66.46869727','2021-10-04 12:16:43'),(5,0,1,'616db2901e5a73.97481796image_paste6058717.png','616db2901e5a73.97481796image_paste6058717.png','PNG/07/5eda5a9cc8895c4b00a40d0b2c1a3cc19fece2.PNG',0,'image/png','2021-10-18 17:44:49',NULL,0,NULL,6,0,'075eda5a9cc8895c4b00a40d0b2c1a3cc19fece2',0,'3fd5fd44-d9d62df8-616db2903b6182.76079754','2021-10-18 17:44:49'),(6,0,1,'Documento do Chamado 63','616e1c7d234355.30066156image_paste6131550.png','PNG/59/d67706a1366d1a91f18f36d7cb4e2c5ad8999d.PNG',0,'image/png','2021-10-19 01:17:05',NULL,0,NULL,6,63,'59d67706a1366d1a91f18f36d7cb4e2c5ad8999d',0,'3fd5fd44-d9d62df8-616e1c7d35db47.55257226','2021-10-19 01:17:05'),(7,0,1,'Documento do Chamado 76','image.png','PNG/75/12be04a491b07af382dbfa49ef321c0308691c.PNG',0,'image/png','2021-10-22 17:25:08',NULL,0,NULL,7,76,'7512be04a491b07af382dbfa49ef321c0308691c',0,'3fd5fd44-d9d62df8-6172f3f862ba21.57210896','2021-10-22 17:25:08'),(8,0,1,'Documento do Chamado 84','6182635a1cfee9.46045710image_paste9320310.png','PNG/15/bb547aa304fdbd492dd1ee30fbf45541fd8adc.PNG',0,'image/png','2021-11-03 10:24:42',NULL,0,NULL,7,84,'15bb547aa304fdbd492dd1ee30fbf45541fd8adc',0,'3fd5fd44-d9d62df8-6182635a3a28b0.65175883','2021-11-03 10:24:42'),(9,0,1,'618287da9059a8.57712577image_paste5142221.png','618287da9059a8.57712577image_paste5142221.png','PNG/a2/b0f79fc789e5b82b168516787c8d0420142905.PNG',0,'image/png','2021-11-03 13:00:12',NULL,0,NULL,7,0,'a2b0f79fc789e5b82b168516787c8d0420142905',0,'3fd5fd44-d9d62df8-618287daa46dc2.36439286','2021-11-03 13:00:12'),(10,0,1,'618288216db173.72991876image_paste5023532.png','618288216db173.72991876image_paste5023532.png','PNG/6a/75265667aba869d652a872eb5d196f07858403.PNG',0,'image/png','2021-11-03 13:01:23',NULL,0,NULL,7,0,'6a75265667aba869d652a872eb5d196f07858403',0,'3fd5fd44-d9d62df8-618288218431f4.30224922','2021-11-03 13:01:23'),(11,0,1,'Documento do Chamado 87','image.png','PNG/0c/8329cfd3cf99679a194439bd51548699c75d06.PNG',0,'image/png','2021-11-09 02:08:08',NULL,0,NULL,6,87,'0c8329cfd3cf99679a194439bd51548699c75d06',0,'3fd5fd44-d9d62df8-6189d80d070d94.17989481','2021-11-09 02:08:08'),(12,0,1,'618a4d0e560372.65394866image_paste8822036.png','618a4d0e560372.65394866image_paste8822036.png','PNG/6b/9d04aa2caac8fe1655beeefb7e28073c886826.PNG',0,'image/png','2021-11-09 10:27:55',NULL,0,NULL,7,0,'6b9d04aa2caac8fe1655beeefb7e28073c886826',0,'3fd5fd44-d9d62df8-618a4d0e6a2563.49828219','2021-11-09 10:27:55'),(13,0,1,'Documento do Chamado 99','618bb177d41d72.80005917image_paste2894063.png','PNG/81/1d19de98b6ad32e20ef1064e17f25d8d6115a2.PNG',0,'image/png','2021-11-10 11:48:18',NULL,0,NULL,6,99,'811d19de98b6ad32e20ef1064e17f25d8d6115a2',0,'3fd5fd44-d9d62df8-618bb1780420b6.48373053','2021-11-10 11:48:18'),(14,0,1,'Documento do Chamado 103','Moodle  Problema prova de Direito Ambiental.png','PNG/8a/85bc17d4fc3a8b53e56dfc43f340a177f919dc.PNG',0,'image/png','2021-11-11 10:10:01',NULL,0,NULL,7,103,'8a85bc17d4fc3a8b53e56dfc43f340a177f919dc',0,'3fd5fd44-d9d62df8-618cebffa5ba89.03477000','2021-11-11 10:10:01'),(15,0,1,'618cf4853fa954.60060948image_paste3073720.png','618cf4853fa954.60060948image_paste3073720.png','PNG/9e/87a1a9d7cb8159dd6725f4f8c4bd1247ee9e9d.PNG',0,'image/png','2021-11-11 10:47:38',NULL,0,NULL,7,0,'9e87a1a9d7cb8159dd6725f4f8c4bd1247ee9e9d',0,'3fd5fd44-d9d62df8-618cf48551a735.23952628','2021-11-11 10:47:38'),(16,0,1,'61951f3dde8996.86901016image_paste4278719.png','61951f3dde8996.86901016image_paste4278719.png','PNG/de/dcab9c3c9e457a32fbca992be7ad6751ce7836.PNG',0,'image/png','2021-11-17 15:27:01',NULL,0,NULL,6,0,'dedcab9c3c9e457a32fbca992be7ad6751ce7836',0,'3fd5fd44-d9d62df8-61951f3decaaf2.08484484','2021-11-17 15:27:01'),(17,0,1,'61964d94c3af91.56543255image_paste9687660.png','61964d94c3af91.56543255image_paste9687660.png','PNG/ac/7cec86fa5fbe65c01f257265c0f31f6340ed6f.PNG',0,'image/png','2021-11-18 12:56:54',NULL,0,NULL,7,0,'ac7cec86fa5fbe65c01f257265c0f31f6340ed6f',0,'3fd5fd44-d9d62df8-61964d94d53926.21606703','2021-11-18 12:56:54'),(18,0,1,'619e3dbe9e0795.06229862image_paste8712898.png','619e3dbe9e0795.06229862image_paste8712898.png','PNG/24/a348c8182a2195c4be6bf9e70139b4cec2f467.PNG',0,'image/png','2021-11-24 13:27:51',NULL,0,NULL,7,0,'24a348c8182a2195c4be6bf9e70139b4cec2f467',0,'3fd5fd44-d9d62df8-619e3dbeb50826.72152924','2021-11-24 13:27:51'),(19,0,1,'61a1113b93fc30.03036534image_paste5467918.png','61a1113b93fc30.03036534image_paste5467918.png','PNG/56/00113709a39a5c4c707936efb5c16dbfbf0297.PNG',0,'image/png','2021-11-26 16:56:36',NULL,0,NULL,6,0,'5600113709a39a5c4c707936efb5c16dbfbf0297',0,'3fd5fd44-d9d62df8-61a1113bb09041.15485867','2021-11-26 16:56:36'),(20,0,1,'Documento do Chamado 136','61c465710c2911.97574030image_paste9743559.png','PNG/f7/9dc944fe9600fd0ceb94476eb25c6aefc096bb.PNG',0,'image/png','2021-12-23 12:03:37',NULL,0,NULL,7,136,'f79dc944fe9600fd0ceb94476eb25c6aefc096bb',0,'3fd5fd44-d9d62df8-61c465716a9b48.03656184','2021-12-23 12:03:37'),(21,0,0,'Documento: Chamado - Desktop não funciona','WhatsApp Image 2022-02-02 at 08.49.39.jpeg','JPEG/90/c9545ed4312967bbcc0eabaafab58650b6b160.JPEG',0,'image/jpeg','2022-02-02 11:44:40',NULL,0,NULL,76,154,'90c9545ed4312967bbcc0eabaafab58650b6b160',0,'307e02bc-d9d62df8-61fa6e93613c71.63463672','2022-02-02 11:44:40'),(22,0,1,'Documento do Chamado 155','61fabf5aaa08d7.06866527image_paste892608.png','PNG/2c/a2c6c9e693fe4d3b14b916dfd362a3e71accc5.PNG',0,'image/png','2022-02-02 17:29:16',NULL,0,NULL,6,155,'2ca2c6c9e693fe4d3b14b916dfd362a3e71accc5',0,'307e02bc-d9d62df8-61fabf5acd19d8.15760049','2022-02-02 17:29:16'),(23,0,1,'Documento do Chamado 156','LISTAGEM PABX.docx','DOCX/f0/eda4451885514cdecd2450c9255e8cf8aa680e.DOCX',0,'application/vnd.openxmlformats-officedocument.wordprocessingml.document','2022-02-02 19:13:27',NULL,0,NULL,6,156,'f0eda4451885514cdecd2450c9255e8cf8aa680e',0,'307e02bc-d9d62df8-61fad7d97f5bc0.62340471','2022-02-02 19:13:27'),(24,0,1,'Documento do Chamado 159','6205366eb2ceb9.89105366image_paste2578535.png','PNG/95/b6bbb5625f2ed125a784ccdec19bbce9192390.PNG',0,'image/png','2022-02-10 16:01:02',NULL,0,NULL,6,159,'95b6bbb5625f2ed125a784ccdec19bbce9192390',0,'307e02bc-d9d62df8-6205366ec9b3e5.55814923','2022-02-10 16:01:02'),(25,0,0,'Documento: Chamado - Cadastrar alunos WI-Fi','FDF importação.ods','ODS/c1/7ece61859eb78c7da1b601ebd8be5c6082e273.ODS',0,'application/vnd.oasis.opendocument.spreadsheet','2022-02-23 19:12:55',NULL,0,NULL,6,176,'c17ece61859eb78c7da1b601ebd8be5c6082e273',0,'307e02bc-d9d62df8-621687337dcf70.98361497','2022-02-23 19:12:55'),(26,0,1,'6216b500ef7de3.19471139image_paste2968607.png','6216b500ef7de3.19471139image_paste2968607.png','PNG/98/e51493fee00bb1f6379ab1a5bd2feb35ee4cdf.PNG',0,'image/png','2022-02-23 22:28:45',NULL,0,NULL,6,0,'98e51493fee00bb1f6379ab1a5bd2feb35ee4cdf',0,'307e02bc-d9d62df8-6216b5011b3e71.01408731','2022-02-23 22:28:45'),(27,0,1,'6217a6b42a44c9.76953979image_paste7275884.png','6217a6b42a44c9.76953979image_paste7275884.png','PNG/ff/4eee45b32e28d096521b02e93b495ac3e97a58.PNG',0,'image/png','2022-02-24 15:39:42',NULL,0,NULL,6,0,'ff4eee45b32e28d096521b02e93b495ac3e97a58',0,'307e02bc-d9d62df8-6217a6b44972d0.89876870','2022-02-24 15:39:42'),(28,0,1,'Documento do Chamado 185','WhatsApp Ptt 2022-03-08 at 19.33.57.ogg','OGG/ca/926a5d8fa553508925f876cc79d8a472a8c1a1.OGG',0,'audio/ogg','2022-03-08 22:34:31',NULL,0,NULL,6,185,'ca926a5d8fa553508925f876cc79d8a472a8c1a1',0,'307e02bc-d9d62df8-6227d9f501dc07.00343710','2022-03-08 22:34:31'),(29,0,0,'Documento do Chamado 191','image.png','PNG/b5/fe7711c2b5e950eb21ac96be80ad2e00a7e355.PNG',0,'image/png','2022-03-21 13:14:11',NULL,0,NULL,7,191,'b5fe7711c2b5e950eb21ac96be80ad2e00a7e355',0,'307e02bc-d9d62df8-62387a26390b16.93963052','2022-03-21 13:14:11'),(30,0,0,'Documento do Chamado 203','CONCILIA 2019.xls','XLS/37/778c206e2a7446924068d8a699d79464b06730.XLS',0,'application/vnd.ms-excel','2022-03-29 15:59:36',NULL,0,NULL,6,203,'37778c206e2a7446924068d8a699d79464b06730',0,'06a7e1ce-d9d62df8-62432ce4d41ab1.99970940','2022-03-29 15:59:36'),(31,0,0,'Documento do Chamado 203','CONCILIA 2021.xls','XLS/8a/6b9c420338609e7afe9335a874cd3cea05c2a5.XLS',0,'application/vnd.ms-excel','2022-03-29 15:59:36',NULL,0,NULL,6,203,'8a6b9c420338609e7afe9335a874cd3cea05c2a5',0,'06a7e1ce-d9d62df8-62432ce4d91098.25969459','2022-03-29 15:59:36'),(32,0,0,'Documento do Chamado 203','Repasses Efetuados 2019.xlsx','XLSX/d8/6d1b61b7a77d10882b5fa9d3a9c1f6a498c4d5.XLSX',0,'application/vnd.openxmlformats-officedocument.spreadsheetml.sheet','2022-03-29 15:59:36',NULL,0,NULL,6,203,'d86d1b61b7a77d10882b5fa9d3a9c1f6a498c4d5',0,'06a7e1ce-d9d62df8-62432ce5070156.15239268','2022-03-29 15:59:36'),(33,0,0,'Documento do Chamado 203','Repasses Efetuados 2021.xlsx','XLSX/54/085d4a05a9399862cc89055c19f970d6e05b4d.XLSX',0,'application/vnd.openxmlformats-officedocument.spreadsheetml.sheet','2022-03-29 15:59:36',NULL,0,NULL,6,203,'54085d4a05a9399862cc89055c19f970d6e05b4d',0,'06a7e1ce-d9d62df8-62432ce50c8809.52264351','2022-03-29 15:59:36'),(34,0,0,'62542e30bf0978.55963731image_paste3893183.png','62542e30bf0978.55963731image_paste3893183.png','PNG/20/292c6dd65d78f6feff5f1a1b5c92e1d918726a.PNG',0,'image/png','2022-04-11 13:33:38',NULL,0,NULL,7,0,'20292c6dd65d78f6feff5f1a1b5c92e1d918726a',0,'06a7e1ce-d9d62df8-62542e30d3fdf8.67752604','2022-04-11 13:33:38'),(35,0,0,'Documento: Chamado - Relação de impressora ','Relação de impressora FDF.docx','DOCX/b4/e377d20583a18af41d9280c23d5b0fbf4ca524.DOCX',0,'application/vnd.openxmlformats-officedocument.wordprocessingml.document','2022-04-19 19:57:15',NULL,0,NULL,6,216,'b4e377d20583a18af41d9280c23d5b0fbf4ca524',0,'06a7e1ce-d9d62df8-625f1419426c76.54139104','2022-04-19 19:57:15'),(36,0,0,'Documento do Chamado 218','Lista Internet - Pós.xlsx','XLSX/6a/cc79e32157674f78e011d64fe71766c9232fd3.XLSX',0,'application/vnd.openxmlformats-officedocument.spreadsheetml.sheet','2022-04-27 17:19:07',NULL,0,NULL,6,218,'6acc79e32157674f78e011d64fe71766c9232fd3',0,'06a7e1ce-d9d62df8-62697b08bbb748.50981764','2022-04-27 17:19:07'),(37,0,0,'Documento do Chamado 227','Horário Aula - 2.º bimestre - 2022 OFICIAL.pdf','PDF/0c/fa943eba8a279f7bc815bc1ed3eed23b606610.PDF',0,'application/pdf','2022-05-12 10:58:11',NULL,0,NULL,6,227,'0cfa943eba8a279f7bc815bc1ed3eed23b606610',0,'06a7e1ce-d9d62df8-627ce82800c9d9.25216366','2022-05-12 10:58:11'),(38,0,0,'Documento do Chamado 227','627ce83a4ace04.77533606image_paste4123922.png','PNG/92/01af7f01005cca6e204304b58e10a071cab19e.PNG',0,'image/png','2022-05-12 10:58:11',NULL,0,NULL,6,227,'9201af7f01005cca6e204304b58e10a071cab19e',0,'06a7e1ce-d9d62df8-627ce83a63ef07.48140867','2022-05-12 10:58:11'),(39,0,0,'627d59e2b1ac86.11024267image_paste385558.png','627d59e2b1ac86.11024267image_paste385558.png','PNG/10/32c8c0a277ac787fe3d7c9d5c253dabe5c9405.PNG',0,'image/png','2022-05-12 19:03:00',NULL,0,NULL,6,0,'1032c8c0a277ac787fe3d7c9d5c253dabe5c9405',0,'06a7e1ce-d9d62df8-627d59e2e29e38.75567905','2022-05-12 19:03:00'),(40,3,0,'Documento do Chamado 238','image.png','PNG/da/a9c1c988711096c0ad87bf5f525e1c48984f12.PNG',0,'image/png','2022-05-18 16:54:34',NULL,0,NULL,6,238,'daa9c1c988711096c0ad87bf5f525e1c48984f12',0,'06a7e1ce-d9d62df8-628524cf8a81d7.29061414','2022-05-18 16:54:34'),(41,3,0,'62856b5c3ecf48.22556132image_paste6640367.png','62856b5c3ecf48.22556132image_paste6640367.png','PNG/03/0127a666ce9c1fe6bb50ff858307e330e976ea.PNG',0,'image/png','2022-05-18 21:55:56',NULL,0,NULL,6,0,'030127a666ce9c1fe6bb50ff858307e330e976ea',0,'06a7e1ce-d9d62df8-62856b5c5264b7.35381524','2022-05-18 21:55:56'),(42,3,0,'Documento do Chamado 251','MET1BNExport.csv','CSV/a6/e2611e2b862ec198a5074857e06b358a5cbfc3.CSV',0,'text/plain','2022-05-25 23:22:07',NULL,0,NULL,6,251,'a6e2611e2b862ec198a5074857e06b358a5cbfc3',0,'06a7e1ce-d9d62df8-628eba1b36aa56.49242011','2022-05-25 23:22:07'),(43,3,0,'Documento do Chamado 251','MET1ANExport.csv','CSV/4b/aff5cd70c179623400120c06db6c2ad07d43f2.CSV',0,'text/plain','2022-05-25 23:22:07',NULL,0,NULL,6,251,'4baff5cd70c179623400120c06db6c2ad07d43f2',0,'06a7e1ce-d9d62df8-628eba1b3f4d85.77667246','2022-05-25 23:22:07'),(44,3,0,'Documento do Chamado 256','62910f77a39ea3.58008871image_paste6957087.png','PNG/24/d521c76a4931edc5d8234b3609f970b46cef71.PNG',0,'image/png','2022-05-27 17:50:51',NULL,0,NULL,6,256,'24d521c76a4931edc5d8234b3609f970b46cef71',0,'06a7e1ce-d9d62df8-62910f77b81378.29723218','2022-05-27 17:50:51'),(45,3,0,'Documento do Chamado 259','image.png','PNG/c9/1cc066b35f02c2a567cfe6b01165b1f309fae1.PNG',0,'image/png','2022-05-27 23:09:01',NULL,0,NULL,0,259,'c91cc066b35f02c2a567cfe6b01165b1f309fae1',0,'06a7e1ce-d9d62df8-62915a132544c3.83452068','2022-05-27 23:09:01'),(46,3,0,'Documento do Chamado 260','62916d577fc056.81277273image_paste2922837.png','PNG/bb/13b30edee482f0508de781a0345d54ddfd3fd7.PNG',0,'image/png','2022-05-28 00:31:41',NULL,0,NULL,6,260,'bb13b30edee482f0508de781a0345d54ddfd3fd7',0,'06a7e1ce-d9d62df8-62916d578e6098.24151556','2022-05-28 00:31:41'),(47,3,0,'pfSenseServer.direitofranca.local - Status_ System Logs_ Authentication_ Captive Portal Auth.pdf','pfSenseServer.direitofranca.local - Status_ System Logs_ Authentication_ Captive Portal Auth.pdf','PDF/f3/7d938bdd617afa727cf09f6158be2a113ac66c.PDF',0,'application/pdf','2022-05-28 00:38:15',NULL,0,NULL,6,0,'f37d938bdd617afa727cf09f6158be2a113ac66c',0,'06a7e1ce-d9d62df8-62916ed21c31d3.56768728','2022-05-28 00:38:15'),(48,3,0,'LightSquid __ User Detail_20_05.pdf','LightSquid __ User Detail_20_05.pdf','PDF/72/f4728df582c0133237103a93794ebc9ba03e42.PDF',0,'application/pdf','2022-05-28 00:40:05',NULL,0,NULL,6,0,'72f4728df582c0133237103a93794ebc9ba03e42',0,'06a7e1ce-d9d62df8-62916f61aa5d85.31480977','2022-05-28 00:40:05'),(49,3,0,'LightSquid __ User Detail_24_05.pdf','LightSquid __ User Detail_24_05.pdf','PDF/d1/287b98dd8839d3681dbce814489424d02f382e.PDF',0,'application/pdf','2022-05-28 00:40:05',NULL,0,NULL,6,0,'d1287b98dd8839d3681dbce814489424d02f382e',0,'06a7e1ce-d9d62df8-62916f61c77e53.82234319','2022-05-28 00:40:05'),(50,3,0,'LightSquid __ User Detail_19_05.pdf','LightSquid __ User Detail_19_05.pdf','PDF/6a/f00937af086bd4959cf3bc034585dd1777e680.PDF',0,'application/pdf','2022-05-28 00:40:05',NULL,0,NULL,6,0,'6af00937af086bd4959cf3bc034585dd1777e680',0,'06a7e1ce-d9d62df8-62916f61e06943.86162871','2022-05-28 00:40:05'),(51,3,0,'LightSquid __ User Detail_26_05.pdf','LightSquid __ User Detail_26_05.pdf','PDF/f7/89a8e47612d02e5274c2a985c1f98aef152f25.PDF',0,'application/pdf','2022-05-28 00:40:05',NULL,0,NULL,6,0,'f789a8e47612d02e5274c2a985c1f98aef152f25',0,'06a7e1ce-d9d62df8-62916f620b79a9.50989597','2022-05-28 00:40:05'),(52,3,0,'62a33f3644a146.31292518image_paste60599.png','62a33f3644a146.31292518image_paste60599.png','PNG/e6/3a1951068f319fb69f4d1ac1113d5f1f3d5180.PNG',0,'image/png','2022-06-10 12:55:21',NULL,0,NULL,7,0,'e63a1951068f319fb69f4d1ac1113d5f1f3d5180',0,'06a7e1ce-d9d62df8-62a33f36633da0.30453405','2022-06-10 12:55:21'),(53,3,0,'Documento do Chamado 292','62b4907d4b21b8.96433479image_paste2014170.png','PNG/eb/eea2f947d246cdf178cf1d7501ce2292a5ede2.PNG',0,'image/png','2022-06-23 16:10:57',NULL,0,NULL,7,292,'ebeea2f947d246cdf178cf1d7501ce2292a5ede2',0,'06a7e1ce-d9d62df8-62b4907d5b19a6.86501080','2022-06-23 16:10:57'),(54,3,0,'62b4df581807e2.84323186image_paste9505283.jpg','62b4df581807e2.84323186image_paste9505283.jpg','JPG/0a/5d26070ab4d7bdaea28cdaf9ff8522596a6d7b.JPG',0,'image/jpeg','2022-06-23 21:47:09',NULL,0,NULL,6,0,'0a5d26070ab4d7bdaea28cdaf9ff8522596a6d7b',0,'06a7e1ce-d9d62df8-62b4df58582bd4.51690167','2022-06-23 21:47:09'),(55,3,0,'62b4fa71734049.38793090image_paste6285299.jpg','62b4fa71734049.38793090image_paste6285299.jpg','JPG/f6/93ed2c68da07922a018aafd624e13de2fff5f6.JPG',0,'image/jpeg','2022-06-23 23:42:47',NULL,0,NULL,6,0,'f693ed2c68da07922a018aafd624e13de2fff5f6',0,'06a7e1ce-d9d62df8-62b4fa7198c025.97737520','2022-06-23 23:42:47'),(56,3,0,'62b4fa71ae8238.74921279image_paste1616717.jpg','62b4fa71ae8238.74921279image_paste1616717.jpg','JPG/f2/efe551c180b57ccd8c7cfcb4d65190286153d0.JPG',0,'image/jpeg','2022-06-23 23:42:47',NULL,0,NULL,6,0,'f2efe551c180b57ccd8c7cfcb4d65190286153d0',0,'06a7e1ce-d9d62df8-62b4fa71cbfcb1.07005664','2022-06-23 23:42:47'),(57,3,0,'Documento do Chamado 298','image.png','PNG/03/fec3b0b800d427f36affe490b94de6f0341b2e.PNG',0,'image/png','2022-06-29 17:44:02',NULL,0,NULL,0,298,'03fec3b0b800d427f36affe490b94de6f0341b2e',0,'06a7e1ce-d9d62df8-62bc8f68954008.65270881','2022-06-29 17:44:02'),(58,3,0,'62bc925663d568.56616580image_paste4870048.png','62bc925663d568.56616580image_paste4870048.png','PNG/05/2934fdc303d8962689d974aebde825e5808568.PNG',0,'image/png','2022-06-29 17:56:40',NULL,0,NULL,6,0,'052934fdc303d8962689d974aebde825e5808568',0,'06a7e1ce-d9d62df8-62bc9256ac0b65.82856246','2022-06-29 17:56:40'),(59,3,0,'Documento: Chamado - Abertura de Chamado - Manutenção do Computador','NF - ssd.pdf','PDF/0c/626343eccf4dcfc361bfc91cf5194756d46ca9.PDF',0,'application/pdf','2022-07-19 18:54:18',NULL,0,NULL,6,313,'0c626343eccf4dcfc361bfc91cf5194756d46ca9',0,'06a7e1ce-d9d62df8-62d6fdc88e7695.98729674','2022-07-19 18:54:18'),(60,3,0,'62d993a7aebd66.59624597image_paste7751279.png','62d993a7aebd66.59624597image_paste7751279.png','PNG/59/adb673f7ce5e6a7458ae8cc615cc59313d24c1.PNG',0,'image/png','2022-07-21 17:58:02',NULL,0,NULL,6,0,'59adb673f7ce5e6a7458ae8cc615cc59313d24c1',0,'06a7e1ce-d9d62df8-62d993a7c637f2.67352463','2022-07-21 17:58:02'),(61,3,0,'62de7b3b62f3f9.88644247image_paste4957815.png','62de7b3b62f3f9.88644247image_paste4957815.png','PNG/87/9a69e44148617f65b9979a8f09896f2329bb9c.PNG',0,'image/png','2022-07-25 11:15:09',NULL,0,NULL,6,0,'879a69e44148617f65b9979a8f09896f2329bb9c',0,'35b10894-d9d62df8-62de7b3b798353.95706948','2022-07-25 11:15:09'),(62,3,0,'62ec0824566e68.91160041image_paste2251405.png','62ec0824566e68.91160041image_paste2251405.png','PNG/1f/b032434aaa811ab88b04b6296a0e199a486598.PNG',0,'image/png','2022-08-04 17:55:50',NULL,0,NULL,7,0,'1fb032434aaa811ab88b04b6296a0e199a486598',0,'35b10894-d9d62df8-62ec082472a5d1.39593642','2022-08-04 17:55:50'),(63,3,0,'Documento do Chamado 338','62f41827610320.49093851image_paste90601.png','PNG/05/9f9c276902f44c501fcb11ce33473e80530c3f.PNG',0,'image/png','2022-08-10 20:42:18',NULL,0,NULL,6,338,'059f9c276902f44c501fcb11ce33473e80530c3f',0,'35b10894-d9d62df8-62f418277e11a7.30958679','2022-08-10 20:42:18'),(64,3,0,'Documento: Chamado - impressora preta deu mensagem de erro na memória','WhatsApp Image 2022-08-10 at 20.18.57.jpeg','JPEG/10/f981dde4b092e34f7b152c5b50e31992c12522.JPEG',0,'image/jpeg','2022-08-10 23:20:27',NULL,0,NULL,6,336,'10f981dde4b092e34f7b152c5b50e31992c12522',0,'35b10894-d9d62df8-62f43d39123679.81660573','2022-08-10 23:20:27'),(65,3,0,'Documento do Chamado 352','INSTRUMENTO - discentes disciplinas - FDF.2022 aprovado.docx','DOCX/ad/ac559ee93888395fab378b6001ccba27233cfd.DOCX',0,'application/vnd.openxmlformats-officedocument.wordprocessingml.document','2022-08-31 10:33:10',NULL,0,NULL,7,352,'adac559ee93888395fab378b6001ccba27233cfd',0,'35b10894-d9d62df8-630f38d0b61098.49806831','2022-08-31 10:33:10'),(66,3,0,'630f3947b51662.88835021image_paste2481085.png','630f3947b51662.88835021image_paste2481085.png','PNG/6d/fc1659f0558d086b73f4554019a20f57bdbd4b.PNG',0,'image/png','2022-08-31 10:34:56',NULL,0,NULL,7,0,'6dfc1659f0558d086b73f4554019a20f57bdbd4b',0,'35b10894-d9d62df8-630f3947c70e51.95176150','2022-08-31 10:34:56'),(67,3,0,'630f397a080415.85358154image_paste2469018.png','630f397a080415.85358154image_paste2469018.png','PNG/a9/b5426ed656a5a6348577c13ad5293cff9f2180.PNG',0,'image/png','2022-08-31 10:36:44',NULL,0,NULL,7,0,'a9b5426ed656a5a6348577c13ad5293cff9f2180',0,'35b10894-d9d62df8-630f397a1e5f78.43759949','2022-08-31 10:36:44'),(68,3,0,'630f39b7b4e508.76873732image_paste8051713.png','630f39b7b4e508.76873732image_paste8051713.png','PNG/7f/2b374999c704e8114ba582031d566be7aefdf4.PNG',0,'image/png','2022-08-31 10:36:44',NULL,0,NULL,7,0,'7f2b374999c704e8114ba582031d566be7aefdf4',0,'35b10894-d9d62df8-630f39b7caffb5.82680371','2022-08-31 10:36:44'),(69,3,0,'Documento: Chamado - impressora da frente(naj) esta com papel atolado e também não imprime','Laudo Brasil Rrcargas.pdf','PDF/00/537facd4d0d0c4a94c6c989ef95699dc0fcbf9.PDF',0,'application/pdf','2022-08-31 18:54:52',NULL,0,NULL,6,337,'00537facd4d0d0c4a94c6c989ef95699dc0fcbf9',0,'35b10894-d9d62df8-630fae768dd2a2.60179550','2022-08-31 18:54:52'),(70,3,0,'632c4adb6d2b00.08706817image_paste9695758.png','632c4adb6d2b00.08706817image_paste9695758.png','PNG/de/eaa0f9c0a5a5b44c3b705667b22cc60acd9666.PNG',0,'image/png','2022-09-22 11:45:33',NULL,0,NULL,7,0,'deeaa0f9c0a5a5b44c3b705667b22cc60acd9666',0,'35b10894-d9d62df8-632c4adb7e7755.43694279','2022-09-22 11:45:33'),(71,3,0,'Documento do Chamado 364','image002.png','PNG/e8/d2562ac101d95da8ac4cd096fe39967977ea61.PNG',0,'image/png','2022-09-23 20:31:01',NULL,0,NULL,0,364,'e8d2562ac101d95da8ac4cd096fe39967977ea61',0,'35b10894-d9d62df8-632e178a584cd8.00022096','2022-09-23 20:31:01'),(72,3,0,'Documento do Chamado 364','image004.png','PNG/b6/3ae1a7e312f252065f734608a379075a7fbebc.PNG',0,'image/png','2022-09-23 20:31:01',NULL,0,NULL,0,364,'b63ae1a7e312f252065f734608a379075a7fbebc',0,'35b10894-d9d62df8-632e178a58d080.66789404','2022-09-23 20:31:01'),(73,3,0,'Documento do Chamado 364','image005.png','PNG/e1/b69770e9d4a472e8006180a13245022ce1ce2c.PNG',0,'image/png','2022-09-23 20:31:01',NULL,0,NULL,0,364,'e1b69770e9d4a472e8006180a13245022ce1ce2c',0,'35b10894-d9d62df8-632e178a594068.24274406','2022-09-23 20:31:01'),(74,3,0,'Documento do Chamado 364','image003.jpg','JPG/66/b3999a32957cea7395060eaff0a6e4b16d99ab.JPG',0,'image/jpeg','2022-09-23 20:31:01',NULL,0,NULL,0,364,'66b3999a32957cea7395060eaff0a6e4b16d99ab',0,'35b10894-d9d62df8-632e178a5a26c6.88340469','2022-09-23 20:31:01'),(75,0,0,'BIOS 1.jpeg','BIOS 1.jpeg','JPEG/2a/a5e164a8fa3f0e2cf1e068bad2a3daa2c33b05.JPEG',0,'image/jpeg','2022-09-27 18:28:52',NULL,0,NULL,6,0,'2aa5e164a8fa3f0e2cf1e068bad2a3daa2c33b05',0,'35b10894-d9d62df8-633340deae21e8.95484675','2022-09-27 18:28:52'),(76,0,0,'BIOS 2.jpeg','BIOS 2.jpeg','JPEG/11/c462f16f90249ca82477b311a46b63f964af43.JPEG',0,'image/jpeg','2022-09-27 18:28:52',NULL,0,NULL,6,0,'11c462f16f90249ca82477b311a46b63f964af43',0,'35b10894-d9d62df8-633340e26ebfd6.47278413','2022-09-27 18:28:52'),(77,0,0,'633341e2541109.60072192image_paste2944715.jpg','633341e2541109.60072192image_paste2944715.jpg','JPG/18/92b49099ab34dd52eec79313adeb48d12b6a35.JPG',0,'image/jpeg','2022-09-27 18:35:36',NULL,0,NULL,6,0,'1892b49099ab34dd52eec79313adeb48d12b6a35',0,'35b10894-d9d62df8-633341e27b9247.11924646','2022-09-27 18:35:36'),(78,0,0,'63334235a65549.32598142image_paste5206885.png','63334235a65549.32598142image_paste5206885.png','PNG/7c/371362103843eed454597f85047d8fb87eacdf.PNG',0,'image/png','2022-09-27 18:35:36',NULL,0,NULL,6,0,'7c371362103843eed454597f85047d8fb87eacdf',0,'35b10894-d9d62df8-63334235c995b1.51585203','2022-09-27 18:35:36'),(79,3,0,'633dc6cbb6a245.73106887image_paste7059878.png','633dc6cbb6a245.73106887image_paste7059878.png','PNG/b1/70255d481483802f8359384fe012da1713dd77.PNG',0,'image/png','2022-10-05 18:03:22',NULL,0,NULL,6,0,'b170255d481483802f8359384fe012da1713dd77',0,'35b10894-d9d62df8-633dc6cbd08304.54311273','2022-10-05 18:03:22'),(80,3,0,'Documento: Chamado - Manutenção da Impressora - Atendimento ao aluno.','ORÇAMENTO TAS JET (11) (2) (4).doc','DOC/f3/ddae3cc77179f1b665cab5af6db1eb2b8846f8.DOC',0,'application/msword','2022-10-17 17:41:37',NULL,0,NULL,6,375,'f3ddae3cc77179f1b665cab5af6db1eb2b8846f8',0,'35b10894-d9d62df8-634d93cfcae589.64307790','2022-10-17 17:41:37'),(81,3,0,'635716a2232d13.82574792image_paste6043004.png','635716a2232d13.82574792image_paste6043004.png','PNG/91/9c01063b33a4bca8cdec5e074e9478da84b10b.PNG',0,'image/png','2022-10-24 22:51:00',NULL,0,NULL,6,0,'919c01063b33a4bca8cdec5e074e9478da84b10b',0,'35b10894-d9d62df8-635716a23d2a28.96436325','2022-10-24 22:51:00'),(82,3,0,'Documento do Chamado 416','Erro.jpeg','JPEG/60/dc7a5a286e49ffda7f16d489a0b1c458f4abe5.JPEG',0,'image/jpeg','2022-12-06 16:59:51',NULL,0,NULL,6,416,'60dc7a5a286e49ffda7f16d489a0b1c458f4abe5',0,'35b10894-d9d62df8-638f7505683e94.20671631','2022-12-06 16:59:51'),(83,3,0,'ORÇAMENTO - FACULDADE DE DIREITO.pdf','ORÇAMENTO - FACULDADE DE DIREITO.pdf','PDF/60/51bb51646436e7dbcd0217b825ee18fd67d0f0.PDF',0,'application/pdf','2023-01-04 14:35:10',NULL,0,NULL,7,0,'6051bb51646436e7dbcd0217b825ee18fd67d0f0',0,'35b10894-d9d62df8-63b58e9bc32f82.29479620','2023-01-04 14:35:10'),(84,3,0,'Documento: Chamado - Impressora','WhatsApp Ptt 2023-01-10 at 13.24.51.ogg','OGG/7f/93f917476c178bb5b912bc6de7a6d31fd2732a.OGG',0,'audio/ogg','2023-01-10 17:15:15',NULL,0,NULL,6,426,'7f93f917476c178bb5b912bc6de7a6d31fd2732a',0,'35b10894-d9d62df8-63bd9d14256291.15622091','2023-01-10 17:15:15'),(85,3,0,'63eccf2ac6c272.19658697image_paste5277449.png','63eccf2ac6c272.19658697image_paste5277449.png','PNG/07/5a182ea063ec10be73fc61ade7c62e20d94039.PNG',0,'image/png','2023-02-15 12:25:17',NULL,0,NULL,6,0,'075a182ea063ec10be73fc61ade7c62e20d94039',0,'35b10894-d9d62df8-63eccf2ae4a768.19204071','2023-02-15 12:25:17'),(86,3,0,'Documento do Chamado 453','63ef8e452a9421.19009548image_paste1813476.png','PNG/79/875f6d221e314a33fd254f48f9c9dd58d8c963.PNG',0,'image/png','2023-02-17 14:25:26',NULL,0,NULL,6,453,'79875f6d221e314a33fd254f48f9c9dd58d8c963',0,'35b10894-d9d62df8-63ef8e45521ef8.38089626','2023-02-17 14:25:26'),(87,3,0,'63ef8e452a9421.19009548image_paste1813476.png','63ef8e452a9421.19009548image_paste1813476.png','PNG/45/f4cec338ed76f50391dfdc6e9b24178aec7e88.PNG',0,'image/png','2023-02-17 19:13:02',NULL,0,NULL,0,0,'45f4cec338ed76f50391dfdc6e9b24178aec7e88',0,'35b10894-d9d62df8-63efd1c1156736.85890893','2023-02-17 19:13:02'),(88,3,0,'Documento: Chamado - Desktop não liga','Áudio do WhatsApp de 2023-03-08 à(s) 11.24.47 (online-audio-converter.com).mp3','MP3/7a/fda71f98aac744fd3ef8e3fdc366892c26b128.MP3',0,'audio/mpeg','2023-03-08 14:54:56',NULL,0,NULL,6,469,'7afda71f98aac744fd3ef8e3fdc366892c26b128',0,'35b10894-d9d62df8-6408a1b60bee27.12998700','2023-03-08 14:54:56'),(89,3,0,'Documento do Chamado 477','64131038e75255.46021712image_paste8234311.png','PNG/3b/b933e6a8dae89a7186e6d83b54cf6f6715c5fa.PNG',0,'image/png','2023-03-16 12:49:23',NULL,0,NULL,6,477,'3bb933e6a8dae89a7186e6d83b54cf6f6715c5fa',0,'35b10894-d9d62df8-64131038f31c37.35079828','2023-03-16 12:49:23'),(90,3,0,'Documento do Chamado 483','wifi-fdf.xlsx','XLSX/7a/e3ace6d9199a632131269be362cd9803b6f56f.XLSX',0,'application/vnd.openxmlformats-officedocument.spreadsheetml.sheet','2023-03-29 16:21:01',NULL,0,NULL,0,483,'7ae3ace6d9199a632131269be362cd9803b6f56f',0,'35b10894-d9d62df8-64246570cf83b0.29870717','2023-03-29 16:21:01'),(91,3,0,'Documento do Chamado 495','image.png','PNG/86/1c4030255e53a5433367910ae752034bcbe9b2.PNG',0,'image/png','2023-04-14 19:17:01',NULL,0,NULL,0,495,'861c4030255e53a5433367910ae752034bcbe9b2',0,'35b10894-d9d62df8-6439a6b088c533.07483802','2023-04-14 19:17:01'),(92,3,0,'057b287e-0101-400f-830f-6b51dc66d9f9.jpg','057b287e-0101-400f-830f-6b51dc66d9f9.jpg','JPG/69/246c56759a8b2f13e594a75ad47f6ee7db6c17.JPG',0,'image/jpeg','2023-04-18 19:20:06',NULL,0,NULL,89,0,'69246c56759a8b2f13e594a75ad47f6ee7db6c17',0,'35b10894-d9d62df8-643eed6240d430.00095844','2023-04-18 19:20:06'),(93,3,0,'Documento: Chamado - Trocar toner da impressora.','Captura de tela 2023-04-19 165758.jpg','JPG/74/2bba893b36b02785cea5659c52633aa95f365f.JPG',0,'image/jpeg','2023-04-19 19:58:27',NULL,0,NULL,6,500,'742bba893b36b02785cea5659c52633aa95f365f',0,'35b10894-d9d62df8-644047deb67c80.58159935','2023-04-19 19:58:27'),(94,3,0,'Documento do Chamado 501','6446d0ab60e921.55131468image_paste1705464.png','PNG/cf/03ee71b3482a37199228c89e9320e4450f1f86.PNG',0,'image/png','2023-04-24 18:56:08',NULL,0,NULL,6,501,'cf03ee71b3482a37199228c89e9320e4450f1f86',0,'35b10894-d9d62df8-6446d0ab745dd4.72933531','2023-04-24 18:56:08'),(95,3,0,'Documento do Chamado 502','qr-code.png','PNG/ee/720db618452f614fed3a6c4fc64e8777dbdb12.PNG',0,'image/png','2023-04-25 18:43:01',NULL,0,NULL,0,502,'ee720db618452f614fed3a6c4fc64e8777dbdb12',0,'35b10894-d9d62df8-64481f38cf5438.25946407','2023-04-25 18:43:01'),(96,3,0,'qrcode.png','qrcode.png','PNG/b9/928d698db8e989d868b74b1b17a70e1a641263.PNG',0,'image/png','2023-04-25 19:28:52',NULL,0,NULL,7,0,'b9928d698db8e989d868b74b1b17a70e1a641263',0,'35b10894-d9d62df8-644829ef3aa462.64361249','2023-04-25 19:28:52'),(97,3,0,'64540fee07ecb5.17333740image_paste3498427.png','64540fee07ecb5.17333740image_paste3498427.png','PNG/ac/4fd4e695144f87013891751580a24d18df958c.PNG',0,'image/png','2023-05-04 20:05:10',NULL,0,NULL,6,0,'ac4fd4e695144f87013891751580a24d18df958c',0,'35b10894-d9d62df8-64540fee2027d2.99190780','2023-05-04 20:05:10'),(98,3,0,'645a541c89ec01.18330380image_paste5619847.png','645a541c89ec01.18330380image_paste5619847.png','PNG/42/8a2300d6ea185d547f3d942edd6a857b6b09e6.PNG',0,'image/png','2023-05-09 14:09:35',NULL,0,NULL,6,0,'428a2300d6ea185d547f3d942edd6a857b6b09e6',0,'35b10894-d9d62df8-645a541ca483e0.01466685','2023-05-09 14:09:35'),(99,3,0,'645d1f9d3318b3.55544326image_paste5424526.png','645d1f9d3318b3.55544326image_paste5424526.png','PNG/ae/dec2e06ac4138af6bb005f287d396bc421bbf8.PNG',0,'image/png','2023-05-11 17:02:30',NULL,0,NULL,6,0,'aedec2e06ac4138af6bb005f287d396bc421bbf8',0,'35b10894-d9d62df8-645d1f9d3ffc72.92966127','2023-05-11 17:02:30'),(100,3,0,'Documento do Chamado 513','whatsapp-image-2023-05-15-at-19.32.27.jpeg','JPEG/d2/a9fdb47a7cc0a99401d2188063965dbfc14f6a.JPEG',0,'image/jpeg','2023-05-15 23:06:01',NULL,0,NULL,0,513,'d2a9fdb47a7cc0a99401d2188063965dbfc14f6a',0,'35b10894-d9d62df8-6462badc605fa0.95362312','2023-05-15 23:06:01'),(101,3,0,'Documento do Chamado 517','64675c42605410.09499853image_paste1367136.jpg','JPG/04/02fd98d8c385295bffb975830a8cdfa06732b1.JPG',0,'image/jpeg','2023-05-19 11:23:58',NULL,0,NULL,6,517,'0402fd98d8c385295bffb975830a8cdfa06732b1',0,'35b10894-d9d62df8-64675c426afe82.63967651','2023-05-19 11:23:58'),(102,3,0,'Documento do Chamado 519','image.png','PNG/4e/2f23ae8eceee63a6e714e9150a26d509848272.PNG',0,'image/png','2023-05-22 19:41:01',NULL,0,NULL,0,519,'4e2f23ae8eceee63a6e714e9150a26d509848272',0,'35b10894-d9d62df8-646bc550686a03.90237389','2023-05-22 19:41:01'),(103,3,0,'Documento do Chamado 519','image.png_2.png','PNG/c1/8508c2ad392b0e3e2bff83ca4f216a6b3c491a.PNG',0,'image/png','2023-05-22 19:41:01',NULL,0,NULL,0,519,'c18508c2ad392b0e3e2bff83ca4f216a6b3c491a',0,'35b10894-d9d62df8-646bc55068d5e0.98153676','2023-05-22 19:41:01'),(104,3,0,'Documento: Chamado - Criação de link - transmissão','Imagem do WhatsApp de 2023-05-23 à(s) 14.47.09.jpg','JPG/d4/ff3e996e8f410cd7f29328b6e037346bb66bf5.JPG',0,'image/jpeg','2023-05-23 18:17:38',NULL,0,NULL,6,521,'d4ff3e996e8f410cd7f29328b6e037346bb66bf5',0,'35b10894-d9d62df8-646d033b058da1.10368899','2023-05-23 18:17:38'),(105,3,0,'Documento: Chamado - Criação de link - transmissão','transmissão zoom - youtube.docx','DOCX/81/5bd2f53dba744bbf6ea8c2915f0e3e5d48bce0.DOCX',0,'application/vnd.openxmlformats-officedocument.wordprocessingml.document','2023-05-23 18:18:40',NULL,0,NULL,6,521,'815bd2f53dba744bbf6ea8c2915f0e3e5d48bce0',0,'35b10894-d9d62df8-646d037d417d11.55052176','2023-05-23 18:18:40'),(106,3,0,'Documento do Chamado 526','image001.png','PNG/52/a053eb7b1a611599883e35388f87bdb5d4ad55.PNG',0,'image/png','2023-05-29 13:04:02',NULL,0,NULL,0,526,'52a053eb7b1a611599883e35388f87bdb5d4ad55',0,'35b10894-d9d62df8-6474a2c5712556.57879523','2023-05-29 13:04:02'),(107,3,0,'Documento do Chamado 526','banner-rto.png','PNG/68/b872b11b3af0dcc5a4ce8630ec23850628387d.PNG',0,'image/png','2023-05-29 13:04:02',NULL,0,NULL,0,526,'68b872b11b3af0dcc5a4ce8630ec23850628387d',0,'35b10894-d9d62df8-6474a2c5717075.07805555','2023-05-29 13:04:02'),(108,3,0,'Documento do Chamado 526','logo-rto.jpg','JPG/c2/5cbb0c0b903d0c36b8cc9ecd38c41d9d61847a.JPG',0,'image/jpeg','2023-05-29 13:04:02',NULL,0,NULL,0,526,'c25cbb0c0b903d0c36b8cc9ecd38c41d9d61847a',0,'35b10894-d9d62df8-6474a2c571af05.99506509','2023-05-29 13:04:02'),(109,3,0,'Documento do Chamado 526','logo-rto-vertical.png','PNG/eb/8e7561a472602aa0375e937af512a72d97822f.PNG',0,'image/png','2023-05-29 13:04:02',NULL,0,NULL,0,526,'eb8e7561a472602aa0375e937af512a72d97822f',0,'35b10894-d9d62df8-6474a2c571dc32.94701027','2023-05-29 13:04:02'),(110,3,0,'Documento do Chamado 526','implementacao-rto.pdf','PDF/e4/c592192c81b95d5dd1272cc25ca63a3d6a3d91.PDF',0,'application/pdf','2023-05-29 13:04:02',NULL,0,NULL,0,526,'e4c592192c81b95d5dd1272cc25ca63a3d6a3d91',0,'35b10894-d9d62df8-6474a2c5b57f69.85516503','2023-05-29 13:04:02'),(111,3,0,'Documento do Chamado 526','feed-template-para-apoio-aos-parceiros-universidades-rto-1.pptx','PPTX/c5/39ba1aa1c6844cc34b8f931ee8b898a10bae08.PPTX',0,'application/vnd.openxmlformats-officedocument.presentationml.presentation','2023-05-29 13:04:02',NULL,0,NULL,0,526,'c539ba1aa1c6844cc34b8f931ee8b898a10bae08',0,'35b10894-d9d62df8-6474a2c5bf1235.86291761','2023-05-29 13:04:02'),(112,3,0,'Documento do Chamado 526','cartaz-rto-a3.pdf','PDF/d2/83dce8af785db5c6a078f5379c931264ef87e2.PDF',0,'application/pdf','2023-05-29 13:04:02',NULL,0,NULL,0,526,'d283dce8af785db5c6a078f5379c931264ef87e2',0,'35b10894-d9d62df8-6474a2c5c8ccd5.27223521','2023-05-29 13:04:02'),(113,3,0,'Documento do Chamado 531','image.png','PNG/53/ab2ef2e3cf37a205c9e6fb555733dbf09b2ead.PNG',0,'image/png','2023-05-31 14:22:01',NULL,0,NULL,0,531,'53ab2ef2e3cf37a205c9e6fb555733dbf09b2ead',0,'35b10894-d9d62df8-6477580c792408.77462025','2023-05-31 14:22:01'),(114,3,0,'Documento do Chamado 531','image.png_2.png','PNG/84/7e49dcd3a552e7930038d12aee95d85a5ec114.PNG',0,'image/png','2023-05-31 14:22:01',NULL,0,NULL,0,531,'847e49dcd3a552e7930038d12aee95d85a5ec114',0,'35b10894-d9d62df8-6477580c796596.31289020','2023-05-31 14:22:01'),(115,3,0,'Documento do Chamado 531','image.png_3.png','PNG/0e/018376790186b5d76cc4f7bb0609974cdfd5e7.PNG',0,'image/png','2023-05-31 14:22:01',NULL,0,NULL,0,531,'0e018376790186b5d76cc4f7bb0609974cdfd5e7',0,'35b10894-d9d62df8-6477580c799db5.60922773','2023-05-31 14:22:01'),(116,3,0,'Documento do Chamado 534','whatsapp-image-2023-06-01-at-13.01.56.jpeg','JPEG/5a/9326ab535486e4ada8966c84554f1124277830.JPEG',0,'image/jpeg','2023-06-02 18:57:01',NULL,0,NULL,0,534,'5a9326ab535486e4ada8966c84554f1124277830',0,'35b10894-d9d62df8-647a3b7fd00442.20740981','2023-06-02 18:57:01'),(117,3,0,'Documento do Chamado 534','whatsapp-image-2023-06-01-at-13.01.51.jpeg','JPEG/79/d7e0fc0668ece5c9693f8b88e0e565c63cf187.JPEG',0,'image/jpeg','2023-06-02 18:57:01',NULL,0,NULL,0,534,'79d7e0fc0668ece5c9693f8b88e0e565c63cf187',0,'35b10894-d9d62df8-647a3b7fd06748.03306611','2023-06-02 18:57:01'),(118,3,0,'Documento do Chamado 535','whatsapp-image-2023-06-02-at-15.48.23.jpeg','JPEG/ed/dcc3fc1a568cb75a00a65ecd000a4c59168db6.JPEG',0,'image/jpeg','2023-06-02 19:01:01',NULL,0,NULL,0,535,'eddcc3fc1a568cb75a00a65ecd000a4c59168db6',0,'35b10894-d9d62df8-647a3c6fa109f5.39026262','2023-06-02 19:01:01'),(119,3,0,'Documento do Chamado 537','image.png','PNG/8c/900f621058809c43a219d8527369c3a18a1450.PNG',0,'image/png','2023-06-15 18:21:01',NULL,0,NULL,0,537,'8c900f621058809c43a219d8527369c3a18a1450',0,'35b10894-d9d62df8-648b56900d8fc1.23791922','2023-06-15 18:21:01'),(120,3,0,'6491d4de4c4913.94121022image_paste2400555.png','6491d4de4c4913.94121022image_paste2400555.png','PNG/a1/4afacef85ecd7874bd4b96cedbae6f70c45905.PNG',0,'image/png','2023-06-20 16:33:41',NULL,0,NULL,6,0,'a14afacef85ecd7874bd4b96cedbae6f70c45905',0,'35b10894-d9d62df8-6491d4de5431f1.33810857','2023-06-20 16:33:41');

--
-- Table structure for table `glpi_documents_items`
--

CREATE TABLE `glpi_documents_items` (
  `id` int(11) NOT NULL AUTO_INCREMENT,
  `documents_id` int(11) NOT NULL DEFAULT '0',
  `items_id` int(11) NOT NULL DEFAULT '0',
  `itemtype` varchar(100) COLLATE utf8_unicode_ci NOT NULL,
  `entities_id` int(11) NOT NULL DEFAULT '0',
  `is_recursive` tinyint(1) NOT NULL DEFAULT '0',
  `date_mod` timestamp NULL DEFAULT NULL,
  `users_id` int(11) DEFAULT '0',
  `timeline_position` tinyint(1) NOT NULL DEFAULT '0',
  `date_creation` timestamp NULL DEFAULT NULL,
  `date` timestamp NULL DEFAULT NULL,
  PRIMARY KEY (`id`),
  UNIQUE KEY `unicity` (`documents_id`,`itemtype`,`items_id`,`timeline_position`),
  KEY `item` (`itemtype`,`items_id`,`entities_id`,`is_recursive`),
  KEY `users_id` (`users_id`),
  KEY `date_creation` (`date_creation`),
  KEY `date` (`date`)
) ENGINE=InnoDB AUTO_INCREMENT=160 DEFAULT CHARSET=utf8 COLLATE=utf8_unicode_ci;

--
-- Dumping data for table `glpi_documents_items`
--

INSERT INTO `glpi_documents_items` VALUES (1,1,7,'Ticket',0,1,'2021-09-27 19:32:52',6,-1,'2021-09-27 19:32:52','2021-09-27 19:32:52'),(2,2,6,'ITILSolution',0,1,'2021-09-27 19:52:48',6,-1,'2021-09-27 19:52:48','2021-09-27 19:52:48'),(3,3,8,'Ticket',0,1,'2021-09-28 12:10:05',6,-1,'2021-09-28 12:10:05','2021-09-28 12:10:05'),(4,4,16,'Ticket',0,1,'2021-10-04 12:16:43',21,-1,'2021-10-04 12:16:43','2021-10-04 12:16:43'),(5,5,50,'ITILSolution',0,1,'2021-10-18 17:44:49',6,-1,'2021-10-18 17:44:49','2021-10-18 17:44:49'),(6,6,63,'Ticket',0,1,'2021-10-19 01:17:05',6,-1,'2021-10-19 01:17:05','2021-10-19 01:17:05'),(7,4,71,'Ticket',0,1,'2021-10-20 16:57:52',16,-1,'2021-10-20 16:57:52','2021-10-20 16:57:52'),(8,7,76,'Ticket',0,1,'2021-10-22 17:25:08',20,-1,'2021-10-22 17:25:08','2021-10-22 17:25:08'),(9,8,84,'Ticket',0,1,'2021-11-03 10:24:42',7,-1,'2021-11-03 10:24:42','2021-11-03 10:24:42'),(10,9,41,'TicketTask',0,1,'2021-11-03 13:00:12',7,-1,'2021-11-03 13:00:12','2021-11-03 13:00:12'),(11,10,42,'TicketTask',0,1,'2021-11-03 13:01:23',7,-1,'2021-11-03 13:01:23','2021-11-03 13:01:23'),(12,11,87,'Ticket',0,1,'2021-11-09 02:08:08',57,-1,'2021-11-09 02:08:08','2021-11-09 02:08:08'),(13,12,76,'ITILSolution',0,1,'2021-11-09 10:27:55',7,-1,'2021-11-09 10:27:55','2021-11-09 10:27:55'),(14,13,99,'Ticket',0,1,'2021-11-10 11:48:18',6,-1,'2021-11-10 11:48:18','2021-11-10 11:48:18'),(15,14,103,'Ticket',0,1,'2021-11-11 10:10:01',7,1,'2021-11-11 10:10:01','2021-11-11 10:10:01'),(16,15,91,'ITILSolution',0,1,'2021-11-11 10:47:38',7,-1,'2021-11-11 10:47:38','2021-11-11 10:47:38'),(17,16,53,'TicketTask',0,1,'2021-11-17 15:27:01',6,-1,'2021-11-17 15:27:01','2021-11-17 15:27:01'),(18,17,106,'ITILSolution',0,1,'2021-11-18 12:56:54',7,-1,'2021-11-18 12:56:54','2021-11-18 12:56:54'),(19,18,110,'ITILSolution',0,1,'2021-11-24 13:27:51',7,-1,'2021-11-24 13:27:51','2021-11-24 13:27:51'),(20,19,111,'ITILSolution',0,1,'2021-11-26 16:56:36',6,-1,'2021-11-26 16:56:36','2021-11-26 16:56:36'),(21,20,136,'Ticket',0,1,'2021-12-23 12:03:37',7,-1,'2021-12-23 12:03:37','2021-12-23 12:03:37'),(22,21,154,'Ticket',0,0,'2022-02-02 11:44:40',76,4,'2022-02-02 11:44:40','2022-02-02 11:44:40'),(23,22,155,'Ticket',0,1,'2022-02-02 17:29:16',6,-1,'2022-02-02 17:29:16','2022-02-02 17:29:16'),(24,23,156,'Ticket',0,1,'2022-02-02 19:13:27',43,1,'2022-02-02 19:13:27','2022-02-02 19:13:27'),(25,4,158,'Ticket',0,1,'2022-02-09 19:42:02',21,-1,'2022-02-09 19:42:02','2022-02-09 19:42:02'),(26,24,159,'Ticket',0,1,'2022-02-10 16:01:02',6,-1,'2022-02-10 16:01:02','2022-02-10 16:01:02'),(27,25,176,'Ticket',0,0,'2022-02-23 19:12:55',6,1,'2022-02-23 19:12:55','2022-02-23 19:12:55'),(28,26,114,'ITILFollowup',0,1,'2022-02-23 22:28:45',6,-1,'2022-02-23 22:28:45','2022-02-23 22:28:45'),(29,27,115,'ITILFollowup',0,1,'2022-02-24 15:39:42',6,-1,'2022-02-24 15:39:42','2022-02-24 15:39:42'),(30,4,179,'Ticket',0,1,'2022-03-03 22:50:32',16,-1,'2022-03-03 22:50:32','2022-03-03 22:50:32'),(31,28,185,'Ticket',0,1,'2022-03-08 22:34:31',6,1,'2022-03-08 22:34:31','2022-03-08 22:34:31'),(32,29,191,'Ticket',0,0,'2022-03-21 13:14:11',21,-1,'2022-03-21 13:14:11','2022-03-21 13:14:11'),(33,4,191,'Ticket',0,1,'2022-03-21 13:14:11',21,-1,'2022-03-21 13:14:11','2022-03-21 13:14:11'),(34,30,203,'Ticket',0,0,'2022-03-29 15:59:36',6,1,'2022-03-29 15:59:36','2022-03-29 15:59:36'),(35,31,203,'Ticket',0,0,'2022-03-29 15:59:36',6,1,'2022-03-29 15:59:36','2022-03-29 15:59:36'),(36,32,203,'Ticket',0,0,'2022-03-29 15:59:36',6,1,'2022-03-29 15:59:36','2022-03-29 15:59:36'),(37,33,203,'Ticket',0,0,'2022-03-29 15:59:36',6,1,'2022-03-29 15:59:36','2022-03-29 15:59:36'),(38,4,207,'Ticket',0,1,'2022-04-04 16:39:49',16,-1,'2022-04-04 16:39:49','2022-04-04 16:39:49'),(39,34,82,'TicketTask',0,0,'2022-04-11 13:33:38',7,-1,'2022-04-11 13:33:38','2022-04-11 13:33:38'),(40,35,216,'Ticket',0,0,'2022-04-19 19:57:15',6,4,'2022-04-19 19:57:15',NULL),(41,36,218,'Ticket',0,0,'2022-04-27 17:19:07',6,4,'2022-04-27 17:19:07','2022-04-27 17:19:07'),(42,37,227,'Ticket',0,0,'2022-05-12 10:58:11',6,1,'2022-05-12 10:58:11','2022-05-12 10:58:11'),(43,38,227,'Ticket',0,0,'2022-05-12 10:58:11',6,-1,'2022-05-12 10:58:11','2022-05-12 10:58:11'),(44,39,208,'ITILSolution',0,0,'2022-05-12 19:03:00',6,-1,'2022-05-12 19:03:00','2022-05-12 19:03:00'),(45,40,238,'Ticket',3,0,'2022-05-18 16:54:34',16,-1,'2022-05-18 16:54:34','2022-05-18 16:54:34'),(46,41,217,'ITILSolution',3,0,'2022-05-18 21:55:56',6,-1,'2022-05-18 21:55:56','2022-05-18 21:55:56'),(47,40,241,'Ticket',3,0,'2022-05-20 15:30:26',21,-1,'2022-05-20 15:30:26','2022-05-20 15:30:26'),(48,42,251,'Ticket',3,0,'2022-05-25 23:22:07',6,1,'2022-05-25 23:22:07','2022-05-25 23:22:07'),(49,43,251,'Ticket',3,0,'2022-05-25 23:22:07',6,1,'2022-05-25 23:22:07','2022-05-25 23:22:07'),(50,44,256,'Ticket',3,0,'2022-05-27 17:50:51',6,-1,'2022-05-27 17:50:51','2022-05-27 17:50:51'),(51,45,259,'Ticket',3,0,'2022-05-27 23:09:01',21,-1,'2022-05-27 23:09:01','2022-05-27 23:09:01'),(52,40,259,'Ticket',3,0,'2022-05-27 23:09:01',21,-1,'2022-05-27 23:09:01','2022-05-27 23:09:01'),(53,46,260,'Ticket',3,0,'2022-05-28 00:31:41',6,-1,'2022-05-28 00:31:41','2022-05-28 00:31:41'),(54,47,95,'TicketTask',3,0,'2022-05-28 00:38:15',6,0,'2022-05-28 00:38:15','2022-05-28 00:38:15'),(55,48,96,'TicketTask',3,0,'2022-05-28 00:40:05',6,0,'2022-05-28 00:40:05','2022-05-28 00:40:05'),(56,49,96,'TicketTask',3,0,'2022-05-28 00:40:05',6,0,'2022-05-28 00:40:05','2022-05-28 00:40:05'),(57,50,96,'TicketTask',3,0,'2022-05-28 00:40:05',6,0,'2022-05-28 00:40:05','2022-05-28 00:40:05'),(58,51,96,'TicketTask',3,0,'2022-05-28 00:40:05',6,0,'2022-05-28 00:40:05','2022-05-28 00:40:05'),(59,45,261,'Ticket',3,0,'2022-05-27 23:09:01',21,-1,'2022-05-27 23:09:01','2022-05-27 23:09:01'),(60,40,261,'Ticket',3,0,'2022-05-27 23:09:01',21,-1,'2022-05-27 23:09:01','2022-05-27 23:09:01'),(61,40,264,'Ticket',3,0,'2022-05-30 23:25:01',16,-1,'2022-05-30 23:25:01','2022-05-30 23:25:01'),(62,40,275,'Ticket',3,0,'2022-06-09 16:47:02',16,-1,'2022-06-09 16:47:02','2022-06-09 16:47:02'),(63,52,251,'ITILSolution',3,0,'2022-06-10 12:55:21',7,-1,'2022-06-10 12:55:21','2022-06-10 12:55:21'),(64,40,277,'Ticket',3,0,'2022-06-13 16:12:02',16,-1,'2022-06-13 16:12:02','2022-06-13 16:12:02'),(65,40,279,'Ticket',3,0,'2022-06-13 19:13:02',16,-1,'2022-06-13 19:13:02','2022-06-13 19:13:02'),(66,40,282,'Ticket',3,0,'2022-06-15 17:03:01',16,-1,'2022-06-15 17:03:01','2022-06-15 17:03:01'),(67,40,283,'Ticket',3,0,'2022-06-20 16:14:01',16,-1,'2022-06-20 16:14:01','2022-06-20 16:14:01'),(68,40,289,'Ticket',3,0,'2022-06-22 11:41:02',21,-1,'2022-06-22 11:41:02','2022-06-22 11:41:02'),(69,53,292,'Ticket',3,0,'2022-06-23 16:10:57',7,-1,'2022-06-23 16:10:57','2022-06-23 16:10:57'),(70,54,174,'ITILFollowup',3,0,'2022-06-23 21:47:09',6,-1,'2022-06-23 21:47:09','2022-06-23 21:47:09'),(71,55,177,'ITILFollowup',3,0,'2022-06-23 23:42:47',6,-1,'2022-06-23 23:42:47','2022-06-23 23:42:47'),(72,56,177,'ITILFollowup',3,0,'2022-06-23 23:42:47',6,-1,'2022-06-23 23:42:47','2022-06-23 23:42:47'),(73,57,298,'Ticket',3,0,'2022-06-29 17:44:02',75,-1,'2022-06-29 17:44:02','2022-06-29 17:44:02'),(74,58,180,'ITILFollowup',3,0,'2022-06-29 17:56:40',6,-1,'2022-06-29 17:56:40','2022-06-29 17:56:40'),(75,40,299,'Ticket',3,0,'2022-06-29 20:16:02',16,-1,'2022-06-29 20:16:02','2022-06-29 20:16:02'),(76,57,307,'Ticket',3,0,'2022-07-07 18:07:01',75,-1,'2022-07-07 18:07:01','2022-07-07 18:07:01'),(77,59,313,'Ticket',3,0,'2022-07-19 18:54:18',6,4,'2022-07-19 18:54:18',NULL),(78,60,190,'ITILFollowup',3,0,'2022-07-21 17:58:02',6,-1,'2022-07-21 17:58:02','2022-07-21 17:58:02'),(79,61,191,'ITILFollowup',3,0,'2022-07-25 11:15:09',6,-1,'2022-07-25 11:15:09','2022-07-25 11:15:09'),(80,62,116,'TicketTask',3,0,'2022-08-04 17:55:50',7,-1,'2022-08-04 17:55:50','2022-08-04 17:55:50'),(81,63,338,'Ticket',3,0,'2022-08-10 20:42:18',6,-1,'2022-08-10 20:42:18','2022-08-10 20:42:18'),(82,64,336,'Ticket',3,0,'2022-08-10 23:20:27',6,4,'2022-08-10 23:20:27',NULL),(83,40,342,'Ticket',3,0,'2022-08-22 17:25:02',16,-1,'2022-08-22 17:25:02','2022-08-22 17:25:02'),(84,40,344,'Ticket',3,0,'2022-08-24 13:28:02',21,-1,'2022-08-24 13:28:02','2022-08-24 13:28:02'),(85,40,345,'Ticket',3,0,'2022-08-25 14:59:01',16,-1,'2022-08-25 14:59:01','2022-08-25 14:59:01'),(86,40,346,'Ticket',3,0,'2022-08-25 20:05:01',21,-1,'2022-08-25 20:05:01','2022-08-25 20:05:01'),(87,65,352,'Ticket',3,0,'2022-08-31 10:33:10',7,1,'2022-08-31 10:33:10','2022-08-31 10:33:10'),(88,66,121,'TicketTask',3,0,'2022-08-31 10:34:56',7,-1,'2022-08-31 10:34:56','2022-08-31 10:34:56'),(89,67,122,'TicketTask',3,0,'2022-08-31 10:36:44',7,-1,'2022-08-31 10:36:44','2022-08-31 10:36:44'),(90,68,122,'TicketTask',3,0,'2022-08-31 10:36:44',7,-1,'2022-08-31 10:36:44','2022-08-31 10:36:44'),(91,69,337,'Ticket',3,0,'2022-08-31 18:54:52',6,4,'2022-08-31 18:54:52',NULL),(92,70,332,'ITILSolution',3,0,'2022-09-22 11:45:33',7,-1,'2022-09-22 11:45:33','2022-09-22 11:45:33'),(93,71,364,'Ticket',3,0,'2022-09-23 20:31:01',22,-1,'2022-09-23 20:31:01','2022-09-23 20:31:01'),(94,72,364,'Ticket',3,0,'2022-09-23 20:31:01',22,-1,'2022-09-23 20:31:01','2022-09-23 20:31:01'),(95,73,364,'Ticket',3,0,'2022-09-23 20:31:01',22,-1,'2022-09-23 20:31:01','2022-09-23 20:31:01'),(96,74,364,'Ticket',3,0,'2022-09-23 20:31:01',22,-1,'2022-09-23 20:31:01','2022-09-23 20:31:01'),(97,57,367,'Ticket',3,0,'2022-09-27 18:22:01',75,-1,'2022-09-27 18:22:01','2022-09-27 18:22:01'),(98,75,2,'KnowbaseItem',0,0,'2022-09-27 18:28:52',6,0,'2022-09-27 18:28:52','2022-09-27 18:28:52'),(99,76,2,'KnowbaseItem',0,0,'2022-09-27 18:28:52',6,0,'2022-09-27 18:28:52','2022-09-27 18:28:52'),(103,75,2,'KnowbaseItem',0,0,'2022-09-27 18:35:36',6,-1,'2022-09-27 18:35:36','2022-09-27 18:35:36'),(104,77,2,'KnowbaseItem',0,0,'2022-09-27 18:35:36',6,-1,'2022-09-27 18:35:36','2022-09-27 18:35:36'),(105,78,2,'KnowbaseItem',0,0,'2022-09-27 18:35:36',6,-1,'2022-09-27 18:35:36','2022-09-27 18:35:36'),(106,79,341,'ITILSolution',3,0,'2022-10-05 18:03:22',6,-1,'2022-10-05 18:03:22','2022-10-05 18:03:22'),(107,40,373,'Ticket',3,0,'2022-10-10 14:39:02',21,-1,'2022-10-10 14:39:02','2022-10-10 14:39:02'),(108,40,376,'Ticket',3,0,'2022-10-17 13:01:01',21,-1,'2022-10-17 13:01:01','2022-10-17 13:01:01'),(109,80,375,'Ticket',3,0,'2022-10-17 17:41:37',6,4,'2022-10-17 17:41:37',NULL),(110,81,355,'ITILSolution',3,0,'2022-10-24 22:51:00',6,-1,'2022-10-24 22:51:00','2022-10-24 22:51:00'),(111,40,395,'Ticket',3,0,'2022-11-07 13:55:02',16,-1,'2022-11-07 13:55:02','2022-11-07 13:55:02'),(112,40,408,'Ticket',3,0,'2022-11-30 12:36:01',16,-1,'2022-11-30 12:36:01','2022-11-30 12:36:01'),(113,82,416,'Ticket',3,0,'2022-12-06 16:59:51',6,1,'2022-12-06 16:59:51','2022-12-06 16:59:51'),(114,83,140,'TicketTask',3,0,'2023-01-04 14:35:10',7,0,'2023-01-04 14:35:10','2023-01-04 14:35:10'),(115,84,426,'Ticket',3,0,'2023-01-10 17:15:15',6,1,'2023-01-10 17:15:15',NULL),(116,40,429,'Ticket',3,0,'2023-01-13 13:21:02',21,-1,'2023-01-13 13:21:02','2023-01-13 13:21:02'),(117,40,435,'Ticket',3,0,'2023-02-06 17:07:52',21,-1,'2023-02-06 17:07:52','2023-02-06 17:07:52'),(118,85,415,'ITILSolution',3,0,'2023-02-15 12:25:17',6,-1,'2023-02-15 12:25:17','2023-02-15 12:25:17'),(119,86,453,'Ticket',3,0,'2023-02-17 14:25:26',6,-1,'2023-02-17 14:25:26','2023-02-17 14:25:26'),(120,87,239,'ITILFollowup',3,0,'2023-02-17 19:13:02',43,0,'2023-02-17 19:13:02','2023-02-17 19:13:02'),(121,88,469,'Ticket',3,0,'2023-03-08 14:54:56',6,4,'2023-03-08 14:54:56',NULL),(122,89,477,'Ticket',3,0,'2023-03-16 12:49:23',6,-1,'2023-03-16 12:49:23','2023-03-16 12:49:23'),(123,40,483,'Ticket',3,0,'2023-03-29 16:21:01',7,-1,'2023-03-29 16:21:01','2023-03-29 16:21:01'),(124,90,483,'Ticket',3,0,'2023-03-29 16:21:01',7,1,'2023-03-29 16:21:01','2023-03-29 16:21:01'),(125,91,495,'Ticket',3,0,'2023-04-14 19:17:01',7,-1,'2023-04-14 19:17:01','2023-04-14 19:17:01'),(126,92,261,'ITILFollowup',3,0,'2023-04-18 19:20:06',89,0,'2023-04-18 19:20:06','2023-04-18 19:20:06'),(127,93,500,'Ticket',3,0,'2023-04-19 19:58:27',6,1,'2023-04-19 19:58:27',NULL),(128,94,501,'Ticket',3,0,'2023-04-24 18:56:08',6,-1,'2023-04-24 18:56:08','2023-04-24 18:56:08'),(129,95,502,'Ticket',3,0,'2023-04-25 18:43:01',31,-1,'2023-04-25 18:43:01','2023-04-25 18:43:01'),(130,96,150,'TicketTask',3,0,'2023-04-25 19:28:52',7,0,'2023-04-25 19:28:52','2023-04-25 19:28:52'),(131,97,271,'ITILFollowup',3,0,'2023-05-04 20:05:10',6,-1,'2023-05-04 20:05:10','2023-05-04 20:05:10'),(132,98,273,'ITILFollowup',3,0,'2023-05-09 14:09:35',6,-1,'2023-05-09 14:09:35','2023-05-09 14:09:35'),(133,99,480,'ITILSolution',3,0,'2023-05-11 17:02:30',6,-1,'2023-05-11 17:02:30','2023-05-11 17:02:30'),(134,100,513,'Ticket',3,0,'2023-05-15 23:06:01',83,1,'2023-05-15 23:06:01','2023-05-15 23:06:01'),(135,101,517,'Ticket',3,0,'2023-05-19 11:23:58',6,-1,'2023-05-19 11:23:58','2023-05-19 11:23:58'),(136,102,519,'Ticket',3,0,'2023-05-22 19:41:01',16,-1,'2023-05-22 19:41:01','2023-05-22 19:41:01'),(137,103,519,'Ticket',3,0,'2023-05-22 19:41:01',16,-1,'2023-05-22 19:41:01','2023-05-22 19:41:01'),(138,40,519,'Ticket',3,0,'2023-05-22 19:41:01',16,-1,'2023-05-22 19:41:01','2023-05-22 19:41:01'),(139,104,521,'Ticket',3,0,'2023-05-23 18:17:38',6,4,'2023-05-23 18:17:38',NULL),(140,105,521,'Ticket',3,0,'2023-05-23 18:18:40',6,4,'2023-05-23 18:18:40',NULL),(141,106,526,'Ticket',3,0,'2023-05-29 13:04:02',18,-1,'2023-05-29 13:04:02','2023-05-29 13:04:02'),(142,107,526,'Ticket',3,0,'2023-05-29 13:04:02',18,1,'2023-05-29 13:04:02','2023-05-29 13:04:02'),(143,108,526,'Ticket',3,0,'2023-05-29 13:04:02',18,1,'2023-05-29 13:04:02','2023-05-29 13:04:02'),(144,109,526,'Ticket',3,0,'2023-05-29 13:04:02',18,1,'2023-05-29 13:04:02','2023-05-29 13:04:02'),(145,110,526,'Ticket',3,0,'2023-05-29 13:04:02',18,1,'2023-05-29 13:04:02','2023-05-29 13:04:02'),(146,111,526,'Ticket',3,0,'2023-05-29 13:04:02',18,1,'2023-05-29 13:04:02','2023-05-29 13:04:02'),(147,112,526,'Ticket',3,0,'2023-05-29 13:04:02',18,1,'2023-05-29 13:04:02','2023-05-29 13:04:02'),(148,113,531,'Ticket',3,0,'2023-05-31 14:22:01',16,-1,'2023-05-31 14:22:01','2023-05-31 14:22:01'),(149,114,531,'Ticket',3,0,'2023-05-31 14:22:01',16,-1,'2023-05-31 14:22:01','2023-05-31 14:22:01'),(150,115,531,'Ticket',3,0,'2023-05-31 14:22:01',16,-1,'2023-05-31 14:22:01','2023-05-31 14:22:01'),(151,40,531,'Ticket',3,0,'2023-05-31 14:22:01',16,-1,'2023-05-31 14:22:01','2023-05-31 14:22:01'),(152,116,534,'Ticket',3,0,'2023-06-02 18:57:01',24,-1,'2023-06-02 18:57:01','2023-06-02 18:57:01'),(153,117,534,'Ticket',3,0,'2023-06-02 18:57:01',24,-1,'2023-06-02 18:57:01','2023-06-02 18:57:01'),(154,118,535,'Ticket',3,0,'2023-06-02 19:01:01',24,-1,'2023-06-02 19:01:01','2023-06-02 19:01:01'),(155,119,537,'Ticket',3,0,'2023-06-15 18:21:01',90,-1,'2023-06-15 18:21:01','2023-06-15 18:21:01'),(156,40,538,'Ticket',3,0,'2023-06-16 16:43:01',21,-1,'2023-06-16 16:43:01','2023-06-16 16:43:01'),(157,120,281,'ITILFollowup',3,0,'2023-06-20 16:33:41',6,-1,'2023-06-20 16:33:41','2023-06-20 16:33:41'),(158,40,544,'Ticket',3,0,'2023-06-22 18:00:01',21,-1,'2023-06-22 18:00:01','2023-06-22 18:00:01'),(159,40,549,'Ticket',3,0,'2023-07-05 18:01:01',21,-1,'2023-07-05 18:01:01','2023-07-05 18:01:01');

--
